000
CXUS51 KPBZ 010730
CF6PHD
PRELIMINARY LOCAL CLIMATOLOGICAL DATA (WS FORM: F-6)
STATION: NEW PHILADELPHIA OH
MONTH: JULY
YEAR: 2022
LATITUDE: 40 28 N
LONGITUDE: 81 25 W
TEMPERATURE IN F: :PCPN: SNOW: WIND :SUNSHINE: SKY :PK WND
================================================================================
1 2 3 4 5 6A 6B 7 8 9 10 11 12 13 14 15 16 17 18
12Z AVG MX 2MIN
DY MAX MIN AVG DEP HDD CDD WTR SNW DPTH SPD SPD DIR MIN PSBL S-S WX SPD DR
================================================================================
1 91 66 79 7 0 14 0.00 M M 5.0 17 180 M M 2 3 25 170
2 86 68 77 4 0 12 0.01 M M 4.0 14 350 M M 3 1 19 310
3 87 63 75 2 0 10 0.00 M M 2.6 10 40 M M 1 14 240
4 87 59 73 0 0 8 0.00 M M 3.6 10 170 M M 0 15 140
5 85 70 78 5 0 13 0.19 M M 4.3 12 220 M M 5 13 19 250
6 83 70 77 4 0 12 0.24 M M 3.7 14 10 M M 6 13 19 20
7 85 66 76 3 0 11 0.00 M M 3.5 7 360 M M 2 M M
8 77 65 71 -2 0 6 0.02 M M 0.9 7 130 M M 4 1 11 90
9 87 64 76 3 0 11 0.00 M M 4.6 14 40 M M 1 1 21 10
10 87 59 73 0 0 8 0.00 M M 1.0 8 170 M M 2 10 170
11 86 60 73 0 0 8 0.00 M M 5.2 15 210 M M 1 23 180
12 90 66 78 5 0 13 0.00 M M 6.6 17 300 M M 3 25 270
13 85 60 73 0 0 8 0.20 M M 2.9 21 330 M M 4 12 30 330
14 82 61 72 -1 0 7 0.00 M M 2.4 8 350 M M 7 128 18 20
15 83 55 69 -4 0 4 T M M 1.3 10 110 M M 0 13 90
16 77 63 70 -3 0 5 0.33 M M 3.6 10 80 M M 9 13 15 220
17 74 68 71 -2 0 6 0.65 M M 5.6 15 130 M M 8 138 20 220
18 81 69 75 2 0 10 0.04 M M 5.0 15 190 M M 6 1 25 190
19 88 65 77 4 0 12 0.00 M M 2.8 10 240 M M 3 12 14 260
20 89 68 79 6 0 14 1.53 M M 7.8 25 310 M M 2 13 32 290
21 87 68 78 5 0 13 0.00 M M 4.7 14 260 M M 3 12 23 260
22 89 66 78 5 0 13 0.00 M M 4.1 12 270 M M 1 1 17 270
23 85 64 75 2 0 10 0.23 M M 4.0 23 290 M M 1 13 36 310
24 90 69 80 7 0 15 0.01 M M 5.8 15 230 M M 2 3 23 230
25 82 64 73 0 0 8 0.87 M M 6.4 14 330 M M 4 13 20 250
26 82 60 71 -2 0 6 T M M 1.8 7 200 M M 5 1 10 200
27 81 69 75 2 0 10 0.01 M M 3.9 13 200 M M 9 1 18 210
28 86 69 78 5 0 13 0.02 M M 3.9 14 300 M M 5 1 18 270
29 81 62 72 -1 0 7 0.00 M M 1.8 12 330 M M 5 16 340
30 83 58 71 -2 0 6 0.00 M M 1.8 9 290 M M 3 12 11 290
31 81 61 71 -2 0 6 0.00 M M 2.2 14 130 M M 1 1 18 120
================================================================================
SM 2617 1995 0 299 4.35 M 116.8 M 108
================================================================================
AV 84.4 64.4 3.8 FASTST M M 3 MAX(MPH)
MISC ----> 25 310 36 310
================================================================================
NOTES:
# LAST OF SEVERAL OCCURRENCES
COLUMN 17 PEAK WIND IN M.P.H.
PRELIMINARY LOCAL CLIMATOLOGICAL DATA (WS FORM: F-6) , PAGE 2
STATION: NEW PHILADELPHIA OH
MONTH: JULY
YEAR: 2022
LATITUDE: 40 28 N
LONGITUDE: 81 25 W
[TEMPERATURE DATA] [PRECIPITATION DATA] SYMBOLS USED IN COLUMN 16
AVERAGE MONTHLY: 74.4 TOTAL FOR MONTH: 4.35 1 = FOG OR MIST
DPTR FM NORMAL: 1.3 DPTR FM NORMAL: 0.61 2 = FOG REDUCING VISIBILITY
HIGHEST: 91 ON 1 GRTST 24HR 1.53 ON 20-20 TO 1/4 MILE OR LESS
LOWEST: 55 ON 15 3 = THUNDER
SNOW, ICE PELLETS, HAIL 4 = ICE PELLETS
TOTAL MONTH: M 5 = HAIL
GRTST 24HR M ON M 6 = FREEZING RAIN OR DRIZZLE
GRTST DEPTH: M ON M 7 = DUSTSTORM OR SANDSTORM:
VSBY 1/2 MILE OR LESS
8 = SMOKE OR HAZE
[NO. OF DAYS WITH] [WEATHER - DAYS WITH] 9 = BLOWING SNOW
X = TORNADO
MAX 32 OR BELOW: 0 0.01 INCH OR MORE: 14
MAX 90 OR ABOVE: 3 0.10 INCH OR MORE: 8
MIN 32 OR BELOW: 0 0.50 INCH OR MORE: 3
MIN 0 OR BELOW: 0 1.00 INCH OR MORE: 1
[HDD (BASE 65) ]
TOTAL THIS MO. 0 CLEAR (SCALE 0-3) 16
DPTR FM NORMAL -3 PTCLDY (SCALE 4-7) 13
TOTAL FM JUL 1 0 CLOUDY (SCALE 8-10) 2
DPTR FM NORMAL 0
[CDD (BASE 65) ]
TOTAL THIS MO. 299
DPTR FM NORMAL 43 [PRESSURE DATA]
TOTAL FM JAN 1 585 HIGHEST SLP M ON M
DPTR FM NORMAL 104 LOWEST SLP 29.61 ON 20
[REMARKS]
#FINAL-07-22#