000
CXUS51 KAKQ 011158
CF6PHF
PRELIMINARY LOCAL CLIMATOLOGICAL DATA (WS FORM: F-6)
STATION: NEWPORT NEWS
MONTH: JULY
YEAR: 2022
LATITUDE: 37 7 N
LONGITUDE: 76 30 W
TEMPERATURE IN F: :PCPN: SNOW: WIND :SUNSHINE: SKY :PK WND
================================================================================
1 2 3 4 5 6A 6B 7 8 9 10 11 12 13 14 15 16 17 18
12Z AVG MX 2MIN
DY MAX MIN AVG DEP HDD CDD WTR SNW DPTH SPD SPD DIR MIN PSBL S-S WX SPD DR
================================================================================
1 90 72 81 3 0 16 0.00 M M 9.4 14 210 M M 0 M M
2 90 73 82 4 0 17 0.00 M M 12.5 17 190 M M 1 24 190
3 88 67 78 0 0 13 0.94 M M 5.6 14 40 M M 2 13 M M
4 86 63 75 -4 0 10 0.00 M M 4.2 12 80 M M 0 1 M M
5 81 65 73 -6 0 8 0.00 M M 2.6 10 190 M M 3 1 M M
6 93 74 84 5 0 19 0.00 M M 6.0 10 260 M M 1 M M
7 87 75 81 2 0 16 0.01 M M 6.9 12 70 M M 4 M M
8 85 72 79 0 0 14 0.00 M M 6.0 10 100 M M 6 M M
9 84 68 76 -3 0 11 0.70 M M 7.5 15 60 M M 10 13 23 50
10 71 65 68 -11 0 3 0.36 M M 7.2 13 60 M M 10 1 23 60
11 79 67 73 -6 0 8 0.00 M M 5.6 9 80 M M 9 M M
12 89 64 77 -2 0 12 0.00 M M 9.3 16 220 M M 1 24 230
13 88 74 81 1 0 16 T M M 6.8 10 250 M M 2 M M
14 88 72 80 0 0 15 0.00 M M 4.9 10 250 M M 1 M M
15 86 66 76 -4 0 11 0.70 M M 3.6 20 320 M M 2 13 37 20
16 87 63 75 -5 0 10 0.23 M M 4.0 20 280 M M 3 13 25 280
17 90 69 80 0 0 15 0.00 M M 8.1 14 210 M M 1 M M
18 90 75 83 3 0 18 0.00 M M 11.3 15 220 M M 1 22 200
19 90 73 82 2 0 17 2.01 M M 8.9 27 270 M M 5 1238 36 270
20 92 72 82 2 0 17 0.00 M M 7.6 15 210 M M 1 20 210
21 90 73 82 2 0 17 0.14 M M 13.0 25 270 M M 3 13 32 280
22 91 73 82 2 0 17 0.00 M M 6.4 12 250 M M 1 15 250
23 92 74 83 3 0 18 0.00 M M 5.7 13 220 M M 1 15 220
24 94 74 84 4 0 19 0.23 M M 9.6 25 240 M M 1 13 31 230
25 92 75 84 5 0 19 T M M 14.6 21 220 M M 1 28 230
26 88 75 82 3 0 17 1.04 M M 10.7 20 220 M M 3 123 28 220
27 90 74 82 3 0 17 0.00 M M 8.5 18 230 M M 4 23 230
28 93 75 84 5 0 19 T M M 10.3 15 240 M M 1 21 230
29 93 75 84 5 0 19 0.51 M M 7.2 16 230 M M 3 13 23 230
30 86 68 77 -2 0 12 0.00 M M 4.5 10 50 M M 3 M M
31 84 66 75 -4 0 10 0.09 M M 3.8 10 140 M M 5 M M
================================================================================
SM 2727 2191 0 450 6.96 M 232.4 M 89
================================================================================
AV 88.0 70.7 7.5 FASTST M M 3 MAX(MPH)
MISC ----> 27 270 37 20
================================================================================
NOTES:
# LAST OF SEVERAL OCCURRENCES
COLUMN 17 PEAK WIND IN M.P.H.
PRELIMINARY LOCAL CLIMATOLOGICAL DATA (WS FORM: F-6) , PAGE 2
STATION: NEWPORT NEWS
MONTH: JULY
YEAR: 2022
LATITUDE: 37 7 N
LONGITUDE: 76 30 W
[TEMPERATURE DATA] [PRECIPITATION DATA] SYMBOLS USED IN COLUMN 16
AVERAGE MONTHLY: 79.3 TOTAL FOR MONTH: 6.96 1 = FOG OR MIST
DPTR FM NORMAL: 0.1 DPTR FM NORMAL: 2.27 2 = FOG REDUCING VISIBILITY
HIGHEST: 94 ON 24 GRTST 24HR 2.01 ON 19-19 TO 1/4 MILE OR LESS
LOWEST: 63 ON 16, 4 3 = THUNDER
SNOW, ICE PELLETS, HAIL 4 = ICE PELLETS
TOTAL MONTH: M 5 = HAIL
GRTST 24HR M ON M 6 = FREEZING RAIN OR DRIZZLE
GRTST DEPTH: M ON M 7 = DUSTSTORM OR SANDSTORM:
VSBY 1/2 MILE OR LESS
8 = SMOKE OR HAZE
[NO. OF DAYS WITH] [WEATHER - DAYS WITH] 9 = BLOWING SNOW
X = TORNADO
MAX 32 OR BELOW: 0 0.01 INCH OR MORE: 12
MAX 90 OR ABOVE: 15 0.10 INCH OR MORE: 10
MIN 32 OR BELOW: 0 0.50 INCH OR MORE: 6
MIN 0 OR BELOW: 0 1.00 INCH OR MORE: 2
[HDD (BASE 65) ]
TOTAL THIS MO. 0 CLEAR (SCALE 0-3) 22
DPTR FM NORMAL 0 PTCLDY (SCALE 4-7) 6
TOTAL FM JUL 1 0 CLOUDY (SCALE 8-10) 3
DPTR FM NORMAL 0
[CDD (BASE 65) ]
TOTAL THIS MO. 450
DPTR FM NORMAL 8 [PRESSURE DATA]
TOTAL FM JAN 1 874 HIGHEST SLP M ON M
DPTR FM NORMAL -31 LOWEST SLP M ON M
[REMARKS]
#FINAL-07-22#