000
CXUS55 KPIH 011414
CF6PIH
PRELIMINARY LOCAL CLIMATOLOGICAL DATA (WS FORM: F-6)
STATION: POCATELLO
MONTH: MARCH
YEAR: 2023
LATITUDE: 42 55 N
LONGITUDE: 112 36 W
TEMPERATURE IN F: :PCPN: SNOW: WIND :SUNSHINE: SKY :PK WND
================================================================================
1 2 3 4 5 6A 6B 7 8 9 10 11 12 13 14 15 16 17 18
12Z AVG MX 2MIN
DY MAX MIN AVG DEP HDD CDD WTR SNW DPTH SPD SPD DIR MIN PSBL S-S WX SPD DR
================================================================================
1 32 22 27 -7 38 0 0.01 0.1 4 12.4 28 180 M M 10 1 39 180
2 30 21 26 -9 39 0 0.00 0.0 4 14.8 22 230 M M 8 27 230
3 30 19 25 -10 40 0 0.01 0.3 3 17.9 32 240 M M 7 1 40 240
4 29 9 19 -16 46 0 0.12 2.2 3 4.3 12 360 M M 6 12 14 350
5 34 19 27 -9 38 0 0.08 1.5 6 9.5 21 180 M M 7 12 28 210
6 30 9 20 -16 45 0 0.00 0.0 6 7.1 21 240 M M 4 1 23 230
7 35 0 18 -18 47 0 0.00 0.0 4 3.5 13 340 M M 2 12 16 340
8 33 8 21 -16 44 0 0.04 1.1 3 3.7 12 230 M M 7 128 14 230
9 38 16 27 -10 38 0 0.02 0.4 2 10.2 21 190 M M 5 1 28 230
10 44 23 34 -4 31 0 0.29 2.5 1 26.9 53 170 M M 7 18 76 170
11 35 21 28 -10 37 0 0.00 0.0 1 8.6 28 240 M M 2 35 240
12 35 18 27 -11 38 0 0.00 0.0 T 3.8 10 30 M M 8 12 30
13 45 28 37 -2 28 0 0.05 0.1 T 8.6 24 180 M M 9 18 32 180
14 53 38 46 7 19 0 0.03 0.0 0 20.0 45 180 M M 8 60 170
15 46 26 36 -3 29 0 T 0.0 0 19.2 39 250 M M 6 49 250
16 38 21 30 -10 35 0 0.00 0.0 0 4.4 15 20 M M 0 22 50
17 41 17 29 -11 36 0 0.00 0.0 0 5.4 15 30 M M 0 21 30
18 45 18 32 -8 33 0 0.00 0.0 0 5.5 18 200 M M 0 26 210
19 50 18 34 -6 31 0 0.01 0.4 0 6.8 21 190 M M 1 1 28 190
20 46 30 38 -3 27 0 0.13 1.4 2 10.0 30 240 M M 8 1 39 240
21 40 30 35 -6 30 0 0.01 0.1 T 10.3 18 210 M M 7 1 25 210
22 41 26 34 -7 31 0 0.04 0.4 T 8.6 15 300 M M 9 1 20 30
23 45 31 38 -3 27 0 0.16 0.3 0 9.0 24 250 M M 8 1 33 230
24 34 26 30 -12 35 0 0.16 2.5 2 21.9 35 240 M M 9 1 44 240
25 34 23 29 -13 36 0 T T 1 18.7 29 250 M M 8 35 240
26 29 21 25 -17 40 0 0.05 0.5 T 9.8 18 250 M M 8 1 22 250
27 36 17 27 -15 38 0 0.02 0.3 T 6.3 14 70 M M 6 1 19 210
28 47 26 37 -5 28 0 0.00 0.0 T 9.9 23 200 M M 4 32 190
29 53 30 42 0 23 0 0.24 0.6 0 7.5 21 310 M M 8 1 24 70
30 39 31 35 -8 30 0 0.20 1.1 1 14.9 26 260 M M 9 18 35 250
31 43 32 38 -5 27 0 0.06 0.7 2 15.0 35 230 M M 9 1 43 240
================================================================================
SM 1210 674 1064 0 1.73 16.5 334.5 M 190
================================================================================
AV 39.0 21.7 10.8 FASTST M M 6 MAX(MPH)
MISC ----> 53 170 76 170
================================================================================
NOTES:
# LAST OF SEVERAL OCCURRENCES
COLUMN 17 PEAK WIND IN M.P.H.
PRELIMINARY LOCAL CLIMATOLOGICAL DATA (WS FORM: F-6) , PAGE 2
STATION: POCATELLO
MONTH: MARCH
YEAR: 2023
LATITUDE: 42 55 N
LONGITUDE: 112 36 W
[TEMPERATURE DATA] [PRECIPITATION DATA] SYMBOLS USED IN COLUMN 16
AVERAGE MONTHLY: 30.4 TOTAL FOR MONTH: 1.73 1 = FOG OR MIST
DPTR FM NORMAL: -8.7 DPTR FM NORMAL: 0.52 2 = FOG REDUCING VISIBILITY
HIGHEST: 53 ON 29,14 GRTST 24HR 0.31 ON 9-10 TO 1/4 MILE OR LESS
LOWEST: 0 ON 7 3 = THUNDER
SNOW, ICE PELLETS, HAIL 4 = ICE PELLETS
TOTAL MONTH: 16.7 INCHES 5 = HAIL
GRTST 24HR 2.5 ON 10-10 6 = FREEZING RAIN OR DRIZZLE
GRTST DEPTH: 6 ON 6, 5 7 = DUSTSTORM OR SANDSTORM:
VSBY 1/2 MILE OR LESS
8 = SMOKE OR HAZE
[NO. OF DAYS WITH] [WEATHER - DAYS WITH] 9 = BLOWING SNOW
X = TORNADO
MAX 32 OR BELOW: 6 0.01 INCH OR MORE: 20
MAX 90 OR ABOVE: 0 0.10 INCH OR MORE: 7
MIN 32 OR BELOW: 30 0.50 INCH OR MORE: 0
MIN 0 OR BELOW: 1 1.00 INCH OR MORE: 0
[HDD (BASE 65) ]
TOTAL THIS MO. 1064 CLEAR (SCALE 0-3) 6
DPTR FM NORMAL 262 PTCLDY (SCALE 4-7) 18
TOTAL FM JUL 1 6472 CLOUDY (SCALE 8-10) 7
DPTR FM NORMAL 564
[CDD (BASE 65) ]
TOTAL THIS MO. 0
DPTR FM NORMAL 0 [PRESSURE DATA]
TOTAL FM JAN 1 0 HIGHEST SLP 30.45 ON 27
DPTR FM NORMAL 0 LOWEST SLP 29.37 ON 10
[REMARKS]
10TH: RAINFALL OF 0.29 INCHES BREAKS PREVIOUS RECORD OF 0.17 SET IN 1952.
#FINAL-03-23#