000
CXUS55 KPIH 011100
CF6PIH
PRELIMINARY LOCAL CLIMATOLOGICAL DATA (WS FORM: F-6)
STATION: POCATELLO
MONTH: JULY
YEAR: 2023
LATITUDE: 42 55 N
LONGITUDE: 112 36 W
TEMPERATURE IN F: :PCPN: SNOW: WIND :SUNSHINE: SKY :PK WND
================================================================================
1 2 3 4 5 6A 6B 7 8 9 10 11 12 13 14 15 16 17 18
12Z AVG MX 2MIN
DY MAX MIN AVG DEP HDD CDD WTR SNW DPTH SPD SPD DIR MIN PSBL S-S WX SPD DR
================================================================================
1 94 51 73 6 0 8 0.00 0.0 0 8.2 22 250 M M 1 34 210
2 92 49 71 4 0 6 0.00 0.0 0 9.1 23 250 M M 0 31 250
3 89 50 70 2 0 5 T 0.0 0 9.4 22 240 M M 1 30 250
4 82 50 66 -2 0 1 0.00 0.0 0 8.2 28 20 M M 1 40 10
5 84 42 63 -5 2 0 0.00 0.0 0 4.1 12 310 M M 0 16 280
6 89 41 65 -4 0 0 0.00 0.0 0 7.2 22 30 M M 1 31 50
7 88 47 68 -1 0 3 0.00 0.0 0 5.1 22 270 M M 1 31 270
8 88 47 68 -1 0 3 0.00 0.0 0 5.5 18 340 M M 1 26 340
9 94 50 72 2 0 7 0.00 0.0 0 5.5 13 300 M M 0 17 40
10 93 53 73 3 0 8 0.00 0.0 0 7.8 21 270 M M 0 26 260
11 90 58 74 4 0 9 0.00 0.0 0 12.3 23 250 M M 0 30 250
12 93 44 69 -1 0 4 0.00 0.0 0 4.9 14 260 M M 0 22 250
13 90 48 69 -2 0 4 0.00 0.0 0 11.2 23 250 M M 0 30 250
14 87 57 72 1 0 7 0.00 0.0 0 9.1 16 230 M M 0 22 200
15 92 49 71 0 0 6 0.00 0.0 0 6.3 14 220 M M 0 27 260
16 100 54 77 6 0 12 0.00 0.0 0 7.4 17 250 M M 0 23 250
17 94 55 75 3 0 10 0.00 0.0 0 10.2 26 250 M M 0 35 240
18 93 65 79 7 0 14 0.00 0.0 0 12.7 21 240 M M 1 28 230
19 92 57 75 3 0 10 0.00 0.0 0 6.2 15 250 M M 1 22 250
20 94 57 76 4 0 11 0.00 0.0 0 7.1 16 10 M M 1 21 10
21 97 53 75 3 0 10 0.00 0.0 0 3.8 10 140 M M 0 16 350
22 100 53 77 5 0 12 0.00 0.0 0 7.0 16 200 M M 0 23 210
23 99 67 83 11 0 18 0.02 0.0 0 9.2 43 160 M M 1 38 64 170
24 92 58 75 3 0 10 0.02 0.0 0 8.1 37 280 M M 2 47 280
25 92 53 73 1 0 8 0.00 0.0 0 8.8 21 280 M M 0 29 270
26 94 49 72 -1 0 7 0.00 0.0 0 7.0 18 280 M M 0 25 260
27 92 61 77 4 0 12 T 0.0 0 9.3 22 250 M M 1 3 28 250
28 94 50 72 -1 0 7 0.00 0.0 0 M M M M M 1 M M
29 98 54 76 4 0 11 0.00 0.0 0 5.8 14 240 M M 1 18 240
30 95 54 75 3 0 10 0.00 0.0 0 6.8 15 240 M M 0 23 240
31 97 54 76 4 0 11 0.00 0.0 0 7.5 20 240 M M 1 8 26 220
================================================================================
SM 2868 1630 2 244 0.04 0.0 230.8 M 16
================================================================================
AV 92.5 52.6 7.7 FASTST M M 1 MAX(MPH)
MISC ----> 43 160 64 170
================================================================================
NOTES:
# LAST OF SEVERAL OCCURRENCES
COLUMN 17 PEAK WIND IN M.P.H.
PRELIMINARY LOCAL CLIMATOLOGICAL DATA (WS FORM: F-6) , PAGE 2
STATION: POCATELLO
MONTH: JULY
YEAR: 2023
LATITUDE: 42 55 N
LONGITUDE: 112 36 W
[TEMPERATURE DATA] [PRECIPITATION DATA] SYMBOLS USED IN COLUMN 16
AVERAGE MONTHLY: 72.5 TOTAL FOR MONTH: 0.04 1 = FOG OR MIST
DPTR FM NORMAL: 1.7 DPTR FM NORMAL: -0.47 2 = FOG REDUCING VISIBILITY
HIGHEST: 100 ON 22,16 GRTST 24HR 0.02 ON 23-23 TO 1/4 MILE OR LESS
LOWEST: 41 ON 6 3 = THUNDER
SNOW, ICE PELLETS, HAIL 4 = ICE PELLETS
TOTAL MONTH: 0.0 INCH 5 = HAIL
GRTST 24HR 0.0 6 = FREEZING RAIN OR DRIZZLE
GRTST DEPTH: 0 7 = DUSTSTORM OR SANDSTORM:
VSBY 1/2 MILE OR LESS
8 = SMOKE OR HAZE
[NO. OF DAYS WITH] [WEATHER - DAYS WITH] 9 = BLOWING SNOW
X = TORNADO
MAX 32 OR BELOW: 0 0.01 INCH OR MORE: 2
MAX 90 OR ABOVE: 24 0.10 INCH OR MORE: 0
MIN 32 OR BELOW: 0 0.50 INCH OR MORE: 0
MIN 0 OR BELOW: 0 1.00 INCH OR MORE: 0
[HDD (BASE 65) ]
TOTAL THIS MO. 2 CLEAR (SCALE 0-3) 31
DPTR FM NORMAL -14 PTCLDY (SCALE 4-7) 0
TOTAL FM JUL 1 2 CLOUDY (SCALE 8-10) 0
DPTR FM NORMAL -10
[CDD (BASE 65) ]
TOTAL THIS MO. 244
DPTR FM NORMAL 49 [PRESSURE DATA]
TOTAL FM JAN 1 252 HIGHEST SLP 30.11 ON 25
DPTR FM NORMAL 6 LOWEST SLP 25.47 ON 23
[REMARKS]
#FINAL-07-23#