000
CXUS54 KBRO 010900
CF6PIL
PRELIMINARY LOCAL CLIMATOLOGICAL DATA (WS FORM: F-6)
STATION: BAYVIEW
MONTH: APRIL
YEAR: 2020
LATITUDE: 26 10 N
LONGITUDE: 97 20 W
TEMPERATURE IN F: :PCPN: SNOW: WIND :SUNSHINE: SKY :PK WND
================================================================================
1 2 3 4 5 6A 6B 7 8 9 10 11 12 13 14 15 16 17 18
12Z AVG MX 2MIN
DY MAX MIN AVG DEP HDD CDD WTR SNW DPTH SPD SPD DIR MIN PSBL S-S WX SPD DR
================================================================================
1 81 71 76 4 0 11 0.00 0.0 0 13.8 21 120 M M 3 27 110
2 84 73 79 7 0 14 T 0.0 0 16.6 28 140 M M 6 8 34 130
3 86 75 81 9 0 16 0.00 0.0 0 14.3 24 120 M M 8 1 28 120
4 82 68 75 2 0 10 0.37 0.0 0 14.5 26 20 M M 10 138 32 30
5 74 61 68 -5 0 3 0.05 0.0 0 10.5 18 30 M M 9 1 24 360
6 81 73 77 4 0 12 0.00 0.0 0 6.3 23 340 M M 8 12 29 340
7 89 72 81 8 0 16 0.00 0.0 0 8.5 22 110 M M 4 12 25 110
8 89 73 81 8 0 16 0.00 0.0 0 9.1 20 120 M M 4 18 24 120
9 90 72 81 7 0 16 T 0.0 0 10.2 21 130 M M 3 128 25 140
10 85 74 80 6 0 15 0.51 0.0 0 12.9 28 120 M M 7 13 34 40
11 86 75 81 7 0 16 0.00 0.0 0 14.1 29 130 M M 6 18 39 130
12 100 69 85 11 0 20 0.00 0.0 0 13.1 26 180 M M 2 18 36 180
13 76 65 71 -3 0 6 0.00 0.0 0 13.8 26 30 M M 5 36 20
14 75 65 70 -4 0 5 0.02 0.0 M 15.4 31 30 M M 10 1 38 20
15 70 61 66 -9 0 1 0.00 0.0 0 13.0 22 10 M M 8 30 10
16 77 65 71 -4 0 6 0.00 0.0 0 11.0 18 80 M M 7 22 90
17 84 71 78 3 0 13 T 0.0 0 11.2 23 150 M M 8 1 27 160
18 88 75 82 7 0 17 T 0.0 0 10.2 21 140 M M 6 18 25 150
19 97 76 87 12 0 22 0.00 0.0 0 9.6 20 200 M M 5 138 27 180
20 85 73 79 3 0 14 0.00 0.0 0 9.7 18 120 M M 6 128 23 120
21 87 75 81 5 0 16 0.00 0.0 0 15.6 23 110 M M 9 18 27 120
22 91 78 85 9 0 20 0.00 0.0 0 16.8 31 160 M M 4 18 40 150
23 91 77 84 8 0 19 0.00 0.0 0 10.0 22 40 M M 4 18 26 40
24 94 73 84 8 0 19 0.00 0.0 0 12.8 24 140 M M 4 18 33 140
25 88 75 82 6 0 17 0.00 0.0 0 12.9 23 80 M M 5 18 27 70
26 83 70 77 0 0 12 0.40 0.0 0 12.3 20 50 M M 2 13 24 40
27 87 72 80 3 0 15 0.00 0.0 0 15.5 25 130 M M 4 31 150
28 92 76 84 7 0 19 0.02 0.0 0 17.3 31 160 M M 6 18 39 150
29 87 68 78 1 0 13 0.19 0.0 0 13.9 36 40 M M 4 138 49 40
30 84 62 73 -4 0 8 0.00 0.0 0 7.2 14 100 M M 1 19 70
================================================================================
SM 2563 2133 0 407 1.56 0.0 372.1 M 168
================================================================================
AV 85.4 71.1 12.4 FASTST M M 6 MAX(MPH)
MISC ----> # 36 40 # 49 40
================================================================================
NOTES:
# LAST OF SEVERAL OCCURRENCES
COLUMN 17 PEAK WIND IN M.P.H.
PRELIMINARY LOCAL CLIMATOLOGICAL DATA (WS FORM: F-6) , PAGE 2
STATION: BAYVIEW
MONTH: APRIL
YEAR: 2020
LATITUDE: 26 10 N
LONGITUDE: 97 20 W
[TEMPERATURE DATA] [PRECIPITATION DATA] SYMBOLS USED IN COLUMN 16
AVERAGE MONTHLY: 78.3 TOTAL FOR MONTH: 1.56 1 = FOG OR MIST
DPTR FM NORMAL: 3.6 DPTR FM NORMAL: 0.15 2 = FOG REDUCING VISIBILITY
HIGHEST: 100 ON 12 GRTST 24HR 0.51 ON 10-10 TO 1/4 MILE OR LESS
LOWEST: 61 ON 15, 5 3 = THUNDER
SNOW, ICE PELLETS, HAIL 4 = ICE PELLETS
TOTAL MONTH: 0.0 INCH 5 = HAIL
GRTST 24HR 0.0 6 = FREEZING RAIN OR DRIZZLE
GRTST DEPTH: 0 7 = DUSTSTORM OR SANDSTORM:
VSBY 1/2 MILE OR LESS
8 = SMOKE OR HAZE
[NO. OF DAYS WITH] [WEATHER - DAYS WITH] 9 = BLOWING SNOW
X = TORNADO
MAX 32 OR BELOW: 0 0.01 INCH OR MORE: 7
MAX 90 OR ABOVE: 7 0.10 INCH OR MORE: 4
MIN 32 OR BELOW: 0 0.50 INCH OR MORE: 1
MIN 0 OR BELOW: 0 1.00 INCH OR MORE: 0
[HDD (BASE 65) ]
TOTAL THIS MO. 0 CLEAR (SCALE 0-3) 5
DPTR FM NORMAL -8 PTCLDY (SCALE 4-7) 20
TOTAL FM JUL 1 359 CLOUDY (SCALE 8-10) 5
DPTR FM NORMAL -189
[CDD (BASE 65) ]
TOTAL THIS MO. 407
DPTR FM NORMAL 108 [PRESSURE DATA]
TOTAL FM JAN 1 960 HIGHEST SLP 30.19 ON 26
DPTR FM NORMAL 380 LOWEST SLP 29.50 ON 12
[REMARKS]
#FINAL-04-20#