000
CXUS54 KBRO 010900
CF6PIL
PRELIMINARY LOCAL CLIMATOLOGICAL DATA (WS FORM: F-6)
STATION: BAYVIEW
MONTH: DECEMBER
YEAR: 2023
LATITUDE: 26 10 N
LONGITUDE: 97 20 W
TEMPERATURE IN F: :PCPN: SNOW: WIND :SUNSHINE: SKY :PK WND
================================================================================
1 2 3 4 5 6A 6B 7 8 9 10 11 12 13 14 15 16 17 18
12Z AVG MX 2MIN
DY MAX MIN AVG DEP HDD CDD WTR SNW DPTH SPD SPD DIR MIN PSBL S-S WX SPD DR
================================================================================
1 80 67 74 8 0 9 T 0.0 0 8.3 16 310 M M 9 1 20 180
2 76 63 70 4 0 5 0.00 0.0 0 6.5 14 310 M M 4 1 19 310
3 74 59 67 1 0 2 0.00 0.0 0 3.6 8 340 M M 0 1 11 290
4 77 59 68 3 0 3 0.00 0.0 0 3.7 13 40 M M 0 16 360
5 75 63 69 4 0 4 0.00 0.0 0 5.4 10 40 M M 4 15 30
6 77 61 69 4 0 4 0.00 0.0 0 6.9 17 50 M M 2 23 50
7 78 60 69 4 0 4 0.01 0.0 0 8.6 23 150 M M 4 1 32 160
8 83 68 76 12 0 11 0.00 0.0 0 13.3 28 180 M M 2 40 170
9 83 64 74 10 0 9 0.19 0.0 0 10.4 31 360 M M 4 13 51 360
10 67 42 55 -9 10 0 0.01 0.0 0 15.0 29 350 M M 3 50 350
11 69 39 54 -10 11 0 0.00 0.0 0 5.6 15 100 M M 0 19 110
12 71 55 63 -1 2 0 0.01 0.0 0 7.4 14 100 M M 8 18 110
13 72 67 70 7 0 5 0.88 0.0 0 9.8 18 110 M M 9 13 26 100
14 71 67 69 6 0 4 0.50 0.0 0 6.1 16 120 M M 8 1 22 120
15 78 65 72 9 0 7 0.01 0.0 0 5.3 15 330 M M 7 18 20 330
16 72 53 63 0 2 0 T 0.0 M 12.3 23 320 M M 5 18 30 320
17 70 46 58 -5 7 0 0.00 0.0 0 5.0 10 60 M M 0 15 60
18 75 45 60 -2 5 0 0.00 0.0 0 4.8 9 100 M M 0 13 90
19 74 49 62 0 3 0 0.00 0.0 0 5.5 16 140 M M 0 1 21 150
20 79 58 69 7 0 4 0.00 0.0 0 8.3 21 130 M M 2 26 130
21 77 65 71 9 0 6 0.00 0.0 0 9.4 16 130 M M 5 21 120
22 76 65 71 9 0 6 0.00 0.0 0 4.6 12 100 M M 4 1 14 100
23 74 64 69 7 0 4 0.04 0.0 0 6.5 14 130 M M 4 18 19 130
24 83 61 72 10 0 7 0.00 0.0 0 9.2 23 310 M M 1 1 29 290
25 67 55 61 0 4 0 0.00 0.0 0 10.7 23 10 M M 4 32 20
26 68 58 63 2 2 0 0.00 0.0 0 7.2 14 350 M M 10 17 350
27 71 54 63 2 2 0 0.00 0.0 0 9.2 21 360 M M 4 26 10
28 69 50 60 -1 5 0 0.00 0.0 0 7.7 15 30 M M 0 24 10
29 67 48 58 -3 7 0 0.00 0.0 0 6.3 18 10 M M 0 23 10
30 73 44 59 -2 6 0 0.00 0.0 0 6.1 15 120 M M 0 1 17 130
31 77 52 65 4 0 0 0.00 0.0 0 10.8 25 160 M M 2 12 33 160
================================================================================
SM 2303 1766 66 94 1.65 0.0 239.5 M 105
================================================================================
AV 74.3 57.0 7.7 FASTST M M 3 MAX(MPH)
MISC ----> 31 360 51 360
================================================================================
NOTES:
# LAST OF SEVERAL OCCURRENCES
COLUMN 17 PEAK WIND IN M.P.H.
PRELIMINARY LOCAL CLIMATOLOGICAL DATA (WS FORM: F-6) , PAGE 2
STATION: BAYVIEW
MONTH: DECEMBER
YEAR: 2023
LATITUDE: 26 10 N
LONGITUDE: 97 20 W
[TEMPERATURE DATA] [PRECIPITATION DATA] SYMBOLS USED IN COLUMN 16
AVERAGE MONTHLY: 65.6 TOTAL FOR MONTH: 1.65 1 = FOG OR MIST
DPTR FM NORMAL: 2.6 DPTR FM NORMAL: 0.39 2 = FOG REDUCING VISIBILITY
HIGHEST: 83 ON 24, 9 GRTST 24HR 1.32 ON 13-14 TO 1/4 MILE OR LESS
LOWEST: 39 ON 11 3 = THUNDER
SNOW, ICE PELLETS, HAIL 4 = ICE PELLETS
TOTAL MONTH: 0.0 INCH 5 = HAIL
GRTST 24HR 0.0 6 = FREEZING RAIN OR DRIZZLE
GRTST DEPTH: 0 7 = DUSTSTORM OR SANDSTORM:
VSBY 1/2 MILE OR LESS
8 = SMOKE OR HAZE
[NO. OF DAYS WITH] [WEATHER - DAYS WITH] 9 = BLOWING SNOW
X = TORNADO
MAX 32 OR BELOW: 0 0.01 INCH OR MORE: 8
MAX 90 OR ABOVE: 0 0.10 INCH OR MORE: 3
MIN 32 OR BELOW: 0 0.50 INCH OR MORE: 2
MIN 0 OR BELOW: 0 1.00 INCH OR MORE: 0
[HDD (BASE 65) ]
TOTAL THIS MO. 66 CLEAR (SCALE 0-3) 15
DPTR FM NORMAL -81 PTCLDY (SCALE 4-7) 13
TOTAL FM JUL 1 118 CLOUDY (SCALE 8-10) 3
DPTR FM NORMAL -83
[CDD (BASE 65) ]
TOTAL THIS MO. 94
DPTR FM NORMAL 9 [PRESSURE DATA]
TOTAL FM JAN 1 4720 HIGHEST SLP 30.40 ON 10
DPTR FM NORMAL 582 LOWEST SLP 29.74 ON 24
[REMARKS]
#FINAL-12-23#