000
CXUS55 KABR 011700
CF6PIR
PRELIMINARY LOCAL CLIMATOLOGICAL DATA (WS FORM: F-6)
STATION: PIERRE SD
MONTH: APRIL
YEAR: 2020
LATITUDE: 44 22 N
LONGITUDE: 100 17 W
TEMPERATURE IN F: :PCPN: SNOW: WIND :SUNSHINE: SKY :PK WND
================================================================================
1 2 3 4 5 6A 6B 7 8 9 10 11 12 13 14 15 16 17 18
12Z AVG MX 2MIN
DY MAX MIN AVG DEP HDD CDD WTR SNW DPTH SPD SPD DIR MIN PSBL S-S WX SPD DR
================================================================================
1 56 22 39 -2 26 0 0.09 T 0 15.7 33 330 M M 6 16 42 330
2 22 15 19 -22 46 0 0.43 2.2 1 21.9 33 340 M M 10 16 43 340
3 25 9 17 -25 48 0 T T 2 9.9 24 330 M M 3 1 30 320
4 57 9 33 -9 32 0 0.00 0.0 1 13.8 29 140 M M 3 39 140
5 67 29 48 6 17 0 0.00 0.0 0 16.5 31 160 M M 3 41 160
6 79 39 59 16 6 0 0.00 0.0 0 8.1 17 320 M M 0 24 170
7 76 41 59 16 6 0 0.00 0.0 0 8.2 22 290 M M 1 29 270
8 55 32 44 0 21 0 T 0.0 0 18.5 32 320 M M 3 46 320
9 41 23 32 -12 33 0 T T 0 17.2 37 310 M M 1 48 330
10 62 21 42 -3 23 0 0.00 0.0 0 8.2 20 200 M M 1 26 190
11 44 31 38 -7 27 0 0.19 0.4 0 13.5 25 10 M M 7 1 32 10
12 37 24 31 -15 34 0 0.01 0.1 1 18.4 29 310 M M 6 1 38 310
13 35 20 28 -18 37 0 T T 0 21.8 33 300 M M 4 44 310
14 40 18 29 -17 36 0 0.00 0.0 0 10.3 20 330 M M 5 26 330
15 46 15 31 -16 34 0 T 0.0 0 7.0 20 40 M M 4 1 25 360
16 47 19 33 -14 32 0 0.00 0.0 0 7.4 17 320 M M 7 12 28 260
17 56 19 38 -10 27 0 0.00 0.0 0 9.1 21 260 M M 0 26 250
18 66 31 49 1 16 0 T 0.0 0 12.5 24 330 M M 2 39 320
19 48 32 40 -8 25 0 T 0.0 0 7.1 16 20 M M 6 21 20
20 67 36 52 3 13 0 0.00 0.0 0 16.2 33 330 M M 4 8 47 340
21 77 27 52 3 13 0 0.00 0.0 0 7.6 23 250 M M 1 8 30 240
22 78 43 61 11 4 0 0.00 0.0 0 11.3 24 310 M M 1 8 33 320
23 69 37 53 3 12 0 T 0.0 0 10.1 23 320 M M 1 30 340
24 69 38 54 4 11 0 T 0.0 0 8.4 23 330 M M 4 30 310
25 65 39 52 1 13 0 T 0.0 0 12.8 26 320 M M 4 36 320
26 77 31 54 3 11 0 0.00 0.0 0 9.5 25 170 M M 1 36 170
27 79 40 60 8 5 0 T 0.0 0 9.6 28 360 M M 1 8 36 10
28 67 44 56 4 9 0 0.06 0.0 0 18.0 43 310 M M 6 3 55 300
29 66 41 54 2 11 0 0.00 0.0 0 13.0 28 330 M M 4 37 330
30 80 33 57 4 8 0 T 0.0 0 13.8 36 160 M M 0 47 170
================================================================================
SM 1753 858 636 0 0.78 2.7 375.4 M 99
================================================================================
AV 58.4 28.6 12.5 FASTST M M 3 MAX(MPH)
MISC ----> # 43 310 # 55 300
================================================================================
NOTES:
# LAST OF SEVERAL OCCURRENCES
COLUMN 17 PEAK WIND IN M.P.H.
PRELIMINARY LOCAL CLIMATOLOGICAL DATA (WS FORM: F-6) , PAGE 2
STATION: PIERRE SD
MONTH: APRIL
YEAR: 2020
LATITUDE: 44 22 N
LONGITUDE: 100 17 W
[TEMPERATURE DATA] [PRECIPITATION DATA] SYMBOLS USED IN COLUMN 16
AVERAGE MONTHLY: 43.5 TOTAL FOR MONTH: 0.78 1 = FOG OR MIST
DPTR FM NORMAL: -3.5 DPTR FM NORMAL: -1.03 2 = FOG REDUCING VISIBILITY
HIGHEST: 80 ON 30 GRTST 24HR 0.43 ON 2- 2 TO 1/4 MILE OR LESS
LOWEST: 9 ON 4, 3 3 = THUNDER
SNOW, ICE PELLETS, HAIL 4 = ICE PELLETS
TOTAL MONTH: 2.7 INCHES 5 = HAIL
GRTST 24HR 2.2 ON 2- 2 6 = FREEZING RAIN OR DRIZZLE
GRTST DEPTH: 2 ON 3 7 = DUSTSTORM OR SANDSTORM:
VSBY 1/2 MILE OR LESS
8 = SMOKE OR HAZE
[NO. OF DAYS WITH] [WEATHER - DAYS WITH] 9 = BLOWING SNOW
X = TORNADO
MAX 32 OR BELOW: 2 0.01 INCH OR MORE: 5
MAX 90 OR ABOVE: 0 0.10 INCH OR MORE: 2
MIN 32 OR BELOW: 19 0.50 INCH OR MORE: 0
MIN 0 OR BELOW: 0 1.00 INCH OR MORE: 0
[HDD (BASE 65) ]
TOTAL THIS MO. 636 CLEAR (SCALE 0-3) 16
DPTR FM NORMAL 91 PTCLDY (SCALE 4-7) 13
TOTAL FM JUL 1 7034 CLOUDY (SCALE 8-10) 1
DPTR FM NORMAL 44
[CDD (BASE 65) ]
TOTAL THIS MO. 0
DPTR FM NORMAL -4 [PRESSURE DATA]
TOTAL FM JAN 1 0 HIGHEST SLP 30.41 ON 3
DPTR FM NORMAL -4 LOWEST SLP 29.53 ON 6
[REMARKS]
#FINAL-04-20#