000
CXUS56 KLOX 011155
CF6PMD
PRELIMINARY LOCAL CLIMATOLOGICAL DATA (WS FORM: F-6)
STATION: PALMDALE AIRPORT CA
MONTH: OCTOBER
YEAR: 2021
LATITUDE: 34 37 N
LONGITUDE: 118 5 W
TEMPERATURE IN F: :PCPN: SNOW: WIND :SUNSHINE: SKY :PK WND
================================================================================
1 2 3 4 5 6A 6B 7 8 9 10 11 12 13 14 15 16 17 18
12Z AVG MX 2MIN
DY MAX MIN AVG DEP HDD CDD WTR SNW DPTH SPD SPD DIR MIN PSBL S-S WX SPD DR
================================================================================
1 87 45 66 -4 0 1 0.00 M M 4.3 13 30 M M 0 15 20
2 88 48 68 -1 0 3 0.00 M M 5.3 16 10 M M 0 22 30
3 91 50 71 2 0 6 0.00 M M 5.2 16 220 M M 0 20 220
4 88 58 73 4 0 8 T M M 7.3 29 190 M M 1 35 200
5 83 64 74 6 0 9 0.00 M M 9.6 25 220 M M 1 31 220
6 82 56 69 1 0 4 0.00 M M 11.1 22 230 M M 0 25 250
7 73 59 66 -1 0 1 0.00 M M 15.6 33 210 M M 0 39 240
8 68 52 60 -7 5 0 0.00 M M 15.2 26 230 M M 1 34 210
9 74 44 59 -8 6 0 0.00 M M 8.6 18 290 M M 0 22 300
10 79 43 61 -5 4 0 0.00 M M 5.3 17 290 M M 0 30 320
11 64 49 57 -9 8 0 0.00 M M 25.2 49 290 M M 5 8 60 280
12 63 40 52 -14 13 0 0.00 M M 10.8 28 290 M M 1 33 290
13 71 35 53 -12 12 0 0.00 M M 5.0 17 290 M M 0 20 290
14 74 41 58 -7 7 0 0.00 M M 7.1 17 30 M M 0 8 35 330
15 75 41 58 -6 7 0 0.00 M M 10.0 28 60 M M 0 32 40
16 80 39 60 -4 5 0 0.00 M M 5.7 25 220 M M 0 28 50
17 77 42 60 -4 5 0 0.00 M M 11.7 26 230 M M 0 33 230
18 59 38 49 -14 16 0 T M M 19.7 36 280 M M 4 44 220
19 69 33 51 -12 14 0 0.00 M M 4.7 10 190 M M 0 12 200
20 75 37 56 -7 9 0 0.00 M M 4.5 10 180 M M 0 11 190
21 77 41 59 -3 6 0 0.00 M M 3.4 10 300 M M 0 8 12 300
22 78 45 62 0 3 0 0.00 M M 10.6 23 220 M M 0 28 240
23 72 52 62 0 3 0 0.00 M M 12.5 25 240 M M 1 30 250
24 72 54 63 2 2 0 0.00 M M 14.6 32 210 M M 0 39 210
25 65 46 56 -5 9 0 0.17 M M 13.7 28 240 M M M 36 180
26 62 44 53 -7 12 0 0.00 M M 9.7 20 270 M M 0 24 300
27 73 39 56 -4 9 0 0.00 M M 3.5 12 10 M M M 14 350
28 81 44 63 3 2 0 0.00 M M 6.1 20 50 M M M 23 50
29 82 46 64 5 1 0 0.00 M M 4.4 12 220 M M M 13 220
30 81 53 67 8 0 2 0.00 M M 8.5 23 210 M M 0 29 240
31 74 49 62 3 3 0 0.00 M M 9.5 21 210 M M 0 25 230
================================================================================
SM 2337 1427 161 34 0.17 M 288.4 M 14
================================================================================
AV 75.4 46.0 9.3 FASTST M M 1 MAX(MPH)
MISC ----> 49 290 60 280
================================================================================
NOTES:
# LAST OF SEVERAL OCCURRENCES
COLUMN 17 PEAK WIND IN M.P.H.
PRELIMINARY LOCAL CLIMATOLOGICAL DATA (WS FORM: F-6) , PAGE 2
STATION: PALMDALE AIRPORT CA
MONTH: OCTOBER
YEAR: 2021
LATITUDE: 34 37 N
LONGITUDE: 118 5 W
[TEMPERATURE DATA] [PRECIPITATION DATA] SYMBOLS USED IN COLUMN 16
AVERAGE MONTHLY: 60.7 TOTAL FOR MONTH: 0.17 1 = FOG OR MIST
DPTR FM NORMAL: -3.4 DPTR FM NORMAL: -0.30 2 = FOG REDUCING VISIBILITY
HIGHEST: 91 ON 3 GRTST 24HR 0.17 ON 25-25 TO 1/4 MILE OR LESS
LOWEST: 33 ON 19 3 = THUNDER
SNOW, ICE PELLETS, HAIL 4 = ICE PELLETS
TOTAL MONTH: M 5 = HAIL
GRTST 24HR M ON M 6 = FREEZING RAIN OR DRIZZLE
GRTST DEPTH: M ON M 7 = DUSTSTORM OR SANDSTORM:
VSBY 1/2 MILE OR LESS
8 = SMOKE OR HAZE
[NO. OF DAYS WITH] [WEATHER - DAYS WITH] 9 = BLOWING SNOW
X = TORNADO
MAX 32 OR BELOW: 0 0.01 INCH OR MORE: 1
MAX 90 OR ABOVE: 1 0.10 INCH OR MORE: 1
MIN 32 OR BELOW: 0 0.50 INCH OR MORE: 0
MIN 0 OR BELOW: 0 1.00 INCH OR MORE: 0
[HDD (BASE 65) ]
TOTAL THIS MO. 161 CLEAR (SCALE 0-3) 25
DPTR FM NORMAL 63 PTCLDY (SCALE 4-7) 2
TOTAL FM JUL 1 162 CLOUDY (SCALE 8-10) 4
DPTR FM NORMAL 56
[CDD (BASE 65) ]
TOTAL THIS MO. 34
DPTR FM NORMAL -38 [PRESSURE DATA]
TOTAL FM JAN 1 2401 HIGHEST SLP 30.31 ON 27
DPTR FM NORMAL 459 LOWEST SLP 29.63 ON 11
[REMARKS]
#FINAL-10-21#