847
CXUS56 KLOX 011655
CF6PMD
PRELIMINARY LOCAL CLIMATOLOGICAL DATA (WS FORM: F-6)
STATION: PALMDALE AIRPORT CA
MONTH: MAY
YEAR: 2020
LATITUDE: 34 37 N
LONGITUDE: 118 5 W
TEMPERATURE IN F: :PCPN: SNOW: WIND :SUNSHINE: SKY :PK WND
================================================================================
1 2 3 4 5 6A 6B 7 8 9 10 11 12 13 14 15 16 17 18
12Z AVG MX 2MIN
DY MAX MIN AVG DEP HDD CDD WTR SNW DPTH SPD SPD DIR MIN PSBL S-S WX SPD DR
================================================================================
1 80 52 66 3 0 1 0.00 0.0 0 20.3 36 280 M M 0 43 280
2 84 60 72 9 0 7 0.00 0.0 0 17.2 33 280 M M 0 39 290
3 84 52 68 4 0 3 0.00 0.0 0 14.9 33 290 M M 0 40 290
4 87 46 67 3 0 2 0.00 0.0 0 8.0 24 290 M M 0 28 290
5 93 48 71 7 0 6 0.00 0.0 0 7.3 21 290 M M 0 25 290
6 93 52 73 8 0 8 0.00 0.0 0 8.8 23 290 M M 0 26 290
7 96 52 74 9 0 9 0.00 0.0 0 4.2 14 30 M M 0 16 30
8 95 54 75 10 0 10 0.00 0.0 0 7.0 23 230 M M 0 27 250
9 94 58 76 10 0 11 0.00 0.0 0 8.9 24 200 M M 0 28 220
10 90 58 74 8 0 9 0.00 0.0 0 13.2 29 220 M M 0 34 220
11 80 53 67 1 0 2 0.00 0.0 0 15.6 30 220 M M 0 36 220
12 71 52 62 -5 3 0 0.00 0.0 0 19.9 32 240 M M 2 40 220
13 75 51 63 -4 2 0 0.00 0.0 0 15.6 30 280 M M 0 38 250
14 75 54 65 -2 0 0 0.00 0.0 0 24.2 40 280 M M 0 8 48 280
15 83 56 70 2 0 5 0.00 0.0 0 14.9 30 270 M M 0 37 270
16 90 50 70 2 0 5 0.00 0.0 0 8.2 24 240 M M 0 30 240
17 82 59 71 3 0 6 0.00 0.0 0 14.2 29 210 M M 0 34 220
18 70 52 61 -7 4 0 T 0.0 0 18.4 35 220 M M 4 40 200
19 68 47 58 -11 7 0 0.00 0.0 0 16.3 30 280 M M 2 38 280
20 79 46 63 -6 2 0 0.00 0.0 0 11.7 26 280 M M 0 30 280
21 85 46 66 -3 0 1 0.00 0.0 0 7.2 20 230 M M 0 25 230
22 80 55 68 -1 0 3 0.00 0.0 0 15.3 29 240 M M 0 34 230
23 83 51 67 -3 0 2 0.00 0.0 0 8.7 25 250 M M 0 30 250
24 90 49 70 0 0 5 0.00 M 0 7.1 18 220 M M 0 23 230
25 94 52 73 3 0 8 0.00 0.0 0 7.1 18 30 M M 0 22 20
26 99 62 81 11 0 16 0.00 0.0 0 8.7 22 220 M M 0 27 220
27 101 67 84 13 0 19 0.00 0.0 0 10.5 21 240 M M 0 26 230
28 103 68 86 15 0 21 0.00 0.0 0 11.8 28 220 M M 0 36 220
29 95 62 79 8 0 14 0.00 0.0 0 14.7 31 220 M M 0 38 210
30 76 54 65 -6 0 0 0.00 0.0 0 14.3 29 220 M M 0 35 210
31 86 50 68 -4 0 3 0.00 0.0 0 7.2 20 230 M M 0 30 270
================================================================================
SM 2661 1668 18 176 T 0.0 381.4 M 8
================================================================================
AV 85.8 53.8 12.3 FASTST M M 0 MAX(MPH)
MISC ----> # 40 280 # 48 280
================================================================================
NOTES:
# LAST OF SEVERAL OCCURRENCES
COLUMN 17 PEAK WIND IN M.P.H.
PRELIMINARY LOCAL CLIMATOLOGICAL DATA (WS FORM: F-6) , PAGE 2
STATION: PALMDALE AIRPORT CA
MONTH: MAY
YEAR: 2020
LATITUDE: 34 37 N
LONGITUDE: 118 5 W
[TEMPERATURE DATA] [PRECIPITATION DATA] SYMBOLS USED IN COLUMN 16
AVERAGE MONTHLY: 69.8 TOTAL FOR MONTH: T 1 = FOG OR MIST
DPTR FM NORMAL: 2.3 DPTR FM NORMAL: -0.25 2 = FOG REDUCING VISIBILITY
HIGHEST: 103 ON 28 GRTST 24HR T ON 18-18 TO 1/4 MILE OR LESS
LOWEST: 46 ON 21,20 3 = THUNDER
SNOW, ICE PELLETS, HAIL 4 = ICE PELLETS
TOTAL MONTH: 0.0 INCH 5 = HAIL
GRTST 24HR 0.0 6 = FREEZING RAIN OR DRIZZLE
GRTST DEPTH: 0 7 = DUSTSTORM OR SANDSTORM:
VSBY 1/2 MILE OR LESS
8 = SMOKE OR HAZE
[NO. OF DAYS WITH] [WEATHER - DAYS WITH] 9 = BLOWING SNOW
X = TORNADO
MAX 32 OR BELOW: 0 0.01 INCH OR MORE: 0
MAX 90 OR ABOVE: 13 0.10 INCH OR MORE: 0
MIN 32 OR BELOW: 0 0.50 INCH OR MORE: 0
MIN 0 OR BELOW: 0 1.00 INCH OR MORE: 0
[HDD (BASE 65) ]
TOTAL THIS MO. 18 CLEAR (SCALE 0-3) 30
DPTR FM NORMAL -50 PTCLDY (SCALE 4-7) 1
TOTAL FM JUL 1 2762 CLOUDY (SCALE 8-10) 0
DPTR FM NORMAL -156
[CDD (BASE 65) ]
TOTAL THIS MO. 176
DPTR FM NORMAL 29 [PRESSURE DATA]
TOTAL FM JAN 1 232 HIGHEST SLP 30.09 ON 4
DPTR FM NORMAL 62 LOWEST SLP 29.77 ON 22
[REMARKS]
#FINAL-05-20#