312
CXUS55 KPAH 010800
CF6POF
PRELIMINARY LOCAL CLIMATOLOGICAL DATA (WS FORM: F-6)
STATION: POPLAR BLUFF MO
MONTH: OCTOBER
YEAR: 2020
LATITUDE: 36 46 N
LONGITUDE: 90 19 W
TEMPERATURE IN F: :PCPN: SNOW: WIND :SUNSHINE: SKY :PK WND
================================================================================
1 2 3 4 5 6A 6B 7 8 9 10 11 12 13 14 15 16 17 18
12Z AVG MX 2MIN
DY MAX MIN AVG DEP HDD CDD WTR SNW DPTH SPD SPD DIR MIN PSBL S-S WX SPD DR
================================================================================
1 74 47 61 -3 4 0 0.00 M M 7.0 20 340 M M 1 28 340
2 66 40 53 -11 12 0 0.00 M M 2.3 13 300 M M 2 17 300
3 65 41 53 -10 12 0 T M M 2.6 12 160 M M 6 8 16 230
4 66 41 54 -9 11 0 0.00 M M 7.3 18 20 M M 3 1 27 10
5 67 36 52 -10 13 0 0.00 M M 2.1 7 160 M M 0 11 160
6 76 40 58 -4 7 0 0.00 M M 3.8 12 190 M M 0 16 180
7 85 49 67 5 0 2 0.00 M M 3.1 14 220 M M 0 1 18 210
8 80 53 67 5 0 2 0.00 M M 1.4 9 180 M M 2 128 12 190
9 78 52 65 4 0 0 0.00 M M 3.9 16 180 M M 3 1 21 180
10 75 60 68 7 0 3 0.19 M M 7.5 15 40 M M 8 1 24 30
11 84 64 74 14 0 9 0.00 M M 4.9 10 60 M M 1 15 50
12 77 47 62 2 3 0 0.00 M M 6.6 24 320 M M 3 1 33 340
13 75 42 59 -1 6 0 0.00 M M 2.2 9 200 M M 0 1 15 200
14 79 43 61 1 4 0 0.00 M M 7.9 22 210 M M 0 18 31 220
15 61 49 55 -4 10 0 0.04 M M 5.0 16 360 M M 7 22 10
16 65 37 51 -8 14 0 0.00 M M 1.9 14 290 M M 0 20 290
17 69 36 53 -5 12 0 T M M 6.4 21 170 M M 2 30 180
18 64 54 59 1 6 0 0.02 M M 6.1 15 10 M M 10 20 20
19 54 47 51 -7 14 0 1.46 M M 7.3 17 20 M M 10 13 22 20
20 63 50 57 -1 8 0 T M M 3.4 9 150 M M 10 12 13 50
21 82 51 67 10 0 2 0.00 M M 2.5 12 200 M M 2 12 17 200
22 83 56 70 13 0 5 0.00 M M 5.3 17 210 M M 1 1 25 190
23 81 47 64 8 1 0 0.83 M M 10.6 21 360 M M 7 13 28 10
24 49 45 47 -9 18 0 0.00 M M 9.0 21 30 M M 10 29 20
25 55 48 52 -4 13 0 0.00 M M 5.3 9 20 M M 10 12 10
26 52 42 47 -9 18 0 0.29 M M 9.0 16 40 M M 9 1 21 40
27 46 41 44 -11 21 0 1.38 M M 8.4 14 350 M M 10 1 19 360
28 51 43 47 -8 18 0 2.11 M M 9.8 18 20 M M 10 1 29 30
29 54 41 48 -6 17 0 1.11 M M 10.8 24 360 M M 9 1 36 360
30 55 35 45 -9 20 0 0.00 M M 3.4 9 330 M M 0 14 320
31 62 36 49 -5 16 0 0.00 M M 3.6 12 150 M M 0 16 170
================================================================================
SM 2093 1413 278 23 7.43 M 170.4 M 136
================================================================================
AV 67.5 45.6 5.5 FASTST M M 4 MAX(MPH)
MISC ----> # 24 320 36 360
================================================================================
NOTES:
# LAST OF SEVERAL OCCURRENCES
COLUMN 17 PEAK WIND IN M.P.H.
PRELIMINARY LOCAL CLIMATOLOGICAL DATA (WS FORM: F-6) , PAGE 2
STATION: POPLAR BLUFF MO
MONTH: OCTOBER
YEAR: 2020
LATITUDE: 36 46 N
LONGITUDE: 90 19 W
[TEMPERATURE DATA] [PRECIPITATION DATA] SYMBOLS USED IN COLUMN 16
AVERAGE MONTHLY: 56.5 TOTAL FOR MONTH: 7.43 1 = FOG OR MIST
DPTR FM NORMAL: -2.4 DPTR FM NORMAL: 2.75 2 = FOG REDUCING VISIBILITY
HIGHEST: 85 ON 7 GRTST 24HR 3.01 ON 28-29 TO 1/4 MILE OR LESS
LOWEST: 35 ON 30 3 = THUNDER
SNOW, ICE PELLETS, HAIL 4 = ICE PELLETS
TOTAL MONTH: M 5 = HAIL
GRTST 24HR M ON M 6 = FREEZING RAIN OR DRIZZLE
GRTST DEPTH: M ON M 7 = DUSTSTORM OR SANDSTORM:
VSBY 1/2 MILE OR LESS
8 = SMOKE OR HAZE
[NO. OF DAYS WITH] [WEATHER - DAYS WITH] 9 = BLOWING SNOW
X = TORNADO
MAX 32 OR BELOW: 0 0.01 INCH OR MORE: 9
MAX 90 OR ABOVE: 0 0.10 INCH OR MORE: 7
MIN 32 OR BELOW: 0 0.50 INCH OR MORE: 5
MIN 0 OR BELOW: 0 1.00 INCH OR MORE: 4
[HDD (BASE 65) ]
TOTAL THIS MO. 278 CLEAR (SCALE 0-3) 18
DPTR FM NORMAL 54 PTCLDY (SCALE 4-7) 4
TOTAL FM JUL 1 301 CLOUDY (SCALE 8-10) 9
DPTR FM NORMAL 47
[CDD (BASE 65) ]
TOTAL THIS MO. 23
DPTR FM NORMAL -11 [PRESSURE DATA]
TOTAL FM JAN 1 1587 HIGHEST SLP M ON M
DPTR FM NORMAL 26 LOWEST SLP 29.55 ON 29
[REMARKS]
#FINAL-10-20#