000
CXUS55 KALY 010710
CF6POU
PRELIMINARY LOCAL CLIMATOLOGICAL DATA (WS FORM: F-6)
STATION: POUGHKEEPSIE NY
MONTH: MARCH
YEAR: 2022
LATITUDE: 41 37 N
LONGITUDE: 73 53 W
TEMPERATURE IN F: :PCPN: SNOW: WIND :SUNSHINE: SKY :PK WND
================================================================================
1 2 3 4 5 6A 6B 7 8 9 10 11 12 13 14 15 16 17 18
12Z AVG MX 2MIN
DY MAX MIN AVG DEP HDD CDD WTR SNW DPTH SPD SPD DIR MIN PSBL S-S WX SPD DR
================================================================================
1 43 20 32 -1 33 0 0.05 M M 3.3 14 180 M M 8 1 23 240
2 46 32 39 6 26 0 0.00 M M 4.1 18 260 M M 6 18 23 250
3 44 21 33 0 32 0 0.04 M M 10.8 22 330 M M 3 1 27 340
4 37 12 25 -9 40 0 0.00 M M 3.4 14 240 M M 0 19 220
5 45 17 31 -3 34 0 0.00 M M 2.4 12 150 M M 1 17 150
6 68 36 52 18 13 0 0.10 M M 6.0 23 230 M M 6 18 36 230
7 64 44 54 19 11 0 0.19 M M 5.7 32 290 M M 5 1 45 260
8 45 29 37 2 28 0 0.00 M M 9.3 23 320 M M 5 40 280
9 37 28 33 -2 32 0 0.36 M M 2.5 8 10 M M 7 128 10 150
10 47 27 37 1 28 0 0.00 M M 1.6 7 190 M M 5 128 9 180
11 55 24 40 4 25 0 0.00 M M 4.1 14 150 M M 0 18 20 130
12 45 22 34 -2 31 0 0.18 M M 10.8 28 330 M M 9 128 42 330
13 33 19 26 -10 39 0 T M M 11.4 24 270 M M 3 8 34 260
14 53 22 38 1 27 0 0.00 M M 4.3 16 240 M M 2 8 24 240
15 66 29 48 11 17 0 0.02 M M 2.5 18 280 M M 2 1 25 230
16 65 31 48 10 17 0 0.00 M M 3.5 14 140 M M 3 128 18 140
17 53 40 47 9 18 0 0.16 M M 1.7 7 340 M M 8 12 8 10
18 73 49 61 23 4 0 0.00 M M 2.3 10 150 M M 5 128 15 150
19 67 50 59 20 6 0 0.17 M M 5.1 18 270 M M 8 1238 26 260
20 56 42 49 10 16 0 T M M 6.8 20 300 M M 9 12 27 290
21 60 31 46 7 19 0 0.00 M M 8.9 26 270 M M 1 36 320
22 56 27 42 2 23 0 0.00 M M 7.1 24 330 M M 0 32 330
23 48 29 39 -1 26 0 0.10 M M 3.9 12 130 M M 5 16 140
24 45 37 41 1 24 0 0.33 M M 5.5 10 360 M M 10 1 16 100
25 59 39 49 8 16 0 0.05 M M 6.9 17 250 M M 9 12 23 260
26 50 38 44 3 21 0 0.17 M M 4.2 21 250 M M 8 18 26 260
27 43 28 36 -6 29 0 T M M 13.3 22 320 M M 8 8 30 280
28 31 22 27 -15 38 0 T M M 14.4 25 310 M M 8 8 35 320
29 38 22 30 -12 35 0 0.00 M M 11.2 23 340 M M 2 30 350
30 42 19 31 -12 34 0 0.00 M M 3.0 8 240 M M 3 8 10 250
31 67 37 52 9 13 0 0.95 M M 4.2 22 260 M M 9 138 29 250
================================================================================
SM 1581 923 755 0 2.87 M 184.2 M 158
================================================================================
AV 51.0 29.8 5.9 FASTST M M 5 MAX(MPH)
MISC ----> 32 290 45 260
================================================================================
NOTES:
# LAST OF SEVERAL OCCURRENCES
COLUMN 17 PEAK WIND IN M.P.H.
PRELIMINARY LOCAL CLIMATOLOGICAL DATA (WS FORM: F-6) , PAGE 2
STATION: POUGHKEEPSIE NY
MONTH: MARCH
YEAR: 2022
LATITUDE: 41 37 N
LONGITUDE: 73 53 W
[TEMPERATURE DATA] [PRECIPITATION DATA] SYMBOLS USED IN COLUMN 16
AVERAGE MONTHLY: 40.4 TOTAL FOR MONTH: 2.87 1 = FOG OR MIST
DPTR FM NORMAL: 2.8 DPTR FM NORMAL: -0.22 2 = FOG REDUCING VISIBILITY
HIGHEST: 73 ON 18 GRTST 24HR 0.95 ON 31-31 TO 1/4 MILE OR LESS
LOWEST: 12 ON 4 3 = THUNDER
SNOW, ICE PELLETS, HAIL 4 = ICE PELLETS
TOTAL MONTH: M 5 = HAIL
GRTST 24HR M ON M 6 = FREEZING RAIN OR DRIZZLE
GRTST DEPTH: M ON M 7 = DUSTSTORM OR SANDSTORM:
VSBY 1/2 MILE OR LESS
8 = SMOKE OR HAZE
[NO. OF DAYS WITH] [WEATHER - DAYS WITH] 9 = BLOWING SNOW
X = TORNADO
MAX 32 OR BELOW: 1 0.01 INCH OR MORE: 14
MAX 90 OR ABOVE: 0 0.10 INCH OR MORE: 10
MIN 32 OR BELOW: 21 0.50 INCH OR MORE: 1
MIN 0 OR BELOW: 0 1.00 INCH OR MORE: 0
[HDD (BASE 65) ]
TOTAL THIS MO. 755 CLEAR (SCALE 0-3) 9
DPTR FM NORMAL -93 PTCLDY (SCALE 4-7) 16
TOTAL FM JUL 1 4812 CLOUDY (SCALE 8-10) 6
DPTR FM NORMAL -457
[CDD (BASE 65) ]
TOTAL THIS MO. 0
DPTR FM NORMAL 0 [PRESSURE DATA]
TOTAL FM JAN 1 0 HIGHEST SLP M ON M
DPTR FM NORMAL 0 LOWEST SLP 29.27 ON 12
[REMARKS]
#FINAL-03-22#