000
CXUS55 KALY 010710
CF6POU
PRELIMINARY LOCAL CLIMATOLOGICAL DATA (WS FORM: F-6)
STATION: POUGHKEEPSIE NY
MONTH: AUGUST
YEAR: 2021
LATITUDE: 41 37 N
LONGITUDE: 73 53 W
TEMPERATURE IN F: :PCPN: SNOW: WIND :SUNSHINE: SKY :PK WND
================================================================================
1 2 3 4 5 6A 6B 7 8 9 10 11 12 13 14 15 16 17 18
12Z AVG MX 2MIN
DY MAX MIN AVG DEP HDD CDD WTR SNW DPTH SPD SPD DIR MIN PSBL S-S WX SPD DR
================================================================================
1 79 53 66 -8 0 1 0.42 M M 3.1 15 170 M M 4 1 21 180
2 80 57 69 -4 0 4 0.00 M M 3.5 15 300 M M 3 1 24 300
3 75 51 63 -10 2 0 0.00 M M 0.9 6 160 M M 0 8 320
4 77 57 67 -6 0 2 0.00 M M 1.8 9 90 M M 2 12 110
5 83 62 73 0 0 8 0.00 M M 2.8 13 30 M M 6 16 30
6 89 60 75 2 0 10 0.00 M M 2.5 14 240 M M 0 1 17 230
7 83 65 74 1 0 9 0.00 M M 2.1 12 210 M M 1 17 160
8 85 69 77 4 0 12 0.00 M M 2.9 13 90 M M 3 18 120
9 82 67 75 2 0 10 0.00 M M 3.4 12 160 M M 7 17 110
10 83 68 76 3 0 11 0.00 M M 3.9 10 130 M M 6 15 130
11 92 71 82 9 0 17 0.12 M M 4.6 16 280 M M 2 1 19 280
12 95 74 85 13 0 20 0.00 M M 6.3 17 200 M M 1 24 200
13 95 71 83 11 0 18 0.00 M M 3.5 13 240 M M 0 16 220
14 86 60 73 1 0 8 0.06 M M 2.5 14 20 M M 4 1 18 20
15 81 55 68 -4 0 3 0.00 M M 3.7 14 10 M M 0 20 330
16 84 61 73 1 0 8 0.00 M M 2.4 9 120 M M 1 12 150
17 81 66 74 2 0 9 0.02 M M 2.7 8 180 M M 7 13 170
18 85 72 79 7 0 14 0.06 M M 6.0 13 130 M M 6 1 18 150
19 84 73 79 7 0 14 0.76 M M 6.2 18 250 M M 10 18 24 250
20 85 70 78 7 0 13 0.01 M M 3.6 14 360 M M 8 1 19 360
21 85 72 79 8 0 14 T M M 1.9 8 130 M M 7 11 110
22 78 69 74 3 0 9 1.89 M M 6.4 17 310 M M 9 1 23 320
23 80 67 74 3 0 9 1.37 M M 6.7 16 330 M M 8 18 21 100
24 89 64 77 6 0 12 0.00 M M 1.8 9 320 M M 2 1 14 220
25 91 63 77 7 0 12 0.00 M M 0.5 7 270 M M 0 1 9 240
26 92 68 80 10 0 15 0.00 M M 1.9 10 240 M M 0 1 13 240
27 90 71 81 11 0 16 0.01 M M 3.0 12 350 M M 1 18 17 350
28 74 65 70 0 0 5 0.20 M M 5.5 13 360 M M 9 1 18 10
29 75 66 71 1 0 6 0.00 M M 3.1 8 170 M M 9 12 180
30 88 72 80 11 0 15 0.06 M M 3.8 12 330 M M 7 1 16 240
31 82 67 75 6 0 10 0.00 M M 2.3 13 240 M M 4 12 16 250
================================================================================
SM 2608 2026 2 314 4.98 M 105.3 M 127
================================================================================
AV 84.1 65.4 3.4 FASTST M M 4 MAX(MPH)
MISC ----> 18 250 # 24 300
================================================================================
NOTES:
# LAST OF SEVERAL OCCURRENCES
COLUMN 17 PEAK WIND IN M.P.H.
PRELIMINARY LOCAL CLIMATOLOGICAL DATA (WS FORM: F-6) , PAGE 2
STATION: POUGHKEEPSIE NY
MONTH: AUGUST
YEAR: 2021
LATITUDE: 41 37 N
LONGITUDE: 73 53 W
[TEMPERATURE DATA] [PRECIPITATION DATA] SYMBOLS USED IN COLUMN 16
AVERAGE MONTHLY: 74.7 TOTAL FOR MONTH: 4.98 1 = FOG OR MIST
DPTR FM NORMAL: 3.0 DPTR FM NORMAL: 0.70 2 = FOG REDUCING VISIBILITY
HIGHEST: 95 ON 13,12 GRTST 24HR 2.83 ON 22-23 TO 1/4 MILE OR LESS
LOWEST: 51 ON 3 3 = THUNDER
SNOW, ICE PELLETS, HAIL 4 = ICE PELLETS
TOTAL MONTH: M 5 = HAIL
GRTST 24HR M ON M 6 = FREEZING RAIN OR DRIZZLE
GRTST DEPTH: M ON M 7 = DUSTSTORM OR SANDSTORM:
VSBY 1/2 MILE OR LESS
8 = SMOKE OR HAZE
[NO. OF DAYS WITH] [WEATHER - DAYS WITH] 9 = BLOWING SNOW
X = TORNADO
MAX 32 OR BELOW: 0 0.01 INCH OR MORE: 12
MAX 90 OR ABOVE: 6 0.10 INCH OR MORE: 6
MIN 32 OR BELOW: 0 0.50 INCH OR MORE: 3
MIN 0 OR BELOW: 0 1.00 INCH OR MORE: 2
[HDD (BASE 65) ]
TOTAL THIS MO. 2 CLEAR (SCALE 0-3) 15
DPTR FM NORMAL -6 PTCLDY (SCALE 4-7) 12
TOTAL FM JUL 1 6 CLOUDY (SCALE 8-10) 4
DPTR FM NORMAL -2
[CDD (BASE 65) ]
TOTAL THIS MO. 314
DPTR FM NORMAL 97 [PRESSURE DATA]
TOTAL FM JAN 1 820 HIGHEST SLP M ON M
DPTR FM NORMAL 156 LOWEST SLP 29.68 ON 22
[REMARKS]
#FINAL-08-21#