686
CXUS56 KFGZ 010900
CF6PRC
PRELIMINARY LOCAL CLIMATOLOGICAL DATA (WS FORM: F-6)
STATION: PRESCOTT AZ AIRPORT
MONTH: OCTOBER
YEAR: 2020
LATITUDE: 34 39 N
LONGITUDE: 112 26 W
TEMPERATURE IN F: :PCPN: SNOW: WIND :SUNSHINE: SKY :PK WND
================================================================================
1 2 3 4 5 6A 6B 7 8 9 10 11 12 13 14 15 16 17 18
12Z AVG MX 2MIN
DY MAX MIN AVG DEP HDD CDD WTR SNW DPTH SPD SPD DIR MIN PSBL S-S WX SPD DR
================================================================================
1 90 50 70 8 0 5 0.00 M M 5.3 12 190 M M 0 15 40
2 89 49 69 7 0 4 0.00 M M 4.7 14 240 M M 0 19 290
3 89 47 68 7 0 3 0.00 M M 6.8 13 320 M M 0 17 320
4 88 46 67 6 0 2 0.00 M M 4.6 16 250 M M 0 20 270
5 87 51 69 9 0 4 0.00 M M 6.9 22 250 M M 0 29 250
6 86 49 68 8 0 3 0.00 M M 6.2 15 230 M M 0 19 240
7 85 48 67 7 0 2 0.00 M M 6.3 16 200 M M 0 22 240
8 83 49 66 7 0 1 0.00 M M 4.7 14 240 M M 0 18 90
9 81 50 66 7 0 1 0.00 M M 7.2 18 170 M M 0 33 130
10 78 50 64 5 1 0 0.00 M M 8.1 17 220 M M 0 23 240
11 77 47 62 4 3 0 0.00 M M 8.0 18 230 M M 0 25 230
12 83 45 64 6 1 0 0.00 M M 5.9 14 350 M M 0 18 50
13 86 47 67 9 0 2 0.00 M M 5.7 13 280 M M 0 16 270
14 86 45 66 9 0 1 0.00 M M 6.3 15 250 M M 0 18 240
15 86 48 67 10 0 2 0.00 M M 7.5 17 320 M M 0 25 350
16 84 45 65 9 0 0 0.00 M M 4.6 13 350 M M 0 18 360
17 83 44 64 8 1 0 0.00 M M 6.6 16 240 M M 0 8 20 210
18 82 44 63 7 2 0 0.00 M M 6.8 18 250 M M 0 26 240
19 82 44 63 8 2 0 0.00 M M 5.7 12 190 M M 0 15 250
20 82 45 64 9 1 0 0.00 M M 5.9 15 340 M M 0 17 340
21 80 44 62 7 3 0 0.00 M M 5.9 15 240 M M 0 21 230
22 77 45 61 7 4 0 0.00 M M 7.9 16 230 M M 0 21 150
23 75 47 61 7 4 0 0.00 M M 7.9 15 230 M M 0 20 230
24 75 46 61 7 4 0 0.00 M M 7.0 16 220 M M 0 21 220
25 68 50 59 6 6 0 0.00 M M 11.5 28 220 M M 2 39 200
26 52 28 40 -13 25 0 0.00 M M 15.5 32 350 M M 4 40 350
27 53 22 38 -15 27 0 0.00 M M 8.2 20 20 M M 0 23 10
28 67 28 48 -4 17 0 0.00 0.0 0 4.8 12 130 M M 0 8 14 360
29 70 33 52 0 13 0 0.00 0.0 0 5.7 14 130 M M 0 19 120
30 72 34 53 1 12 0 0.00 0.0 0 4.0 10 190 M M 0 13 190
31 75 37 56 4 9 0 0.00 0.0 0 4.0 12 190 M M 0 15 50
================================================================================
SM 2451 1357 135 30 0.00 0.0 206.2 M 6
================================================================================
AV 79.1 43.8 6.7 FASTST M M 0 MAX(MPH)
MISC ----> # 32 350 # 40 350
================================================================================
NOTES:
# LAST OF SEVERAL OCCURRENCES
COLUMN 17 PEAK WIND IN M.P.H.
PRELIMINARY LOCAL CLIMATOLOGICAL DATA (WS FORM: F-6) , PAGE 2
STATION: PRESCOTT AZ AIRPORT
MONTH: OCTOBER
YEAR: 2020
LATITUDE: 34 39 N
LONGITUDE: 112 26 W
[TEMPERATURE DATA] [PRECIPITATION DATA] SYMBOLS USED IN COLUMN 16
AVERAGE MONTHLY: 61.4 TOTAL FOR MONTH: 0.00 1 = FOG OR MIST
DPTR FM NORMAL: 4.9 DPTR FM NORMAL: -0.92 2 = FOG REDUCING VISIBILITY
HIGHEST: 90 ON 1 GRTST 24HR 0.00 ON 31-31 TO 1/4 MILE OR LESS
LOWEST: 22 ON 27 3 = THUNDER
SNOW, ICE PELLETS, HAIL 4 = ICE PELLETS
TOTAL MONTH: 0.0 INCH 5 = HAIL
GRTST 24HR 0.0 6 = FREEZING RAIN OR DRIZZLE
GRTST DEPTH: 0 7 = DUSTSTORM OR SANDSTORM:
VSBY 1/2 MILE OR LESS
8 = SMOKE OR HAZE
[NO. OF DAYS WITH] [WEATHER - DAYS WITH] 9 = BLOWING SNOW
X = TORNADO
MAX 32 OR BELOW: 0 0.01 INCH OR MORE: 0
MAX 90 OR ABOVE: 1 0.10 INCH OR MORE: 0
MIN 32 OR BELOW: 3 0.50 INCH OR MORE: 0
MIN 0 OR BELOW: 0 1.00 INCH OR MORE: 0
[HDD (BASE 65) ]
TOTAL THIS MO. 135 CLEAR (SCALE 0-3) 30
DPTR FM NORMAL -133 PTCLDY (SCALE 4-7) 1
TOTAL FM JUL 1 155 CLOUDY (SCALE 8-10) 0
DPTR FM NORMAL -151
[CDD (BASE 65) ]
TOTAL THIS MO. 30
DPTR FM NORMAL 24 [PRESSURE DATA]
TOTAL FM JAN 1 1302 HIGHEST SLP M ON M
DPTR FM NORMAL 361 LOWEST SLP 29.53 ON 25
[REMARKS]
#FINAL-10-20#