000
CXUS54 KMAF 011110
CF6PRS
PRELIMINARY LOCAL CLIMATOLOGICAL DATA (WS FORM: F-6)
STATION: PRESIDIO LELY
MONTH: MAY
YEAR: 2023
LATITUDE: 29 38 N
LONGITUDE: 104 22 W
TEMPERATURE IN F: :PCPN: SNOW: WIND :SUNSHINE: SKY :PK WND
================================================================================
1 2 3 4 5 6A 6B 7 8 9 10 11 12 13 14 15 16 17 18
12Z AVG MX 2MIN
DY MAX MIN AVG DEP HDD CDD WTR SNW DPTH SPD SPD DIR MIN PSBL S-S WX SPD DR
================================================================================
1 94 67 81 M 0 16 M M M 5.9 16 40 M M 0 25 40
2 94 72 83 M 0 18 M M M 7.1 21 40 M M 0 36 160
3 88 66 77 M 0 12 M M M 7.2 16 60 M M 0 25 60
4 90 71 81 M 0 16 M M M 7.2 18 220 M M 4 24 170
5 93 62 78 M 0 13 M M M 5.4 12 190 M M 0 23 170
6 94 58 76 M 0 11 M M M 3.4 9 310 M M 0 16 180
7 95 62 79 M 0 14 M M M 5.8 14 220 M M 0 28 230
8 98 67 83 M 0 18 M M M 8.1 22 80 M M 0 31 80
9 97 67 82 M 0 17 M M M 6.9 22 50 M M 0 35 40
10 97 68 83 M 0 18 M M M 6.5 20 60 M M 0 30 60
11 89 60 75 M 0 10 M M M 6.3 21 290 M M 0 26 290
12 95 62 79 M 0 14 M M M 8.2 25 30 M M 1 3 37 150
13 86 62 74 M 0 9 M M M 12.4 26 50 M M 1 35 50
14 85 63 74 M 0 9 M M M 9.0 15 70 M M 2 24 80
15 73 60 67 M 0 2 0.49 M M 6.3 18 170 M M 5 3 30 170
16 85 59 72 M 0 7 M M M 5.0 14 360 M M 0 22 360
17 91 64 78 M 0 13 M M M 4.7 10 40 M M 0 16 40
18 91 69 80 M 0 15 M M M 4.7 17 140 M M 3 36 110
19 88 66 77 M 0 12 M M M 5.6 18 210 M M 2 31 130
20 83 68 76 M 0 11 M M M 12.3 23 10 M M 1 29 10
21 90 62 76 M 0 11 M M M 5.6 10 50 M M 0 20 50
22 94 68 81 M 0 16 0.01 M M 8.7 18 70 M M 1 3 32 70
23 95 64 80 M 0 15 M M M 4.5 15 50 M M 0 23 50
24 99 72 86 M 0 21 M M M 8.6 26 50 M M 0 44 40
25 94 72 83 M 0 18 0.10 M M 11.7 24 10 M M 1 37 10
26 96 60 78 M 0 13 1.07 M M 7.8 24 50 M M 0 3 31 50
27 92 62 77 M 0 12 0.77 M M 7.7 21 90 M M 1 3 30 90
28 73 63 68 M 0 3 0.01 M M 5.1 24 240 M M 2 32 240
29 92 59 76 M 0 11 M M M 3.7 8 180 M M 0 M M
30 96 67 82 M 0 17 M M M 5.1 13 190 M M 0 20 40
31 99 73 86 M 0 21 M M M 10.8 20 80 M M 0 26 150
================================================================================
SM 2826 2015 0 413 2.45 M 217.5 M 24
================================================================================
AV 91.2 65.0 7.0 FASTST M M 1 MAX(MPH)
MISC ----> # 26 50 44 40
================================================================================
NOTES:
# LAST OF SEVERAL OCCURRENCES
COLUMN 17 PEAK WIND IN M.P.H.
PRELIMINARY LOCAL CLIMATOLOGICAL DATA (WS FORM: F-6) , PAGE 2
STATION: PRESIDIO LELY
MONTH: MAY
YEAR: 2023
LATITUDE: 29 38 N
LONGITUDE: 104 22 W
[TEMPERATURE DATA] [PRECIPITATION DATA] SYMBOLS USED IN COLUMN 16
AVERAGE MONTHLY: 78.1 TOTAL FOR MONTH: 2.45 1 = FOG OR MIST
DPTR FM NORMAL: 0.0 DPTR FM NORMAL: M 2 = FOG REDUCING VISIBILITY
HIGHEST: 99 ON 31,24 GRTST 24HR 1.07 ON 26-26 TO 1/4 MILE OR LESS
LOWEST: 58 ON 6 3 = THUNDER
SNOW, ICE PELLETS, HAIL 4 = ICE PELLETS
TOTAL MONTH: M 5 = HAIL
GRTST 24HR M ON M 6 = FREEZING RAIN OR DRIZZLE
GRTST DEPTH: M ON M 7 = DUSTSTORM OR SANDSTORM:
VSBY 1/2 MILE OR LESS
8 = SMOKE OR HAZE
[NO. OF DAYS WITH] [WEATHER - DAYS WITH] 9 = BLOWING SNOW
X = TORNADO
MAX 32 OR BELOW: 0 0.01 INCH OR MORE: 6
MAX 90 OR ABOVE: 22 0.10 INCH OR MORE: 4
MIN 32 OR BELOW: 0 0.50 INCH OR MORE: 2
MIN 0 OR BELOW: 0 1.00 INCH OR MORE: 1
[HDD (BASE 65) ]
TOTAL THIS MO. 0 CLEAR (SCALE 0-3) 29
DPTR FM NORMAL M PTCLDY (SCALE 4-7) 2
TOTAL FM JUL 1 1222 CLOUDY (SCALE 8-10) 0
DPTR FM NORMAL M
[CDD (BASE 65) ]
TOTAL THIS MO. 413
DPTR FM NORMAL M [PRESSURE DATA]
TOTAL FM JAN 1 721 HIGHEST SLP M ON M
DPTR FM NORMAL M LOWEST SLP M ON M
[REMARKS]
#FINAL-05-23#