000
CXUS54 KMAF 011110
CF6PRS
PRELIMINARY LOCAL CLIMATOLOGICAL DATA (WS FORM: F-6)
STATION: PRESIDIO LELY
MONTH: APRIL
YEAR: 2023
LATITUDE: 29 38 N
LONGITUDE: 104 22 W
TEMPERATURE IN F: :PCPN: SNOW: WIND :SUNSHINE: SKY :PK WND
================================================================================
1 2 3 4 5 6A 6B 7 8 9 10 11 12 13 14 15 16 17 18
12Z AVG MX 2MIN
DY MAX MIN AVG DEP HDD CDD WTR SNW DPTH SPD SPD DIR MIN PSBL S-S WX SPD DR
================================================================================
1 85 51 68 M 0 3 M M M 3.7 12 40 M M 0 20 40
2 86 55 71 M 0 6 M M M 7.0 15 310 M M 0 28 270
3 90 52 71 M 0 6 M M M 4.1 12 350 M M 0 18 210
4 91 63 77 M 0 12 M M M 8.1 20 220 M M 0 30 220
5 75 50 63 M 2 0 M M M 7.5 16 50 M M 0 24 50
6 76 55 66 M 0 1 M M M 14.1 21 50 M M 0 30 50
7 74 52 63 M 2 0 M M M 11.1 15 60 M M 1 23 40
8 83 51 67 M 0 2 M M M 6.4 15 40 M M 0 24 40
9 88 60 74 M 0 9 M M M 7.4 20 40 M M 0 29 40
10 85 61 73 M 0 8 M M M 12.0 18 40 M M 2 24 40
11 87 58 73 M 0 8 M M M 7.6 14 80 M M 0 29 70
12 89 60 75 M 0 10 M M M 6.7 14 100 M M 0 17 100
13 90 64 77 M 0 12 M M M 5.7 16 170 M M 0 23 0
14 87 67 77 M 0 12 M M M 11.1 21 240 M M 0 33 240
15 85 56 71 M 0 6 M M M 6.4 17 290 M M 0 30 290
16 83 63 73 M 0 8 M M M 12.3 22 40 M M 0 29 40
17 88 61 75 M 0 10 M M M 8.2 15 50 M M 0 22 90
18 90 63 77 M 0 12 M M M 7.0 14 20 M M 0 20 120
19 90 55 73 M 0 8 M M M 5.5 14 250 M M 0 20 0
20 89 58 74 M 0 9 M M M 7.2 20 270 M M 0 25 270
21 86 55 71 M 0 6 M M M 5.6 15 350 M M 0 24 350
22 93 56 75 M 0 10 M M M 6.9 23 10 M M 0 31 10
23 77 54 66 M 0 1 M M M 15.3 23 360 M M 2 30 360
24 87 49 68 M 0 3 M M M 6.7 16 40 M M 0 28 30
25 89 54 72 M 0 7 M M M 5.8 17 30 M M 0 24 30
26 89 57 73 M 0 8 M M M 8.0 18 360 M M 0 24 300
27 86 58 72 M 0 7 M M M 8.0 22 10 M M 0 32 10
28 92 58 75 M 0 10 M M M 11.8 31 20 M M 0 40 20
29 79 49 64 M 1 0 M M M 3.9 13 60 M M 0 17 60
30 93 54 74 M 0 9 M M M 5.4 15 240 M M 0 16 170
================================================================================
SM 2582 1699 5 203 M M 236.4 M 5
================================================================================
AV 86.1 56.6 7.9 FASTST M M 0 MAX(MPH)
MISC ----> 31 20 40 20
================================================================================
NOTES:
# LAST OF SEVERAL OCCURRENCES
COLUMN 17 PEAK WIND IN M.P.H.
PRELIMINARY LOCAL CLIMATOLOGICAL DATA (WS FORM: F-6) , PAGE 2
STATION: PRESIDIO LELY
MONTH: APRIL
YEAR: 2023
LATITUDE: 29 38 N
LONGITUDE: 104 22 W
[TEMPERATURE DATA] [PRECIPITATION DATA] SYMBOLS USED IN COLUMN 16
AVERAGE MONTHLY: 71.4 TOTAL FOR MONTH: M 1 = FOG OR MIST
DPTR FM NORMAL: 0.0 DPTR FM NORMAL: M 2 = FOG REDUCING VISIBILITY
HIGHEST: 93 ON 30,22 GRTST 24HR M ON M TO 1/4 MILE OR LESS
LOWEST: 49 ON 29,24 3 = THUNDER
SNOW, ICE PELLETS, HAIL 4 = ICE PELLETS
TOTAL MONTH: M 5 = HAIL
GRTST 24HR M ON M 6 = FREEZING RAIN OR DRIZZLE
GRTST DEPTH: M ON M 7 = DUSTSTORM OR SANDSTORM:
VSBY 1/2 MILE OR LESS
8 = SMOKE OR HAZE
[NO. OF DAYS WITH] [WEATHER - DAYS WITH] 9 = BLOWING SNOW
X = TORNADO
MAX 32 OR BELOW: 0 0.01 INCH OR MORE: 0
MAX 90 OR ABOVE: 8 0.10 INCH OR MORE: 0
MIN 32 OR BELOW: 0 0.50 INCH OR MORE: 0
MIN 0 OR BELOW: 0 1.00 INCH OR MORE: 0
[HDD (BASE 65) ]
TOTAL THIS MO. 5 CLEAR (SCALE 0-3) 30
DPTR FM NORMAL M PTCLDY (SCALE 4-7) 0
TOTAL FM JUL 1 1222 CLOUDY (SCALE 8-10) 0
DPTR FM NORMAL M
[CDD (BASE 65) ]
TOTAL THIS MO. 203
DPTR FM NORMAL M [PRESSURE DATA]
TOTAL FM JAN 1 308 HIGHEST SLP M ON M
DPTR FM NORMAL M LOWEST SLP M ON M
[REMARKS]
#FINAL-04-23#