000
CXUS54 KMAF 011110
CF6PRS
PRELIMINARY LOCAL CLIMATOLOGICAL DATA (WS FORM: F-6)
STATION: PRESIDIO LELY
MONTH: MARCH
YEAR: 2023
LATITUDE: 29 38 N
LONGITUDE: 104 22 W
TEMPERATURE IN F: :PCPN: SNOW: WIND :SUNSHINE: SKY :PK WND
================================================================================
1 2 3 4 5 6A 6B 7 8 9 10 11 12 13 14 15 16 17 18
12Z AVG MX 2MIN
DY MAX MIN AVG DEP HDD CDD WTR SNW DPTH SPD SPD DIR MIN PSBL S-S WX SPD DR
================================================================================
1 81 54 68 M 0 3 M M M 10.0 24 200 M M 0 37 200
2 77 46 62 M 3 0 M M M 19.1 43 300 M M 0 59 300
3 68 33 51 M 14 0 M M M 5.1 14 250 M M 0 16 230
4 78 38 58 M 7 0 M M M 4.3 10 350 M M 0 M M
5 84 43 64 M 1 0 M M M 5.4 13 360 M M 0 M M
6 85 47 66 M 0 1 M M M 4.2 13 350 M M 0 M M
7 84 49 67 M 0 2 M M M 3.1 8 350 M M 0 M M
8 84 53 69 M 0 4 M M M 4.7 17 10 M M 0 28 50
9 82 55 69 M 0 4 M M M 3.7 13 10 M M 0 18 30
10 86 57 72 M 0 7 M M M 5.8 12 10 M M 0 17 10
11 89 56 73 M 0 8 M M M 7.2 14 300 M M 0 28 280
12 83 63 73 M 0 8 M M M 8.7 17 280 M M 0 25 270
13 83 62 73 M 0 8 M M M 6.5 16 20 M M 1 26 40
14 81 54 68 M 0 3 M M M 6.0 13 40 M M 0 18 20
15 84 55 70 M 0 5 M M M 6.0 15 30 M M 0 21 30
16 84 55 70 M 0 5 M M M 9.8 26 280 M M 3 36 280
17 64 42 53 M 12 0 0.10 M M 11.0 23 10 M M 10 30 10
18 44 37 41 M 24 0 0.24 M M 11.5 18 40 M M 9 26 40
19 50 38 44 M 21 0 M M M 6.4 13 70 M M 10 18 70
20 70 42 56 M 9 0 M M M 2.4 6 10 M M 2 M M
21 79 51 65 M 0 0 M M M 5.5 9 350 M M 0 M M
22 88 55 72 M 0 7 M M M 4.9 9 350 M M 0 18 260
23 87 57 72 M 0 7 M M M 7.5 17 220 M M 0 26 220
24 77 49 63 M 2 0 M M M 10.3 21 300 M M 0 28 260
25 74 43 59 M 6 0 M M M 5.1 14 280 M M 0 18 280
26 80 47 64 M 1 0 M M M 4.9 10 240 M M 0 M M
27 83 51 67 M 0 2 M M M 6.4 13 360 M M 0 17 350
28 68 50 59 M 6 0 M M M 15.5 23 60 M M 5 31 360
29 79 42 61 M 4 0 M M M 3.4 13 30 M M 0 18 30
30 85 60 73 M 0 8 M M M 7.7 20 180 M M 1 28 180
31 77 52 65 M 0 0 M M M 9.6 21 300 M M 0 28 300
================================================================================
SM 2418 1536 110 82 0.34 M 222.0 M 41
================================================================================
AV 78.0 49.5 7.2 FASTST M M 1 MAX(MPH)
MISC ----> 43 300 59 300
================================================================================
NOTES:
# LAST OF SEVERAL OCCURRENCES
COLUMN 17 PEAK WIND IN M.P.H.
PRELIMINARY LOCAL CLIMATOLOGICAL DATA (WS FORM: F-6) , PAGE 2
STATION: PRESIDIO LELY
MONTH: MARCH
YEAR: 2023
LATITUDE: 29 38 N
LONGITUDE: 104 22 W
[TEMPERATURE DATA] [PRECIPITATION DATA] SYMBOLS USED IN COLUMN 16
AVERAGE MONTHLY: 63.8 TOTAL FOR MONTH: 0.34 1 = FOG OR MIST
DPTR FM NORMAL: 0.0 DPTR FM NORMAL: M 2 = FOG REDUCING VISIBILITY
HIGHEST: 89 ON 11 GRTST 24HR 0.24 ON 18-18 TO 1/4 MILE OR LESS
LOWEST: 33 ON 3 3 = THUNDER
SNOW, ICE PELLETS, HAIL 4 = ICE PELLETS
TOTAL MONTH: M 5 = HAIL
GRTST 24HR M ON M 6 = FREEZING RAIN OR DRIZZLE
GRTST DEPTH: M ON M 7 = DUSTSTORM OR SANDSTORM:
VSBY 1/2 MILE OR LESS
8 = SMOKE OR HAZE
[NO. OF DAYS WITH] [WEATHER - DAYS WITH] 9 = BLOWING SNOW
X = TORNADO
MAX 32 OR BELOW: 0 0.01 INCH OR MORE: 2
MAX 90 OR ABOVE: 0 0.10 INCH OR MORE: 2
MIN 32 OR BELOW: 0 0.50 INCH OR MORE: 0
MIN 0 OR BELOW: 0 1.00 INCH OR MORE: 0
[HDD (BASE 65) ]
TOTAL THIS MO. 110 CLEAR (SCALE 0-3) 27
DPTR FM NORMAL M PTCLDY (SCALE 4-7) 1
TOTAL FM JUL 1 1217 CLOUDY (SCALE 8-10) 3
DPTR FM NORMAL M
[CDD (BASE 65) ]
TOTAL THIS MO. 82
DPTR FM NORMAL M [PRESSURE DATA]
TOTAL FM JAN 1 105 HIGHEST SLP M ON M
DPTR FM NORMAL M LOWEST SLP M ON M
[REMARKS]
#FINAL-03-23#