000
CXUS54 KMAF 011210
CF6PRS
PRELIMINARY LOCAL CLIMATOLOGICAL DATA (WS FORM: F-6)
STATION: PRESIDIO LELY
MONTH: FEBRUARY
YEAR: 2023
LATITUDE: 29 38 N
LONGITUDE: 104 22 W
TEMPERATURE IN F: :PCPN: SNOW: WIND :SUNSHINE: SKY :PK WND
================================================================================
1 2 3 4 5 6A 6B 7 8 9 10 11 12 13 14 15 16 17 18
12Z AVG MX 2MIN
DY MAX MIN AVG DEP HDD CDD WTR SNW DPTH SPD SPD DIR MIN PSBL S-S WX SPD DR
================================================================================
1 45 39 42 M 23 0 0.42 M M 6.7 22 50 M M 9 29 50
2 64 44 54 M 11 0 0.02 M M 6.8 17 290 M M 4 12 24 290
3 63 38 51 M 14 0 M M M 6.5 13 20 M M 0 17 60
4 67 37 52 M 13 0 M M M 2.9 8 360 M M 0 M M
5 76 40 58 M 7 0 M M M 3.3 10 360 M M 0 M M
6 83 48 66 M 0 1 M M M 5.6 10 350 M M 0 M M
7 66 46 56 M 9 0 M M M 8.2 21 360 M M 0 32 360
8 62 33 48 M 17 0 M M M 4.7 16 350 M M 0 23 10
9 68 35 52 M 13 0 M M M 7.1 35 360 M M 0 40 360
10 53 35 44 M 21 0 M M M 8.9 24 360 M M 0 31 360
11 59 31 45 M 20 0 M M M 4.4 9 360 M M 0 M M
12 64 44 54 M 11 0 M M M 2.9 8 350 M M 0 M M
13 72 47 60 M 5 0 M M M 4.3 20 290 M M 0 26 290
14 69 40 55 M 10 0 M M M 10.3 24 230 M M 0 39 240
15 82 49 66 M 0 1 M M M 11.8 26 270 M M 0 32 270
16 58 36 47 M 18 0 M M M 6.0 14 20 M M 0 24 310
17 57 33 45 M 20 0 M M M 9.6 15 50 M M 0 22 30
18 60 44 52 M 13 0 M M M 4.4 14 90 M M 3 21 90
19 67 47 57 M 8 0 M M M 2.9 8 260 M M 0 M M
20 78 44 61 M 4 0 M M M 3.5 8 350 M M 0 M M
21 84 51 68 M 0 3 M M M 8.4 24 190 M M 3 33 190
22 80 51 66 M 0 1 M M M 12.6 26 230 M M 0 35 230
23 81 55 68 M 0 3 M M M 5.7 13 210 M M 0 18 210
24 78 55 67 M 0 2 M M M 5.2 15 30 M M 0 21 30
25 79 57 68 M 0 3 M M M 5.3 12 20 M M 0 20 20
26 92 55 74 M 0 9 M M M 13.4 30 240 M M 0 45 210
27 74 42 58 M 7 0 M M M 7.8 25 280 M M 0 38 280
28 79 44 62 M 3 0 M M M 4.1 9 350 M M 0 M M
================================================================================
SM 1960 1220 247 23 0.44 M 183.3 M 19
================================================================================
AV 70.0 43.6 6.5 FASTST M M 1 MAX(MPH)
MISC ----> 35 360 45 210
================================================================================
NOTES:
# LAST OF SEVERAL OCCURRENCES
COLUMN 17 PEAK WIND IN M.P.H.
PRELIMINARY LOCAL CLIMATOLOGICAL DATA (WS FORM: F-6) , PAGE 2
STATION: PRESIDIO LELY
MONTH: FEBRUARY
YEAR: 2023
LATITUDE: 29 38 N
LONGITUDE: 104 22 W
[TEMPERATURE DATA] [PRECIPITATION DATA] SYMBOLS USED IN COLUMN 16
AVERAGE MONTHLY: 56.8 TOTAL FOR MONTH: 0.44 1 = FOG OR MIST
DPTR FM NORMAL: 0.0 DPTR FM NORMAL: 0.44 2 = FOG REDUCING VISIBILITY
HIGHEST: 92 ON 26 GRTST 24HR 0.42 ON 1- 1 TO 1/4 MILE OR LESS
LOWEST: 31 ON 11 3 = THUNDER
SNOW, ICE PELLETS, HAIL 4 = ICE PELLETS
TOTAL MONTH: M 5 = HAIL
GRTST 24HR M ON M 6 = FREEZING RAIN OR DRIZZLE
GRTST DEPTH: M ON M 7 = DUSTSTORM OR SANDSTORM:
VSBY 1/2 MILE OR LESS
8 = SMOKE OR HAZE
[NO. OF DAYS WITH] [WEATHER - DAYS WITH] 9 = BLOWING SNOW
X = TORNADO
MAX 32 OR BELOW: 0 0.01 INCH OR MORE: 2
MAX 90 OR ABOVE: 1 0.10 INCH OR MORE: 1
MIN 32 OR BELOW: 1 0.50 INCH OR MORE: 0
MIN 0 OR BELOW: 0 1.00 INCH OR MORE: 0
[HDD (BASE 65) ]
TOTAL THIS MO. 247 CLEAR (SCALE 0-3) 25
DPTR FM NORMAL M PTCLDY (SCALE 4-7) 2
TOTAL FM JUL 1 1107 CLOUDY (SCALE 8-10) 1
DPTR FM NORMAL M
[CDD (BASE 65) ]
TOTAL THIS MO. 23
DPTR FM NORMAL M [PRESSURE DATA]
TOTAL FM JAN 1 23 HIGHEST SLP M ON M
DPTR FM NORMAL M LOWEST SLP M ON M
[REMARKS]
#FINAL-02-23#