000
CXUS54 KMAF 011110
CF6PRS
PRELIMINARY LOCAL CLIMATOLOGICAL DATA (WS FORM: F-6)
STATION: PRESIDIO LELY
MONTH: OCTOBER
YEAR: 2022
LATITUDE: 29 38 N
LONGITUDE: 104 22 W
TEMPERATURE IN F: :PCPN: SNOW: WIND :SUNSHINE: SKY :PK WND
================================================================================
1 2 3 4 5 6A 6B 7 8 9 10 11 12 13 14 15 16 17 18
12Z AVG MX 2MIN
DY MAX MIN AVG DEP HDD CDD WTR SNW DPTH SPD SPD DIR MIN PSBL S-S WX SPD DR
================================================================================
1 88 66 77 M 0 12 M M M 8.4 18 40 M M 1 25 40
2 87 65 76 M 0 11 M M M 9.4 20 50 M M 0 28 50
3 87 62 75 M 0 10 M M M 8.0 13 30 M M 0 18 30
4 87 63 75 M 0 10 M M M 5.6 15 50 M M 0 17 40
5 85 64 75 M 0 10 M M M 6.7 18 360 M M 2 25 360
6 82 65 74 M 0 9 M M M 9.1 17 10 M M 5 28 100
7 82 66 74 M 0 9 M M M 9.4 15 120 M M 8 21 120
8 79 62 71 M 0 6 0.01 M M 8.8 16 40 M M 3 25 50
9 80 57 69 M 0 4 0.22 M M 3.6 15 10 M M 3 3 21 10
10 80 57 69 M 0 4 0.99 M M 4.2 21 310 M M 4 3 30 310
11 82 57 70 M 0 5 M M M 3.8 8 360 M M 1 M M
12 87 58 73 M 0 8 M M M 4.9 10 360 M M 0 M M
13 86 59 73 M 0 8 M M M 2.7 10 10 M M 0 16 10
14 87 65 76 M 0 11 M M M 5.5 10 10 M M 1 M M
15 92 65 79 M 0 14 M M M 6.5 17 280 M M 1 23 280
16 87 66 77 M 0 12 M M M 5.8 23 20 M M 4 32 20
17 68 57 63 M 2 0 0.12 M M 11.9 17 350 M M 10 22 340
18 62 54 58 M 7 0 M M M 8.5 16 60 M M 10 20 60
19 72 56 64 M 1 0 M M M 3.4 7 350 M M 3 M M
20 78 50 64 M 1 0 M M M 3.7 9 360 M M 0 M M
21 85 53 69 M 0 4 M M M 3.7 9 350 M M 0 M M
22 89 58 74 M 0 9 M M M 4.4 8 360 M M 0 M M
23 90 64 77 M 0 12 M M M 6.2 14 180 M M 1 21 140
24 83 49 66 M 0 1 M M M 13.0 32 290 M M 1 47 290
25 73 41 57 M 8 0 0.03 M M 3.1 8 350 M M 0 M M
26 79 46 63 M 2 0 M M M 3.9 9 350 M M 0 M M
27 83 50 67 M 0 2 M M M 4.7 9 360 M M 0 24 260
28 70 49 60 M 5 0 M M M 9.7 20 280 M M 0 24 280
29 71 45 58 M 7 0 M M M 3.7 9 10 M M 0 M M
30 74 46 60 M 5 0 M M M 4.2 13 40 M M 0 18 40
31 76 56 66 M 0 1 M M M 5.8 15 40 M M 4 24 360
================================================================================
SM 2511 1771 38 172 1.37 M 192.5 M 62
================================================================================
AV 81.0 57.1 6.2 FASTST M M 2 MAX(MPH)
MISC ----> 32 290 47 290
================================================================================
NOTES:
# LAST OF SEVERAL OCCURRENCES
COLUMN 17 PEAK WIND IN M.P.H.
PRELIMINARY LOCAL CLIMATOLOGICAL DATA (WS FORM: F-6) , PAGE 2
STATION: PRESIDIO LELY
MONTH: OCTOBER
YEAR: 2022
LATITUDE: 29 38 N
LONGITUDE: 104 22 W
[TEMPERATURE DATA] [PRECIPITATION DATA] SYMBOLS USED IN COLUMN 16
AVERAGE MONTHLY: 69.1 TOTAL FOR MONTH: 1.37 1 = FOG OR MIST
DPTR FM NORMAL: 0.0 DPTR FM NORMAL: M 2 = FOG REDUCING VISIBILITY
HIGHEST: 92 ON 15 GRTST 24HR 0.99 ON 10-10 TO 1/4 MILE OR LESS
LOWEST: 41 ON 25 3 = THUNDER
SNOW, ICE PELLETS, HAIL 4 = ICE PELLETS
TOTAL MONTH: M 5 = HAIL
GRTST 24HR M ON M 6 = FREEZING RAIN OR DRIZZLE
GRTST DEPTH: M ON M 7 = DUSTSTORM OR SANDSTORM:
VSBY 1/2 MILE OR LESS
8 = SMOKE OR HAZE
[NO. OF DAYS WITH] [WEATHER - DAYS WITH] 9 = BLOWING SNOW
X = TORNADO
MAX 32 OR BELOW: 0 0.01 INCH OR MORE: 5
MAX 90 OR ABOVE: 2 0.10 INCH OR MORE: 3
MIN 32 OR BELOW: 0 0.50 INCH OR MORE: 1
MIN 0 OR BELOW: 0 1.00 INCH OR MORE: 0
[HDD (BASE 65) ]
TOTAL THIS MO. 38 CLEAR (SCALE 0-3) 21
DPTR FM NORMAL M PTCLDY (SCALE 4-7) 8
TOTAL FM JUL 1 38 CLOUDY (SCALE 8-10) 2
DPTR FM NORMAL M
[CDD (BASE 65) ]
TOTAL THIS MO. 172
DPTR FM NORMAL M [PRESSURE DATA]
TOTAL FM JAN 1 3648 HIGHEST SLP M ON M
DPTR FM NORMAL M LOWEST SLP M ON M
[REMARKS]
#FINAL-10-22#