000
CXUS54 KMAF 011210
CF6PRS
PRELIMINARY LOCAL CLIMATOLOGICAL DATA (WS FORM: F-6)
STATION: PRESIDIO LELY
MONTH: FEBRUARY
YEAR: 2024
LATITUDE: 29 38 N
LONGITUDE: 104 22 W
TEMPERATURE IN F: :PCPN: SNOW: WIND :SUNSHINE: SKY :PK WND
================================================================================
1 2 3 4 5 6A 6B 7 8 9 10 11 12 13 14 15 16 17 18
12Z AVG MX 2MIN
DY MAX MIN AVG DEP HDD CDD WTR SNW DPTH SPD SPD DIR MIN PSBL S-S WX SPD DR
================================================================================
1 75 43 59 M 6 0 M M M 3.1 9 10 M M 0 M M
2 80 51 66 M 0 1 M M M 10.2 26 200 M M 1 36 200
3 67 45 56 M 9 0 M M M 13.6 29 240 M M 2 40 280
4 67 42 55 M 10 0 M M M 13.8 24 290 M M 0 31 290
5 69 41 55 M 10 0 M M M 3.3 9 60 M M 0 M M
6 71 50 61 M 4 0 M M M 7.3 17 40 M M 0 21 40
7 84 51 68 M 0 3 M M M 8.6 35 240 M M 0 44 240
8 60 40 50 M 15 0 M M M 1.8 7 350 M M 0 M M
9 64 45 55 M 10 0 M M M 2.3 6 260 M M 0 M M
10 73 47 60 M 5 0 M M M 9.7 25 290 M M 0 38 290
11 58 39 49 M 16 0 M M M 13.7 26 280 M M 3 33 290
12 60 30 45 M 20 0 M M M 3.7 7 360 M M 0 M M
13 71 35 53 M 12 0 M M M 4.5 12 350 M M 0 M M
14 74 40 57 M 8 0 M M M 5.1 10 360 M M 0 M M
15 66 46 56 M 9 0 M M M 4.2 10 340 M M 0 M M
16 74 53 64 M 1 0 M M M 4.8 14 270 M M 0 21 270
17 61 41 51 M 14 0 0.07 M M 14.0 20 40 M M 0 28 20
18 63 34 49 M 16 0 M M M 4.7 12 20 M M 0 16 20
19 78 40 59 M 6 0 M M M 3.8 8 350 M M 0 M M
20 83 46 65 M 0 0 M M M 3.9 13 360 M M 0 M M
21 91 47 69 M 0 4 M M M 6.3 17 300 M M 0 25 300
22 78 50 64 M 1 0 M M M 5.7 12 280 M M 0 21 280
23 75 51 63 M 2 0 M M M 5.9 14 30 M M 0 22 30
24 82 50 66 M 0 1 M M M 5.1 12 10 M M 0 M M
25 87 52 70 M 0 5 M M M 4.4 12 350 M M 0 M M
26 90 54 72 M 0 7 M M M 4.9 10 350 M M 0 M M
27 84 60 72 M 0 7 M M M 6.1 16 230 M M 2 23 230
28 75 42 59 M 6 0 0.16 M M 11.6 21 10 M M 10 3 25 50
29 65 40 53 M 12 0 M M M 5.4 15 50 M M 2 22 50
================================================================================
SM 2125 1305 192 28 0.23 M 191.5 M 20
================================================================================
AV 73.3 45.0 6.6 FASTST M M 1 MAX(MPH)
MISC ----> 35 240 44 240
================================================================================
NOTES:
# LAST OF SEVERAL OCCURRENCES
COLUMN 17 PEAK WIND IN M.P.H.
PRELIMINARY LOCAL CLIMATOLOGICAL DATA (WS FORM: F-6) , PAGE 2
STATION: PRESIDIO LELY
MONTH: FEBRUARY
YEAR: 2024
LATITUDE: 29 38 N
LONGITUDE: 104 22 W
[TEMPERATURE DATA] [PRECIPITATION DATA] SYMBOLS USED IN COLUMN 16
AVERAGE MONTHLY: 59.1 TOTAL FOR MONTH: 0.23 1 = FOG OR MIST
DPTR FM NORMAL: 0.0 DPTR FM NORMAL: M 2 = FOG REDUCING VISIBILITY
HIGHEST: 91 ON 21 GRTST 24HR 0.16 ON 28-28 TO 1/4 MILE OR LESS
LOWEST: 30 ON 12 3 = THUNDER
SNOW, ICE PELLETS, HAIL 4 = ICE PELLETS
TOTAL MONTH: M 5 = HAIL
GRTST 24HR M ON M 6 = FREEZING RAIN OR DRIZZLE
GRTST DEPTH: M ON M 7 = DUSTSTORM OR SANDSTORM:
VSBY 1/2 MILE OR LESS
8 = SMOKE OR HAZE
[NO. OF DAYS WITH] [WEATHER - DAYS WITH] 9 = BLOWING SNOW
X = TORNADO
MAX 32 OR BELOW: 0 0.01 INCH OR MORE: 2
MAX 90 OR ABOVE: 2 0.10 INCH OR MORE: 1
MIN 32 OR BELOW: 1 0.50 INCH OR MORE: 0
MIN 0 OR BELOW: 0 1.00 INCH OR MORE: 0
[HDD (BASE 65) ]
TOTAL THIS MO. 192 CLEAR (SCALE 0-3) 28
DPTR FM NORMAL M PTCLDY (SCALE 4-7) 0
TOTAL FM JUL 1 1117 CLOUDY (SCALE 8-10) 1
DPTR FM NORMAL M
[CDD (BASE 65) ]
TOTAL THIS MO. 28
DPTR FM NORMAL M [PRESSURE DATA]
TOTAL FM JAN 1 28 HIGHEST SLP M ON M
DPTR FM NORMAL M LOWEST SLP M ON M
[REMARKS]
#FINAL-02-24#