000
CXUS54 KMAF 011110
CF6PRS
PRELIMINARY LOCAL CLIMATOLOGICAL DATA (WS FORM: F-6)
STATION: PRESIDIO LELY
MONTH: AUGUST
YEAR: 2022
LATITUDE: 29 38 N
LONGITUDE: 104 22 W
TEMPERATURE IN F: :PCPN: SNOW: WIND :SUNSHINE: SKY :PK WND
================================================================================
1 2 3 4 5 6A 6B 7 8 9 10 11 12 13 14 15 16 17 18
12Z AVG MX 2MIN
DY MAX MIN AVG DEP HDD CDD WTR SNW DPTH SPD SPD DIR MIN PSBL S-S WX SPD DR
================================================================================
1 101 76 89 M 0 24 M M M 6.4 16 50 M M 0 26 60
2 102 78 90 M 0 25 M M M 6.5 13 50 M M 1 18 50
3 105 80 93 M 0 28 M M M 5.7 10 50 M M 0 18 0
4 104 72 88 M 0 23 0.18 M M 5.6 14 350 M M 1 3 61 110
5 102 77 90 M 0 25 M M M 10.5 20 40 M M 0 30 40
6 99 79 89 M 0 24 M M M 10.5 22 50 M M 1 30 50
7 99 79 89 M 0 24 M M M 7.8 15 120 M M 3 22 120
8 98 72 85 M 0 20 0.61 M M 4.7 16 160 M M 2 3 29 160
9 99 74 87 M 0 22 M M M 8.2 17 70 M M 0 24 70
10 99 78 89 M 0 24 M M M 8.4 18 60 M M 2 28 50
11 99 78 89 M 0 24 M M M 10.5 23 10 M M 1 28 10
12 98 77 88 M 0 23 M M M 7.6 15 80 M M 2 23 10
13 98 77 88 M 0 23 M M M 6.2 15 80 M M 2 20 80
14 100 78 89 M 0 24 M M M 7.9 17 80 M M 1 22 60
15 95 76 86 M 0 21 M M M 12.7 25 70 M M 1 32 70
16 82 67 75 M 0 10 0.70 M M 9.5 15 50 M M 8 23 130
17 89 65 77 M 0 12 1.13 M M 5.8 20 140 M M 5 3 36 140
18 85 66 76 M 0 11 0.98 M M 3.4 22 210 M M 4 3 29 210
19 90 69 80 M 0 15 0.05 M M 6.3 16 130 M M 4 22 50
20 90 67 79 M 0 14 0.27 M M 4.0 8 140 M M 2 28 280
21 91 69 80 M 0 15 0.02 M M 4.6 13 300 M M 2 26 280
22 86 71 79 M 0 14 0.08 M M 4.2 15 350 M M 4 3 26 110
23 87 69 78 M 0 13 0.53 M M 3.6 13 360 M M 7 3 20 360
24 88 69 79 M 0 14 M M M 3.4 13 30 M M 7 21 30
25 84 72 78 M 0 13 M M M 4.1 18 360 M M 6 24 360
26 92 73 83 M 0 18 M M M 7.5 13 40 M M 4 18 50
27 92 73 83 M 0 18 M M M 4.6 10 10 M M 0 16 10
28 93 74 84 M 0 19 M M M 5.8 13 220 M M 0 23 220
29 95 73 84 M 0 19 M M M 4.7 16 50 M M 1 26 50
30 89 70 80 M 0 15 M M M 8.9 17 70 M M 5 22 70
31 77 67 72 M 0 7 1.34 M M 4.2 9 60 M M 7 M M
================================================================================
SM 2908 2265 0 581 5.89 M 203.8 M 83
================================================================================
AV 93.8 73.1 6.6 FASTST M M 3 MAX(MPH)
MISC ----> 25 70 61 110
================================================================================
NOTES:
# LAST OF SEVERAL OCCURRENCES
COLUMN 17 PEAK WIND IN M.P.H.
PRELIMINARY LOCAL CLIMATOLOGICAL DATA (WS FORM: F-6) , PAGE 2
STATION: PRESIDIO LELY
MONTH: AUGUST
YEAR: 2022
LATITUDE: 29 38 N
LONGITUDE: 104 22 W
[TEMPERATURE DATA] [PRECIPITATION DATA] SYMBOLS USED IN COLUMN 16
AVERAGE MONTHLY: 83.4 TOTAL FOR MONTH: 5.89 1 = FOG OR MIST
DPTR FM NORMAL: 0.0 DPTR FM NORMAL: M 2 = FOG REDUCING VISIBILITY
HIGHEST: 105 ON 3 GRTST 24HR 1.34 ON 31-31 TO 1/4 MILE OR LESS
LOWEST: 65 ON 17 3 = THUNDER
SNOW, ICE PELLETS, HAIL 4 = ICE PELLETS
TOTAL MONTH: M 5 = HAIL
GRTST 24HR M ON M 6 = FREEZING RAIN OR DRIZZLE
GRTST DEPTH: M ON M 7 = DUSTSTORM OR SANDSTORM:
VSBY 1/2 MILE OR LESS
8 = SMOKE OR HAZE
[NO. OF DAYS WITH] [WEATHER - DAYS WITH] 9 = BLOWING SNOW
X = TORNADO
MAX 32 OR BELOW: 0 0.01 INCH OR MORE: 11
MAX 90 OR ABOVE: 22 0.10 INCH OR MORE: 8
MIN 32 OR BELOW: 0 0.50 INCH OR MORE: 6
MIN 0 OR BELOW: 0 1.00 INCH OR MORE: 2
[HDD (BASE 65) ]
TOTAL THIS MO. 0 CLEAR (SCALE 0-3) 19
DPTR FM NORMAL M PTCLDY (SCALE 4-7) 11
TOTAL FM JUL 1 0 CLOUDY (SCALE 8-10) 1
DPTR FM NORMAL M
[CDD (BASE 65) ]
TOTAL THIS MO. 581
DPTR FM NORMAL M [PRESSURE DATA]
TOTAL FM JAN 1 3036 HIGHEST SLP M ON M
DPTR FM NORMAL M LOWEST SLP M ON M
[REMARKS]
#FINAL-08-22#