000
CXUS54 KMAF 011210
CF6PRS
PRELIMINARY LOCAL CLIMATOLOGICAL DATA (WS FORM: F-6)
STATION: PRESIDIO LELY
MONTH: DECEMBER
YEAR: 2023
LATITUDE: 29 38 N
LONGITUDE: 104 22 W
TEMPERATURE IN F: :PCPN: SNOW: WIND :SUNSHINE: SKY :PK WND
================================================================================
1 2 3 4 5 6A 6B 7 8 9 10 11 12 13 14 15 16 17 18
12Z AVG MX 2MIN
DY MAX MIN AVG DEP HDD CDD WTR SNW DPTH SPD SPD DIR MIN PSBL S-S WX SPD DR
================================================================================
1 71 41 56 M 9 0 M M M 4.2 8 210 M M 0 M M
2 66 40 53 M 12 0 M M M 4.8 13 290 M M 0 22 290
3 68 37 53 M 12 0 M M M 4.3 8 350 M M 0 M M
4 71 39 55 M 10 0 M M M 3.6 9 350 M M 0 M M
5 73 40 57 M 8 0 M M M 3.5 12 20 M M 0 M M
6 71 44 58 M 7 0 M M M 3.2 8 20 M M 0 M M
7 76 47 62 M 3 0 M M M 3.8 9 350 M M 0 M M
8 80 46 63 M 2 0 M M M 5.2 9 350 M M 0 16 210
9 73 44 59 M 6 0 M M M 7.4 20 10 M M 0 30 10
10 54 32 43 M 22 0 M M M 4.2 22 360 M M 0 29 360
11 64 31 48 M 17 0 M M M 3.4 9 350 M M 0 M M
12 67 40 54 M 11 0 M M M 4.9 15 30 M M 0 21 30
13 70 51 61 M 4 0 M M M 11.0 15 30 M M 0 22 30
14 76 53 65 M 0 0 M M M 7.3 14 60 M M 0 17 10
15 69 42 56 M 9 0 M M M 4.9 13 360 M M 0 21 360
16 66 37 52 M 13 0 M M M 3.5 10 360 M M 0 M M
17 69 36 53 M 12 0 M M M 4.8 10 350 M M 0 M M
18 64 37 51 M 14 0 M M M 3.3 9 40 M M 0 M M
19 70 45 58 M 7 0 0.05 M M 5.2 10 30 M M 0 M M
20 67 45 56 M 9 0 M M M 3.5 10 360 M M 0 M M
21 70 51 61 M 4 0 M M M 2.7 8 350 M M 2 M M
22 76 48 62 M 3 0 M M M 5.8 14 40 M M 0 21 40
23 74 53 64 M 1 0 0.02 M M 4.6 14 30 M M 3 3 33 0
24 65 44 55 M 10 0 M M M 7.6 15 280 M M 0 21 270
25 62 37 50 M 15 0 M M M 4.8 9 280 M M 0 M M
26 64 35 50 M 15 0 M M M 6.1 14 280 M M 0 23 220
27 61 31 46 M 19 0 M M M 4.9 13 290 M M 0 17 250
28 61 31 46 M 19 0 M M M 4.4 10 350 M M 0 M M
29 61 33 47 M 18 0 M M M 4.5 12 10 M M 0 M M
30 64 30 47 M 18 0 M M M 3.3 9 350 M M 0 M M
31 71 36 54 M 11 0 M M M 2.3 12 340 M M 0 16 360
================================================================================
SM 2114 1256 320 0 0.07 M 147.2 M 5
================================================================================
AV 68.2 40.5 4.7 FASTST M M 0 MAX(MPH)
MISC ----> 22 360 33 0
================================================================================
NOTES:
# LAST OF SEVERAL OCCURRENCES
COLUMN 17 PEAK WIND IN M.P.H.
PRELIMINARY LOCAL CLIMATOLOGICAL DATA (WS FORM: F-6) , PAGE 2
STATION: PRESIDIO LELY
MONTH: DECEMBER
YEAR: 2023
LATITUDE: 29 38 N
LONGITUDE: 104 22 W
[TEMPERATURE DATA] [PRECIPITATION DATA] SYMBOLS USED IN COLUMN 16
AVERAGE MONTHLY: 54.4 TOTAL FOR MONTH: 0.07 1 = FOG OR MIST
DPTR FM NORMAL: 0.0 DPTR FM NORMAL: M 2 = FOG REDUCING VISIBILITY
HIGHEST: 80 ON 8 GRTST 24HR 0.05 ON 19-19 TO 1/4 MILE OR LESS
LOWEST: 30 ON 30 3 = THUNDER
SNOW, ICE PELLETS, HAIL 4 = ICE PELLETS
TOTAL MONTH: M 5 = HAIL
GRTST 24HR M ON M 6 = FREEZING RAIN OR DRIZZLE
GRTST DEPTH: M ON M 7 = DUSTSTORM OR SANDSTORM:
VSBY 1/2 MILE OR LESS
8 = SMOKE OR HAZE
[NO. OF DAYS WITH] [WEATHER - DAYS WITH] 9 = BLOWING SNOW
X = TORNADO
MAX 32 OR BELOW: 0 0.01 INCH OR MORE: 2
MAX 90 OR ABOVE: 0 0.10 INCH OR MORE: 0
MIN 32 OR BELOW: 5 0.50 INCH OR MORE: 0
MIN 0 OR BELOW: 0 1.00 INCH OR MORE: 0
[HDD (BASE 65) ]
TOTAL THIS MO. 320 CLEAR (SCALE 0-3) 31
DPTR FM NORMAL M PTCLDY (SCALE 4-7) 0
TOTAL FM JUL 1 498 CLOUDY (SCALE 8-10) 0
DPTR FM NORMAL M
[CDD (BASE 65) ]
TOTAL THIS MO. 0
DPTR FM NORMAL M [PRESSURE DATA]
TOTAL FM JAN 1 4038 HIGHEST SLP M ON M
DPTR FM NORMAL M LOWEST SLP M ON M
[REMARKS]
#FINAL-12-23#