000
CXUS54 KMAF 011210
CF6PRS
PRELIMINARY LOCAL CLIMATOLOGICAL DATA (WS FORM: F-6)
STATION: PRESIDIO LELY
MONTH: NOVEMBER
YEAR: 2023
LATITUDE: 29 38 N
LONGITUDE: 104 22 W
TEMPERATURE IN F: :PCPN: SNOW: WIND :SUNSHINE: SKY :PK WND
================================================================================
1 2 3 4 5 6A 6B 7 8 9 10 11 12 13 14 15 16 17 18
12Z AVG MX 2MIN
DY MAX MIN AVG DEP HDD CDD WTR SNW DPTH SPD SPD DIR MIN PSBL S-S WX SPD DR
================================================================================
1 M M M M M M M M M M M M M M M M M
2 M M M M M M M M M M M M M M M M M
3 M M M M M M M M M M M M M M M M M
4 M M M M M M M M M M M M M M M M M
5 M M M M M M M M M M M M M M M M M
6 M M M M M M M M M M M M M M M M M
7 M M M M M M M M M M M M M M M M M
8 M M M M M M M M M M M M M M M M M
9 M M M M M M M M M M M M M M M M M
10 57 53 55 M 10 0 M M M 9.3 12 20 M M 10 16 50
11 58 50 54 M 11 0 M M M 4.8 9 60 M M 10 M M
12 61 54 58 M 7 0 0.09 M M 5.3 10 40 M M 10 M M
13 65 54 60 M 5 0 0.30 M M 5.2 13 60 M M 7 M M
14 66 53 60 M 5 0 M M M 3.5 7 40 M M 5 M M
15 73 50 62 M 3 0 M M M 2.8 7 350 M M 0 M M
16 70 56 63 M 2 0 M M M 3.2 10 360 M M 0 M M
17 76 57 67 M 0 2 M M M 3.5 7 350 M M 0 M M
18 82 63 73 M 0 8 M M M 4.3 10 10 M M 2 M M
19 82 56 69 M 0 4 M M M 4.8 10 360 M M 0 17 220
20 70 50 60 M 5 0 M M M 10.0 18 270 M M 0 28 290
21 61 47 54 M 11 0 M M M 11.1 20 30 M M 3 28 30
22 61 36 49 M 16 0 M M M 3.7 9 360 M M 0 M M
23 66 36 51 M 14 0 M M M 2.8 8 350 M M 0 M M
24 71 45 58 M 7 0 M M M 6.3 17 30 M M 0 26 50
25 72 42 57 M 8 0 M M M 4.1 13 360 M M 0 23 360
26 63 45 54 M 11 0 M M M 11.0 16 40 M M 1 23 40
27 54 45 50 M 15 0 M M M 7.6 13 30 M M 5 18 30
28 63 37 50 M 15 0 M M M 3.4 8 40 M M 0 M M
29 67 44 56 M 9 0 M M M 2.6 7 20 M M 0 M M
30 75 49 62 M 3 0 M M M 8.3 20 260 M M 0 28 270
================================================================================
SM 1413 1022 157 14 0.39 M 117.8 M 53
================================================================================
AV 67.3 48.7 5.6 FASTST M M 3 MAX(MPH)
MISC ----> # 20 30 # 28 30
================================================================================
NOTES:
# LAST OF SEVERAL OCCURRENCES
COLUMN 17 PEAK WIND IN M.P.H.
PRELIMINARY LOCAL CLIMATOLOGICAL DATA (WS FORM: F-6) , PAGE 2
STATION: PRESIDIO LELY
MONTH: NOVEMBER
YEAR: 2023
LATITUDE: 29 38 N
LONGITUDE: 104 22 W
[TEMPERATURE DATA] [PRECIPITATION DATA] SYMBOLS USED IN COLUMN 16
AVERAGE MONTHLY: 58.0 TOTAL FOR MONTH: 0.39 1 = FOG OR MIST
DPTR FM NORMAL: 0.0 DPTR FM NORMAL: M 2 = FOG REDUCING VISIBILITY
HIGHEST: 82 ON 19,18 GRTST 24HR 0.30 ON 13-13 TO 1/4 MILE OR LESS
LOWEST: 36 ON 23,22 3 = THUNDER
SNOW, ICE PELLETS, HAIL 4 = ICE PELLETS
TOTAL MONTH: M 5 = HAIL
GRTST 24HR M ON M 6 = FREEZING RAIN OR DRIZZLE
GRTST DEPTH: M ON M 7 = DUSTSTORM OR SANDSTORM:
VSBY 1/2 MILE OR LESS
8 = SMOKE OR HAZE
[NO. OF DAYS WITH] [WEATHER - DAYS WITH] 9 = BLOWING SNOW
X = TORNADO
MAX 32 OR BELOW: 0 0.01 INCH OR MORE: 2
MAX 90 OR ABOVE: 0 0.10 INCH OR MORE: 1
MIN 32 OR BELOW: 0 0.50 INCH OR MORE: 0
MIN 0 OR BELOW: 0 1.00 INCH OR MORE: 0
[HDD (BASE 65) ]
TOTAL THIS MO. 157 CLEAR (SCALE 0-3) 15
DPTR FM NORMAL M PTCLDY (SCALE 4-7) 3
TOTAL FM JUL 1 178 CLOUDY (SCALE 8-10) 12
DPTR FM NORMAL M
[CDD (BASE 65) ]
TOTAL THIS MO. 14
DPTR FM NORMAL M [PRESSURE DATA]
TOTAL FM JAN 1 4038 HIGHEST SLP M ON M
DPTR FM NORMAL M LOWEST SLP M ON M
[REMARKS]
#FINAL-11-23#