000
CXUS54 KMAF 011110
CF6PRS
PRELIMINARY LOCAL CLIMATOLOGICAL DATA (WS FORM: F-6)
STATION: PRESIDIO LELY
MONTH: SEPTEMBER
YEAR: 2023
LATITUDE: 29 38 N
LONGITUDE: 104 22 W
TEMPERATURE IN F: :PCPN: SNOW: WIND :SUNSHINE: SKY :PK WND
================================================================================
1 2 3 4 5 6A 6B 7 8 9 10 11 12 13 14 15 16 17 18
12Z AVG MX 2MIN
DY MAX MIN AVG DEP HDD CDD WTR SNW DPTH SPD SPD DIR MIN PSBL S-S WX SPD DR
================================================================================
1 100 74 87 M 0 22 M M M 9.4 20 50 M M 0 29 50
2 99 74 87 M 0 22 M M M 8.5 16 60 M M 0 23 60
3 100 73 87 M 0 22 M M M 5.3 10 10 M M 0 9 80
4 103 71 87 M 0 22 M M M 5.5 13 10 M M 0 M M
5 107 80 94 M 0 29 M M M 7.5 17 60 M M 0 24 290
6 105 82 94 M 0 29 M M M 8.8 17 70 M M 0 24 60
7 103 78 91 M 0 26 M M M 6.7 13 10 M M 0 22 10
8 104 77 91 M 0 26 M M M 8.7 17 80 M M 0 24 60
9 103 76 90 M 0 25 M M M 7.1 13 90 M M 0 23 90
10 102 77 90 M 0 25 M M M 5.9 10 50 M M 0 18 50
11 103 77 90 M 0 25 M M M 5.8 18 40 M M 0 33 50
12 94 75 85 M 0 20 M M M 12.9 23 10 M M 1 36 350
13 89 67 78 M 0 13 0.20 M M 4.7 17 250 M M 1 3 30 250
14 96 70 83 M 0 18 M M M 5.1 10 50 M M 0 M M
15 97 73 85 M 0 20 M M M 7.7 21 50 M M 0 29 50
16 86 75 81 M 0 16 M M M 11.4 24 10 M M 1 32 60
17 92 71 82 M 0 17 M M M 8.4 14 50 M M 2 18 40
18 96 74 85 M 0 20 M M M 5.6 10 150 M M 0 17 40
19 99 73 86 M 0 21 M M M 5.3 10 220 M M 0 17 30
20 101 76 89 M 0 24 0.03 M M 6.3 15 60 M M 1 3 41 60
21 99 75 87 M 0 22 M M M 4.6 15 60 M M 1 21 60
22 101 77 89 M 0 24 M M M 4.8 13 350 M M 0 20 350
23 103 78 91 M 0 26 M M M 6.1 15 360 M M 1 23 300
24 103 77 90 M 0 25 M M M 4.3 10 360 M M 0 20 130
25 101 72 87 M 0 22 M M M 6.5 20 60 M M 0 24 60
26 96 65 81 M 0 16 0.35 M M 11.3 30 320 M M 1 3 40 320
27 91 64 78 M 0 13 M M M 4.5 25 280 M M 0 37 280
28 98 69 84 M 0 19 M M M 5.1 10 40 M M 0 17 30
29 100 73 87 M 0 22 M M M 6.7 12 50 M M 0 16 40
30 95 77 86 M 0 21 M M M 9.4 16 50 M M 1 22 70
================================================================================
SM 2966 2220 0 652 0.58 M 210.0 M 10
================================================================================
AV 98.9 74.0 7.0 FASTST M M 0 MAX(MPH)
MISC ----> 30 320 41 60
================================================================================
NOTES:
# LAST OF SEVERAL OCCURRENCES
COLUMN 17 PEAK WIND IN M.P.H.
PRELIMINARY LOCAL CLIMATOLOGICAL DATA (WS FORM: F-6) , PAGE 2
STATION: PRESIDIO LELY
MONTH: SEPTEMBER
YEAR: 2023
LATITUDE: 29 38 N
LONGITUDE: 104 22 W
[TEMPERATURE DATA] [PRECIPITATION DATA] SYMBOLS USED IN COLUMN 16
AVERAGE MONTHLY: 86.4 TOTAL FOR MONTH: 0.58 1 = FOG OR MIST
DPTR FM NORMAL: 0.0 DPTR FM NORMAL: M 2 = FOG REDUCING VISIBILITY
HIGHEST: 107 ON 5 GRTST 24HR 0.35 ON 26-26 TO 1/4 MILE OR LESS
LOWEST: 64 ON 27 3 = THUNDER
SNOW, ICE PELLETS, HAIL 4 = ICE PELLETS
TOTAL MONTH: M 5 = HAIL
GRTST 24HR M ON M 6 = FREEZING RAIN OR DRIZZLE
GRTST DEPTH: M ON M 7 = DUSTSTORM OR SANDSTORM:
VSBY 1/2 MILE OR LESS
8 = SMOKE OR HAZE
[NO. OF DAYS WITH] [WEATHER - DAYS WITH] 9 = BLOWING SNOW
X = TORNADO
MAX 32 OR BELOW: 0 0.01 INCH OR MORE: 3
MAX 90 OR ABOVE: 28 0.10 INCH OR MORE: 2
MIN 32 OR BELOW: 0 0.50 INCH OR MORE: 0
MIN 0 OR BELOW: 0 1.00 INCH OR MORE: 0
[HDD (BASE 65) ]
TOTAL THIS MO. 0 CLEAR (SCALE 0-3) 30
DPTR FM NORMAL M PTCLDY (SCALE 4-7) 0
TOTAL FM JUL 1 0 CLOUDY (SCALE 8-10) 0
DPTR FM NORMAL M
[CDD (BASE 65) ]
TOTAL THIS MO. 652
DPTR FM NORMAL M [PRESSURE DATA]
TOTAL FM JAN 1 3705 HIGHEST SLP M ON M
DPTR FM NORMAL M LOWEST SLP M ON M
[REMARKS]
#FINAL-09-23#