000
CXUS54 KFWD 010830
CF6PRX
PRELIMINARY LOCAL CLIMATOLOGICAL DATA (WS FORM: F-6)
STATION: PARIS
MONTH: NOVEMBER
YEAR: 2022
LATITUDE: 33 37 N
LONGITUDE: 95 27 W
TEMPERATURE IN F: :PCPN: SNOW: WIND :SUNSHINE: SKY :PK WND
================================================================================
1 2 3 4 5 6A 6B 7 8 9 10 11 12 13 14 15 16 17 18
12Z AVG MX 2MIN
DY MAX MIN AVG DEP HDD CDD WTR SNW DPTH SPD SPD DIR MIN PSBL S-S WX SPD DR
================================================================================
1 77 50 64 4 1 0 0.00 M M 6.6 15 160 M M 1 M M
2 77 52 65 5 0 0 0.00 M M 7.3 12 170 M M 4 128 18 170
3 79 60 70 10 0 5 0.00 M M 10.4 15 140 M M 8 M M
4 76 47 62 3 3 0 1.12 M M 13.9 31 220 M M 9 13 43 210
5 62 42 52 -7 13 0 0.00 M M 5.9 10 170 M M 2 M M
6 82 46 64 6 1 0 0.00 M M 9.4 17 190 M M 1 1 22 200
7 72 64 68 10 0 3 0.04 M M 8.2 15 100 M M 9 12 M M
8 69 63 66 8 0 1 0.00 M M 9.2 13 110 M M 10 12 M M
9 79 64 72 15 0 7 0.00 M M 9.5 14 120 M M 6 12 M M
10 76 61 69 12 0 4 0.00 M M 8.6 13 210 M M 3 1 M M
11 64 37 51 -5 14 0 0.32 M M 14.1 24 350 M M 10 13 36 330
12 50 32 41 -15 24 0 0.00 M M 9.6 17 340 M M 0 24 330
13 50 26 38 -18 27 0 0.00 M M 6.6 13 110 M M 0 M M
14 41 36 39 -16 26 0 0.54 M M 10.5 14 80 M M 9 1 M M
15 40 34 37 -18 28 0 0.00 M M 7.0 12 340 M M 7 1 M M
16 55 29 42 -12 23 0 0.00 M M 6.6 12 340 M M 0 1 M M
17 56 25 41 -13 24 0 0.00 M M 3.3 7 150 M M 0 M M
18 48 34 41 -13 24 0 T M M 9.4 14 30 M M 9 4 20 30
19 45 32 39 -14 26 0 T T 0 6.5 12 340 M M 6 4 M M
20 51 27 39 -14 26 0 0.00 M M 5.4 12 120 M M 0 M M
21 56 38 47 -5 18 0 T M M 3.7 7 170 M M 6 M M
22 62 35 49 -3 16 0 0.00 M M 2.6 7 100 M M 4 M M
23 51 39 45 -6 20 0 0.42 M M 7.7 16 110 M M 9 13 M M
24 56 49 53 2 12 0 2.20 M M 9.3 18 80 M M 10 13 23 320
25 60 53 57 6 8 0 T M M 9.1 14 10 M M 10 1 M M
26 56 48 52 2 13 0 0.98 M M 11.7 23 240 M M 10 1 33 240
27 61 44 53 3 12 0 0.01 M M 9.4 16 240 M M 5 1 21 230
28 65 35 50 1 15 0 0.00 M M 6.6 14 160 M M 0 M M
29 78 41 60 11 5 0 0.00 M M 13.3 25 330 M M 5 1 41 330
30 49 32 41 -8 24 0 0.00 M M 9.4 24 340 M M 0 30 340
================================================================================
SM 1843 1275 403 20 5.63 T 250.7 M 153
================================================================================
AV 61.4 42.5 8.4 FASTST M M 5 MAX(MPH)
MISC ----> 31 220 43 210
================================================================================
NOTES:
# LAST OF SEVERAL OCCURRENCES
COLUMN 17 PEAK WIND IN M.P.H.
PRELIMINARY LOCAL CLIMATOLOGICAL DATA (WS FORM: F-6) , PAGE 2
STATION: PARIS
MONTH: NOVEMBER
YEAR: 2022
LATITUDE: 33 37 N
LONGITUDE: 95 27 W
[TEMPERATURE DATA] [PRECIPITATION DATA] SYMBOLS USED IN COLUMN 16
AVERAGE MONTHLY: 52.0 TOTAL FOR MONTH: 5.63 1 = FOG OR MIST
DPTR FM NORMAL: -2.6 DPTR FM NORMAL: 0.95 2 = FOG REDUCING VISIBILITY
HIGHEST: 82 ON 6 GRTST 24HR 2.55 ON 23-24 TO 1/4 MILE OR LESS
LOWEST: 25 ON 17 3 = THUNDER
SNOW, ICE PELLETS, HAIL 4 = ICE PELLETS
TOTAL MONTH: T 5 = HAIL
GRTST 24HR T ON 19-19 6 = FREEZING RAIN OR DRIZZLE
GRTST DEPTH: 0 7 = DUSTSTORM OR SANDSTORM:
VSBY 1/2 MILE OR LESS
8 = SMOKE OR HAZE
[NO. OF DAYS WITH] [WEATHER - DAYS WITH] 9 = BLOWING SNOW
X = TORNADO
MAX 32 OR BELOW: 0 0.01 INCH OR MORE: 8
MAX 90 OR ABOVE: 0 0.10 INCH OR MORE: 6
MIN 32 OR BELOW: 7 0.50 INCH OR MORE: 4
MIN 0 OR BELOW: 0 1.00 INCH OR MORE: 2
[HDD (BASE 65) ]
TOTAL THIS MO. 403 CLEAR (SCALE 0-3) 10
DPTR FM NORMAL 70 PTCLDY (SCALE 4-7) 10
TOTAL FM JUL 1 494 CLOUDY (SCALE 8-10) 10
DPTR FM NORMAL 60
[CDD (BASE 65) ]
TOTAL THIS MO. 20
DPTR FM NORMAL 1 [PRESSURE DATA]
TOTAL FM JAN 1 2736 HIGHEST SLP 30.53 ON 20
DPTR FM NORMAL 197 LOWEST SLP 29.61 ON 4
[REMARKS]
#FINAL-11-22#