000
CXUS56 KPDT 011910
CF6PSC
PRELIMINARY LOCAL CLIMATOLOGICAL DATA (WS FORM: F-6)
STATION: PASCO WA
MONTH: JANUARY
YEAR: 2022
LATITUDE: 46 16 N
LONGITUDE: 119 7 W
TEMPERATURE IN F: :PCPN: SNOW: WIND :SUNSHINE: SKY :PK WND
================================================================================
1 2 3 4 5 6A 6B 7 8 9 10 11 12 13 14 15 16 17 18
12Z AVG MX 2MIN
DY MAX MIN AVG DEP HDD CDD WTR SNW DPTH SPD SPD DIR MIN PSBL S-S WX SPD DR
================================================================================
1 17 -7 5 -28 60 0 T M M 2.8 7 310 M M 2 7 320
2 21 7 14 -19 51 0 0.00 M M 1.1 7 320 M M 2 8 340
3 38 7 23 -11 42 0 0.21 M M 5.0 22 310 M M 7 1 25 310
4 28 11 20 -14 45 0 0.01 M M 4.5 15 290 M M 6 126 20 290
5 33 26 30 -4 35 0 0.20 M M 4.9 13 310 M M 10 168 14 310
6 38 25 32 -2 33 0 0.03 M M 4.6 16 310 M M 8 1 21 310
7 48 34 41 7 24 0 0.02 M M 17.3 41 230 M M 5 59 250
8 47 28 38 4 27 0 0.00 M M 4.9 22 220 M M 0 29 220
9 40 24 32 -2 33 0 0.00 M M 4.0 13 340 M M 0 15 340
10 36 21 29 -5 36 0 0.00 M M 3.6 12 120 M M 1 1 14 120
11 39 27 33 -1 32 0 T M M 2.4 7 330 M M 5 1 8 320
12 M 33 M M M M 0.00 M M 4.4 14 190 M M 3 8 22 200
13 M 29 M M M M T M M 2.7 10 110 M M 2 128 13 120
14 34 28 31 -3 34 0 0.00 M M 3.4 13 340 M M 10 12 15 330
15 37 33 35 1 30 0 0.00 M M 3.5 9 130 M M 10 1 10 130
16 35 32 34 -1 31 0 0.00 M M 2.1 8 70 M M 10 10 80
17 36 32 34 -1 31 0 0.00 M M 1.9 7 10 M M 10 1 8 20
18 36 32 34 -1 31 0 0.00 M M 4.4 9 20 M M 10 1 13 30
19 35 32 34 -1 31 0 T M M 2.0 7 350 M M 10 1 8 330
20 59 34 47 12 18 0 0.06 M M 5.1 23 230 M M 5 1 30 240
21 50 28 39 4 26 0 0.00 M M 3.3 10 190 M M 0 14 170
22 41 25 33 -2 32 0 0.00 M M 5.0 13 360 M M 4 12 16 350
23 34 31 33 -2 32 0 0.00 M M 2.7 9 330 M M 10 1 12 340
24 35 32 34 -1 31 0 0.00 M M 2.2 10 360 M M 10 13 350
25 35 32 34 -1 31 0 0.00 M M 1.2 7 210 M M 10 1 9 150
26 35 31 33 -3 32 0 T M M 2.6 9 20 M M 10 1 11 30
27 35 32 34 -2 31 0 0.00 M M 3.7 9 60 M M 10 12 50
28 36 31 34 -2 31 0 0.00 M M 0.8 6 330 M M 10 8 340
29 34 31 33 -3 32 0 0.00 M M 1.2 8 160 M M 10 9 310
30 42 31 37 1 28 0 T M M 4.5 26 240 M M 9 8 35 230
31 51 26 39 3 26 0 0.00 M M 13.4 26 270 M M 0 36 240
================================================================================
SM 1085 818 956 0 0.53 M 125.2 M 199
================================================================================
AV 37.4 26.4 4.0 FASTST M M 6 MAX(MPH)
MISC ----> 41 230 59 250
================================================================================
NOTES:
# LAST OF SEVERAL OCCURRENCES
COLUMN 17 PEAK WIND IN M.P.H.
PRELIMINARY LOCAL CLIMATOLOGICAL DATA (WS FORM: F-6) , PAGE 2
STATION: PASCO WA
MONTH: JANUARY
YEAR: 2022
LATITUDE: 46 16 N
LONGITUDE: 119 7 W
[TEMPERATURE DATA] [PRECIPITATION DATA] SYMBOLS USED IN COLUMN 16
AVERAGE MONTHLY: 31.9 TOTAL FOR MONTH: 0.53 1 = FOG OR MIST
DPTR FM NORMAL: -2.7 DPTR FM NORMAL: -0.50 2 = FOG REDUCING VISIBILITY
HIGHEST: 59 ON 20 GRTST 24HR 0.61 ON 3- 3 TO 1/4 MILE OR LESS
LOWEST: -7 ON 1 3 = THUNDER
SNOW, ICE PELLETS, HAIL 4 = ICE PELLETS
TOTAL MONTH: M 5 = HAIL
GRTST 24HR M ON M 6 = FREEZING RAIN OR DRIZZLE
GRTST DEPTH: M ON M 7 = DUSTSTORM OR SANDSTORM:
VSBY 1/2 MILE OR LESS
8 = SMOKE OR HAZE
[NO. OF DAYS WITH] [WEATHER - DAYS WITH] 9 = BLOWING SNOW
X = TORNADO
MAX 32 OR BELOW: 3 0.01 INCH OR MORE: 6
MAX 90 OR ABOVE: 0 0.10 INCH OR MORE: 2
MIN 32 OR BELOW: 27 0.50 INCH OR MORE: 0
MIN 0 OR BELOW: 1 1.00 INCH OR MORE: 0
[HDD (BASE 65) ]
TOTAL THIS MO. 956 CLEAR (SCALE 0-3) 9
DPTR FM NORMAL 14 PTCLDY (SCALE 4-7) 6
TOTAL FM JUL 1 2780 CLOUDY (SCALE 8-10) 16
DPTR FM NORMAL -337
[CDD (BASE 65) ]
TOTAL THIS MO. 0
DPTR FM NORMAL 0 [PRESSURE DATA]
TOTAL FM JAN 1 0 HIGHEST SLP 30.74 ON 27
DPTR FM NORMAL 0 LOWEST SLP 29.34 ON 7
[REMARKS]
#FINAL-01-22#