000
CXUS55 KALY 010810
CF6PSF
PRELIMINARY LOCAL CLIMATOLOGICAL DATA (WS FORM: F-6)
STATION: PITTSFIELD MA
MONTH: JANUARY
YEAR: 2022
LATITUDE: 42 25 N
LONGITUDE: 73 18 W
TEMPERATURE IN F: :PCPN: SNOW: WIND :SUNSHINE: SKY :PK WND
================================================================================
1 2 3 4 5 6A 6B 7 8 9 10 11 12 13 14 15 16 17 18
12Z AVG MX 2MIN
DY MAX MIN AVG DEP HDD CDD WTR SNW DPTH SPD SPD DIR MIN PSBL S-S WX SPD DR
================================================================================
1 50 42 46 22 19 0 0.09 M M 3.0 12 150 M M 10 12 19 160
2 46 24 35 11 30 0 0.07 M M 8.4 18 300 M M 10 12 23 300
3 24 9 17 -7 48 0 0.00 M M 7.8 18 300 M M 3 22 290
4 29 8 19 -4 46 0 0.00 M M 5.0 12 300 M M 2 19 330
5 39 19 29 6 36 0 0.02 M M 9.0 18 210 M M 4 1 27 190
6 37 22 30 7 35 0 T M M 8.1 23 310 M M 7 1 30 310
7 25 13 19 -4 46 0 0.09 M M 11.3 29 300 M M 9 18 40 320
8 21 5 13 -10 52 0 T M M 6.3 29 280 M M 1 89 40 300
9 33 8 21 -1 44 0 0.26 M M 10.8 24 290 M M 9 16 34 320
10 30 13 22 0 43 0 T M M 13.0 25 300 M M 7 8 37 290
11 14 -2 6 -16 59 0 T M M 9.7 26 280 M M 3 89 38 310
12 29 0 15 -7 50 0 0.00 M M 6.1 20 220 M M 5 29 220
13 35 23 29 7 36 0 T M M 0.4 6 330 M M 7 18 7 330
14 32 1 17 -5 48 0 0.00 M M 7.2 20 340 M M 2 1 32 320
15 3 -7 -2 -24 67 0 0.00 M M 11.3 23 330 M M 0 35 310
16 26 -7 10 -12 55 0 0.02 M M 5.4 15 130 M M 2 1 23 130
17 36 21 29 7 36 0 0.58 M M 13.0 28 290 M M 10 128 37 280
18 24 11 18 -3 47 0 T M M 17.8 38 280 M M 5 89 53 280
19 38 6 22 1 43 0 0.00 M M 6.0 20 190 M M 6 30 170
20 38 7 23 2 42 0 T M M 11.0 20 290 M M 5 18 27 300
21 14 -7 4 -17 61 0 0.00 M M 4.2 12 310 M M 0 16 300
22 23 -12 6 -15 59 0 0.00 M M 1.5 10 250 M M 1 14 210
23 26 7 17 -4 48 0 0.01 M M 3.1 13 240 M M 7 18 18 240
24 24 13 19 -2 46 0 0.02 M M 4.3 12 290 M M 7 18 16 190
25 30 16 23 2 42 0 T M M 8.0 17 300 M M 8 8 22 300
26 16 1 9 -12 56 0 0.00 M M 9.1 18 290 M M 1 24 290
27 23 -10 7 -14 58 0 0.00 M M 4.6 17 230 M M 1 22 230
28 29 18 24 3 41 0 T M M 4.3 13 240 M M 8 18 17 230
29 19 1 10 -11 55 0 0.07 M M 12.0 28 290 M M 9 189 40 290
30 16 -1 8 -14 57 0 0.00 M M 9.3 29 290 M M 1 8 35 300
31 26 -9 9 -13 56 0 0.00 M M 0.8 9 210 M M 0 11 240
================================================================================
SM 855 233 1461 0 1.23 M 231.8 M 150
================================================================================
AV 27.6 7.5 7.5 FASTST M M 5 MAX(MPH)
MISC ----> 38 280 53 280
================================================================================
NOTES:
# LAST OF SEVERAL OCCURRENCES
COLUMN 17 PEAK WIND IN M.P.H.
PRELIMINARY LOCAL CLIMATOLOGICAL DATA (WS FORM: F-6) , PAGE 2
STATION: PITTSFIELD MA
MONTH: JANUARY
YEAR: 2022
LATITUDE: 42 25 N
LONGITUDE: 73 18 W
[TEMPERATURE DATA] [PRECIPITATION DATA] SYMBOLS USED IN COLUMN 16
AVERAGE MONTHLY: 17.5 TOTAL FOR MONTH: 1.23 1 = FOG OR MIST
DPTR FM NORMAL: -4.5 DPTR FM NORMAL: -1.44 2 = FOG REDUCING VISIBILITY
HIGHEST: 50 ON 1 GRTST 24HR 0.58 ON 17-17 TO 1/4 MILE OR LESS
LOWEST: -12 ON 22 3 = THUNDER
SNOW, ICE PELLETS, HAIL 4 = ICE PELLETS
TOTAL MONTH: M 5 = HAIL
GRTST 24HR M ON M 6 = FREEZING RAIN OR DRIZZLE
GRTST DEPTH: M ON M 7 = DUSTSTORM OR SANDSTORM:
VSBY 1/2 MILE OR LESS
8 = SMOKE OR HAZE
[NO. OF DAYS WITH] [WEATHER - DAYS WITH] 9 = BLOWING SNOW
X = TORNADO
MAX 32 OR BELOW: 22 0.01 INCH OR MORE: 10
MAX 90 OR ABOVE: 0 0.10 INCH OR MORE: 2
MIN 32 OR BELOW: 30 0.50 INCH OR MORE: 1
MIN 0 OR BELOW: 9 1.00 INCH OR MORE: 0
[HDD (BASE 65) ]
TOTAL THIS MO. 1461 CLEAR (SCALE 0-3) 12
DPTR FM NORMAL 128 PTCLDY (SCALE 4-7) 13
TOTAL FM JUL 1 3770 CLOUDY (SCALE 8-10) 6
DPTR FM NORMAL -288
[CDD (BASE 65) ]
TOTAL THIS MO. 0
DPTR FM NORMAL 0 [PRESSURE DATA]
TOTAL FM JAN 1 0 HIGHEST SLP 30.62 ON 21
DPTR FM NORMAL 0 LOWEST SLP 28.97 ON 17
[REMARKS]
#FINAL-01-22#