000
CXUS54 KFWD 072138
CF6PSN
PRELIMINARY LOCAL CLIMATOLOGICAL DATA (WS FORM: F-6)
STATION: PALESTINE
MONTH: APRIL
YEAR: 2022
LATITUDE: 31 46 N
LONGITUDE: 95 42 W
TEMPERATURE IN F: :PCPN: SNOW: WIND :SUNSHINE: SKY :PK WND
================================================================================
1 2 3 4 5 6A 6B 7 8 9 10 11 12 13 14 15 16 17 18
12Z AVG MX 2MIN
DY MAX MIN AVG DEP HDD CDD WTR SNW DPTH SPD SPD DIR MIN PSBL S-S WX SPD DR
================================================================================
1 75 45 60 0 5 0 0.00 M M 7.0 12 140 M M 1 17 110
2 81 52 67 6 0 2 T M M 5.5 9 350 M M 5 14 200
3 82 59 71 10 0 6 0.00 M M 7.9 13 180 M M 3 25 170
4 79 59 69 8 0 4 0.00 M M 6.8 12 170 M M 8 21 150
5 88 59 74 13 0 9 0.57 M M 7.2 14 190 M M 5 13 25 200
6 73 48 61 -1 4 0 0.00 M M 12.4 22 360 M M 4 18 30 230
7 70 43 57 -5 8 0 0.00 M M 10.4 26 320 M M 4 43 330
8 68 37 53 -9 12 0 0.00 M M 6.7 20 320 M M 2 33 310
9 82 36 59 -3 6 0 0.00 M M 7.6 16 200 M M 1 8 23 200
10 84 61 73 10 0 8 0.00 M M 14.0 22 190 M M 7 3 38 180
11 82 68 75 12 0 10 0.00 M M 11.9 20 210 M M 7 29 210
12 81 63 72 9 0 7 0.79 M M 10.4 16 160 M M 8 38 31 99
13 79 57 68 5 0 3 0.20 M M 11.3 20 210 M M 7 38 29 210
14 77 46 62 -2 3 0 0.00 M M 7.0 15 70 M M 4 8 23 70
15 77 57 67 3 0 2 0.00 M M 7.0 12 140 M M 9 17 120
16 81 66 74 10 0 9 0.00 M M 6.2 13 190 M M 8 1 17 180
17 79 61 70 6 0 5 0.00 M M 6.1 10 40 M M 8 1 17 320
18 73 55 64 -1 1 0 0.00 M M 8.6 15 50 M M 4 21 50
19 75 50 63 -2 2 0 0.00 M M 9.4 16 160 M M 3 26 140
20 81 64 73 8 0 8 0.00 M M 12.2 18 190 M M 9 30 190
21 82 70 76 10 0 11 0.00 M M 8.6 12 150 M M 9 1 21 150
22 84 68 76 10 0 11 0.00 M M 10.5 15 140 M M 6 23 140
23 86 66 76 10 0 11 0.00 M M 11.3 16 190 M M 8 26 190
24 84 64 74 8 0 9 0.00 M M 8.1 12 140 M M 7 18 160
25 72 59 66 -1 0 1 2.00 M M 5.0 10 340 M M 9 13 20 350
26 75 52 64 -3 1 0 0.00 M M 6.6 13 50 M M 2 20 40
27 79 54 67 0 0 2 0.00 M M 5.7 12 110 M M 2 17 110
28 81 57 69 1 0 4 0.00 M M 7.6 12 160 M M 6 20 180
29 82 68 75 7 0 10 0.00 M M 10.4 15 150 M M 9 23 170
30 84 64 74 6 0 9 0.31 M M 6.9 13 170 M M 8 38 21 170
================================================================================
SM 2376 1708 42 141 3.87 M 256.2 M 173
================================================================================
AV 79.2 56.9 8.5 FASTST M M 6 MAX(MPH)
MISC ----> 26 320 43 330
================================================================================
NOTES:
# LAST OF SEVERAL OCCURRENCES
COLUMN 17 PEAK WIND IN M.P.H.
PRELIMINARY LOCAL CLIMATOLOGICAL DATA (WS FORM: F-6) , PAGE 2
STATION: PALESTINE
MONTH: APRIL
YEAR: 2022
LATITUDE: 31 46 N
LONGITUDE: 95 42 W
[TEMPERATURE DATA] [PRECIPITATION DATA] SYMBOLS USED IN COLUMN 16
AVERAGE MONTHLY: 68.1 TOTAL FOR MONTH: 3.87 1 = FOG OR MIST
DPTR FM NORMAL: 4.0 DPTR FM NORMAL: 0.58 2 = FOG REDUCING VISIBILITY
HIGHEST: 88 ON 5 GRTST 24HR 2.00 ON 25-25 TO 1/4 MILE OR LESS
LOWEST: 36 ON 9 3 = THUNDER
SNOW, ICE PELLETS, HAIL 4 = ICE PELLETS
TOTAL MONTH: M 5 = HAIL
GRTST 24HR M ON M 6 = FREEZING RAIN OR DRIZZLE
GRTST DEPTH: M ON M 7 = DUSTSTORM OR SANDSTORM:
VSBY 1/2 MILE OR LESS
8 = SMOKE OR HAZE
[NO. OF DAYS WITH] [WEATHER - DAYS WITH] 9 = BLOWING SNOW
X = TORNADO
MAX 32 OR BELOW: 0 0.01 INCH OR MORE: 5
MAX 90 OR ABOVE: 0 0.10 INCH OR MORE: 5
MIN 32 OR BELOW: 0 0.50 INCH OR MORE: 3
MIN 0 OR BELOW: 0 1.00 INCH OR MORE: 1
[HDD (BASE 65) ]
TOTAL THIS MO. 42 CLEAR (SCALE 0-3) 6
DPTR FM NORMAL -63 PTCLDY (SCALE 4-7) 17
TOTAL FM JUL 1 1826 CLOUDY (SCALE 8-10) 7
DPTR FM NORMAL -534
[CDD (BASE 65) ]
TOTAL THIS MO. 141
DPTR FM NORMAL 63 [PRESSURE DATA]
TOTAL FM JAN 1 183 HIGHEST SLP M ON M
DPTR FM NORMAL 75 LOWEST SLP M ON M
[REMARKS]
#FINAL-04-22#