000
CXUS56 KSGX 011145
CF6PSP
PRELIMINARY LOCAL CLIMATOLOGICAL DATA (WS FORM: F-6)
STATION: PALM SPRINGS INTL AIRPORT CA
MONTH: DECEMBER
YEAR: 2022
LATITUDE: 33 49 N
LONGITUDE: 116 30 W
TEMPERATURE IN F: :PCPN: SNOW: WIND :SUNSHINE: SKY :PK WND
================================================================================
1 2 3 4 5 6A 6B 7 8 9 10 11 12 13 14 15 16 17 18
12Z AVG MX 2MIN
DY MAX MIN AVG DEP HDD CDD WTR SNW DPTH SPD SPD DIR MIN PSBL S-S WX SPD DR
================================================================================
1 68 45 57 -3 8 0 0.00 M M 2.3 14 330 M M 0 8 18 320
2 67 48 58 -2 7 0 0.00 M M 2.3 9 330 M M 0 10 330
3 70 49 60 1 5 0 0.00 M M 3.5 10 330 M M 0 12 100
4 71 47 59 0 6 0 0.00 M M 2.7 9 100 M M 0 11 130
5 69 49 59 0 6 0 0.00 M M 5.2 20 320 M M 0 24 310
6 68 48 58 0 7 0 0.00 M M 4.6 17 310 M M 0 8 21 310
7 69 47 58 0 7 0 0.00 M M 4.8 17 330 M M 0 21 330
8 68 44 56 -2 9 0 0.00 M M 4.6 13 330 M M 0 15 320
9 70 43 57 -1 8 0 0.00 M M 4.3 10 330 M M 0 8 12 260
10 68 43 56 -2 9 0 0.00 M M 4.0 12 110 M M 0 17 80
11 57 45 51 -7 14 0 0.23 M M 4.4 14 90 M M 6 1 17 80
12 55 39 47 -10 18 0 0.00 M M 3.3 13 330 M M 2 15 340
13 63 39 51 -6 14 0 0.00 M M 3.2 12 320 M M 0 14 340
14 64 40 52 -5 13 0 0.00 M M 4.3 10 330 M M 0 12 330
15 66 41 54 -3 11 0 0.00 M M 3.6 10 40 M M 0 12 30
16 68 46 57 0 8 0 0.00 M M 4.4 12 280 M M 0 16 290
17 62 39 51 -6 14 0 0.00 M M 2.8 9 340 M M 0 12 280
18 65 43 54 -3 11 0 0.00 M M 4.1 10 330 M M 0 14 320
19 67 39 53 -4 12 0 0.00 M M 3.9 10 340 M M 0 11 340
20 69 44 57 0 8 0 0.00 M M 4.3 10 330 M M 0 12 290
21 77 45 61 4 4 0 0.00 M M 3.8 10 330 M M 0 12 330
22 72 46 59 2 6 0 0.00 M M 3.8 10 320 M M 0 11 360
23 74 47 61 4 4 0 0.00 M M 4.2 10 330 M M 0 12 340
24 83 51 67 10 0 2 0.00 M M 5.2 12 330 M M 0 13 320
25 82 54 68 11 0 3 0.00 M M 4.5 12 330 M M 0 12 330
26 79 54 67 10 0 2 0.00 M M 4.0 13 330 M M 0 14 340
27 67 55 61 4 4 0 T M M 3.5 10 320 M M 3 13 300
28 72 51 62 4 3 0 0.01 M M 4.6 15 330 M M 2 18 320
29 67 53 60 2 5 0 T M M 2.4 13 340 M M 2 21 300
30 69 52 61 3 4 0 0.00 M M 3.5 16 330 M M 0 20 320
31 57 49 53 -5 12 0 0.00 M M 4.1 12 90 M M 6 128 15 100
================================================================================
SM 2123 1435 237 7 0.24 M 120.2 M 21
================================================================================
AV 68.5 46.3 3.9 FASTST M M 1 MAX(MPH)
MISC ----> 20 320 24 310
================================================================================
NOTES:
# LAST OF SEVERAL OCCURRENCES
COLUMN 17 PEAK WIND IN M.P.H.
PRELIMINARY LOCAL CLIMATOLOGICAL DATA (WS FORM: F-6) , PAGE 2
STATION: PALM SPRINGS INTL AIRPORT CA
MONTH: DECEMBER
YEAR: 2022
LATITUDE: 33 49 N
LONGITUDE: 116 30 W
[TEMPERATURE DATA] [PRECIPITATION DATA] SYMBOLS USED IN COLUMN 16
AVERAGE MONTHLY: 57.4 TOTAL FOR MONTH: 0.24 1 = FOG OR MIST
DPTR FM NORMAL: -0.3 DPTR FM NORMAL: -0.44 2 = FOG REDUCING VISIBILITY
HIGHEST: 83 ON 24 GRTST 24HR 0.23 ON 11-11 TO 1/4 MILE OR LESS
LOWEST: 39 ON 19,17 3 = THUNDER
SNOW, ICE PELLETS, HAIL 4 = ICE PELLETS
TOTAL MONTH: M 5 = HAIL
GRTST 24HR M ON M 6 = FREEZING RAIN OR DRIZZLE
GRTST DEPTH: M ON M 7 = DUSTSTORM OR SANDSTORM:
VSBY 1/2 MILE OR LESS
8 = SMOKE OR HAZE
[NO. OF DAYS WITH] [WEATHER - DAYS WITH] 9 = BLOWING SNOW
X = TORNADO
MAX 32 OR BELOW: 0 0.01 INCH OR MORE: 2
MAX 90 OR ABOVE: 0 0.10 INCH OR MORE: 1
MIN 32 OR BELOW: 0 0.50 INCH OR MORE: 0
MIN 0 OR BELOW: 0 1.00 INCH OR MORE: 0
[HDD (BASE 65) ]
TOTAL THIS MO. 237 CLEAR (SCALE 0-3) 28
DPTR FM NORMAL 4 PTCLDY (SCALE 4-7) 3
TOTAL FM JUL 1 321 CLOUDY (SCALE 8-10) 0
DPTR FM NORMAL 14
[CDD (BASE 65) ]
TOTAL THIS MO. 7
DPTR FM NORMAL 0 [PRESSURE DATA]
TOTAL FM JAN 1 5170 HIGHEST SLP 30.33 ON 20
DPTR FM NORMAL 569 LOWEST SLP 29.74 ON 31
[REMARKS]
#FINAL-12-22#