000
CXUS54 KHGX 251619
CF6PSX
PRELIMINARY LOCAL CLIMATOLOGICAL DATA (WS FORM: F-6)
STATION: PALACIOS
MONTH: JUNE
YEAR: 2020
LATITUDE: 28 43 N
LONGITUDE: 96 15 W
TEMPERATURE IN F: :PCPN: SNOW: WIND :SUNSHINE: SKY :PK WND
================================================================================
1 2 3 4 5 6A 6B 7 8 9 10 11 12 13 14 15 16 17 18
12Z AVG MX 2MIN
DY MAX MIN AVG DEP HDD CDD WTR SNW DPTH SPD SPD DIR MIN PSBL S-S WX SPD DR
================================================================================
1 84 70 77 -5 0 12 0.01 0.0 0 7.2 16 120 M M 4 13 21 100
2 89 72 81 -1 0 16 0.00 0.0 0 9.0 18 110 M M 1 1 23 130
3 87 75 81 -1 0 16 T 0.0 0 6.6 14 130 M M 2 13 17 130
4 89 78 84 2 0 19 0.00 0.0 0 7.9 21 320 M M 2 76 330
5 88 74 81 -1 0 16 0.00 0.0 0 6.5 15 150 M M 3 3 21 290
6 94 73 84 1 0 19 0.18 0.0 0 6.2 25 350 M M 1 13 29 350
7 95 75 85 2 0 20 0.00 0.0 0 6.8 15 310 M M 1 1 40 210
8 92 78 85 2 0 20 T 0.0 0 11.0 20 180 M M 1 24 180
9 91 82 87 4 0 22 T 0.0 0 11.5 18 150 M M 2 8 26 180
10 93 73 83 0 0 18 T 0.0 0 8.0 20 30 M M 3 18 25 30
11 92 65 79 -4 0 14 0.00 0.0 0 6.8 15 60 M M 0 19 150
12 90 67 79 -5 0 14 0.00 0.0 0 7.2 17 60 M M 0 8 22 60
13 91 65 78 -6 0 13 0.00 0.0 0 8.9 17 40 M M 0 8 25 50
14 91 68 80 -4 0 15 T 0.0 0 8.9 16 130 M M 2 30 140
15 91 73 82 -2 0 17 0.05 0.0 0 9.7 22 130 M M 2 1 27 130
16 90 73 82 -2 0 17 0.00 0.0 0 8.7 16 130 M M 0 22 130
17 90 76 83 -1 0 18 0.00 0.0 0 10.1 18 150 M M 0 27 100
18 90 79 85 1 0 20 T 0.0 0 13.0 21 140 M M 2 27 100
19 91 80 86 2 0 21 T 0.0 0 14.5 23 130 M M 3 28 150
20 91 81 86 2 0 21 T 0.0 0 11.2 20 160 M M 2 26 150
21 90 77 84 0 0 19 0.53 0.0 0 12.9 23 170 M M 3 13 29 160
22 89 79 84 0 0 19 0.01 0.0 0 14.4 24 160 M M 3 38 35 170
23 88 75 82 -2 0 17 0.01 0.0 0 10.9 23 150 M M 3 3 31 160
24 87 73 80 -4 0 15 1.31 0.0 0 8.4 26 290 M M 5 13 34 300
25 89 76 83 -2 0 18 0.15 0.0 0 9.6 24 180 M M 5 13 30 180
26 86 80 83 -2 0 18 0.01 0.0 0 10.6 17 140 M M 9 18 23 130
27 87 81 84 -1 0 19 0.00 0.0 0 11.9 18 150 M M 7 18 23 150
28 90 82 86 1 0 21 T 0.0 0 16.2 23 160 M M 8 1 30 160
29 90 83 87 2 0 22 T 0.0 0 16.7 24 150 M M 7 30 140
30 90 83 87 2 0 22 T 0.0 0 15.4 21 150 M M 9 18 38 160
================================================================================
SM 2695 2266 0 538 2.26 0.0 306.7 M 90
================================================================================
AV 89.8 75.5 10.2 FASTST M M 3 MAX(MPH)
MISC ----> 26 290 76 330
================================================================================
NOTES:
# LAST OF SEVERAL OCCURRENCES
COLUMN 17 PEAK WIND IN M.P.H.
PRELIMINARY LOCAL CLIMATOLOGICAL DATA (WS FORM: F-6) , PAGE 2
STATION: PALACIOS
MONTH: JUNE
YEAR: 2020
LATITUDE: 28 43 N
LONGITUDE: 96 15 W
[TEMPERATURE DATA] [PRECIPITATION DATA] SYMBOLS USED IN COLUMN 16
AVERAGE MONTHLY: 82.7 TOTAL FOR MONTH: 2.26 1 = FOG OR MIST
DPTR FM NORMAL: -0.9 DPTR FM NORMAL: -2.29 2 = FOG REDUCING VISIBILITY
HIGHEST: 95 ON 7 GRTST 24HR 1.31 ON 24-24 TO 1/4 MILE OR LESS
LOWEST: 65 ON 13,11 3 = THUNDER
SNOW, ICE PELLETS, HAIL 4 = ICE PELLETS
TOTAL MONTH: 0.0 INCH 5 = HAIL
GRTST 24HR 0.0 6 = FREEZING RAIN OR DRIZZLE
GRTST DEPTH: 0 7 = DUSTSTORM OR SANDSTORM:
VSBY 1/2 MILE OR LESS
8 = SMOKE OR HAZE
[NO. OF DAYS WITH] [WEATHER - DAYS WITH] 9 = BLOWING SNOW
X = TORNADO
MAX 32 OR BELOW: 0 0.01 INCH OR MORE: 9
MAX 90 OR ABOVE: 19 0.10 INCH OR MORE: 4
MIN 32 OR BELOW: 0 0.50 INCH OR MORE: 2
MIN 0 OR BELOW: 0 1.00 INCH OR MORE: 1
[HDD (BASE 65) ]
TOTAL THIS MO. 0 CLEAR (SCALE 0-3) 21
DPTR FM NORMAL 0 PTCLDY (SCALE 4-7) 7
TOTAL FM JUL 1 848 CLOUDY (SCALE 8-10) 2
DPTR FM NORMAL -154
[CDD (BASE 65) ]
TOTAL THIS MO. 538
DPTR FM NORMAL -21 [PRESSURE DATA]
TOTAL FM JAN 1 1453 HIGHEST SLP M ON M
DPTR FM NORMAL 130 LOWEST SLP 29.63 ON 7
[REMARKS]
#FINAL-06-20#