000
CXUS51 KBOX 011512
CF6PVD
PRELIMINARY LOCAL CLIMATOLOGICAL DATA (WS FORM: F-6)
STATION: PROVIDENCE RI
MONTH: NOVEMBER
YEAR: 2022
LATITUDE: 41 43 N
LONGITUDE: 71 26 W
TEMPERATURE IN F: :PCPN: SNOW: WIND :SUNSHINE: SKY :PK WND
================================================================================
1 2 3 4 5 6A 6B 7 8 9 10 11 12 13 14 15 16 17 18
12Z AVG MX 2MIN
DY MAX MIN AVG DEP HDD CDD WTR SNW DPTH SPD SPD DIR MIN PSBL S-S WX SPD DR
================================================================================
1 65 56 61 12 4 0 0.05 0.0 0 4.7 9 270 M M 7 1 12 230
2 70 43 57 8 8 0 0.00 0.0 0 6.3 16 20 M M 1 19 10
3 64 39 52 4 13 0 0.00 0.0 0 5.1 14 160 M M 1 16 150
4 72 41 57 9 8 0 T 0.0 0 6.0 23 240 M M 5 12 28 240
5 75 55 65 17 0 0 T 0.0 0 9.8 21 200 M M 6 28 220
6 75 64 70 22 0 5 T 0.0 0 12.7 25 230 M M 6 32 250
7 79 54 67 20 0 2 T 0.0 0 11.9 24 310 M M 4 33 320
8 56 39 48 1 17 0 0.00 0.0 0 12.0 23 20 M M 1 29 350
9 52 34 43 -4 22 0 0.00 0.0 0 6.2 13 350 M M 1 17 350
10 67 37 52 6 13 0 0.00 0.0 0 9.0 24 240 M M 1 32 210
11 72 47 60 14 5 0 0.52 0.0 0 8.2 31 190 M M 8 12 41 190
12 74 54 64 18 1 0 0.27 0.0 0 13.3 33 200 M M 7 1 48 200
13 55 39 47 2 18 0 0.11 0.0 0 8.9 23 300 M M 7 1 30 290
14 46 30 38 -7 27 0 0.00 0.0 0 9.0 18 300 M M 1 25 290
15 45 26 36 -9 29 0 0.13 T 0 4.9 14 20 M M 5 17 20
16 56 36 46 2 19 0 0.98 0.0 0 9.0 22 300 M M 8 1 28 320
17 48 32 40 -4 25 0 0.00 0.0 0 10.7 22 280 M M 5 29 280
18 45 29 37 -7 28 0 0.00 0.0 0 8.1 20 250 M M 2 26 250
19 43 27 35 -8 30 0 0.00 0.0 0 7.0 17 190 M M 1 21 220
20 39 24 32 -11 33 0 0.00 0.0 0 11.0 28 280 M M 3 34 300
21 41 21 31 -12 34 0 0.00 0.0 0 10.8 21 200 M M 1 26 220
22 49 33 41 -1 24 0 0.00 0.0 0 6.0 15 230 M M 1 19 240
23 53 31 42 0 23 0 0.00 0.0 0 6.6 18 290 M M 1 24 310
24 47 28 38 -4 27 0 0.00 0.0 0 4.9 13 210 M M 2 16 160
25 53 33 43 1 22 0 0.02 0.0 0 9.6 22 290 M M 5 1 30 290
26 54 33 44 3 21 0 0.00 0.0 0 10.2 20 320 M M 1 27 310
27 61 41 51 10 14 0 0.52 0.0 0 9.6 24 170 M M 7 1 32 180
28 59 37 48 8 17 0 0.00 0.0 0 10.2 22 270 M M 3 29 260
29 45 29 37 -3 28 0 0.00 0.0 0 2.8 12 350 M M 5 14 340
30 58 36 47 7 18 0 0.93 0.0 0 12.2 35 190 M M 10 1 48 190
================================================================================
SM 1718 1128 528 7 3.53 T 256.7 M 116
================================================================================
AV 57.3 37.6 8.6 FASTST M M 4 MAX(MPH)
MISC ----> 35 190 # 48 200
================================================================================
NOTES:
# LAST OF SEVERAL OCCURRENCES
COLUMN 17 PEAK WIND IN M.P.H.
PRELIMINARY LOCAL CLIMATOLOGICAL DATA (WS FORM: F-6) , PAGE 2
STATION: PROVIDENCE RI
MONTH: NOVEMBER
YEAR: 2022
LATITUDE: 41 43 N
LONGITUDE: 71 26 W
[TEMPERATURE DATA] [PRECIPITATION DATA] SYMBOLS USED IN COLUMN 16
AVERAGE MONTHLY: 47.4 TOTAL FOR MONTH: 3.53 1 = FOG OR MIST
DPTR FM NORMAL: 2.9 DPTR FM NORMAL: -0.74 2 = FOG REDUCING VISIBILITY
HIGHEST: 79 ON 7 GRTST 24HR 1.11 ON 15-16 TO 1/4 MILE OR LESS
LOWEST: 21 ON 21 3 = THUNDER
SNOW, ICE PELLETS, HAIL 4 = ICE PELLETS
TOTAL MONTH: T 5 = HAIL
GRTST 24HR T ON 15-15 6 = FREEZING RAIN OR DRIZZLE
GRTST DEPTH: 0 7 = DUSTSTORM OR SANDSTORM:
VSBY 1/2 MILE OR LESS
8 = SMOKE OR HAZE
[NO. OF DAYS WITH] [WEATHER - DAYS WITH] 9 = BLOWING SNOW
X = TORNADO
MAX 32 OR BELOW: 0 0.01 INCH OR MORE: 9
MAX 90 OR ABOVE: 0 0.10 INCH OR MORE: 7
MIN 32 OR BELOW: 10 0.50 INCH OR MORE: 4
MIN 0 OR BELOW: 0 1.00 INCH OR MORE: 0
[HDD (BASE 65) ]
TOTAL THIS MO. 528 CLEAR (SCALE 0-3) 14
DPTR FM NORMAL -87 PTCLDY (SCALE 4-7) 15
TOTAL FM JUL 1 879 CLOUDY (SCALE 8-10) 1
DPTR FM NORMAL -148
[CDD (BASE 65) ]
TOTAL THIS MO. 7
DPTR FM NORMAL 7 [PRESSURE DATA]
TOTAL FM JAN 1 1033 HIGHEST SLP 30.67 ON 9
DPTR FM NORMAL 221 LOWEST SLP 29.27 ON 27
[REMARKS]
#FINAL-11-22#