000
CXUS54 KOUN 061451
CF6PWA
PRELIMINARY LOCAL CLIMATOLOGICAL DATA (WS FORM: F-6)
STATION: BETHANY/WILEY POST
MONTH: DECEMBER
YEAR: 2021
LATITUDE: 35 31 N
LONGITUDE: 97 38 W
TEMPERATURE IN F: :PCPN: SNOW: WIND :SUNSHINE: SKY :PK WND
================================================================================
1 2 3 4 5 6A 6B 7 8 9 10 11 12 13 14 15 16 17 18
12Z AVG MX 2MIN
DY MAX MIN AVG DEP HDD CDD WTR SNW DPTH SPD SPD DIR MIN PSBL S-S WX SPD DR
================================================================================
1 71 39 55 10 10 0 0.00 0.0 0 5.1 12 300 M M 0 15 310
2 78 39 59 15 6 0 0.00 0.0 0 8.3 16 210 M M 0 20 220
3 77 51 64 20 1 0 0.00 0.0 0 8.7 15 210 M M 0 18 210
4 58 48 53 9 12 0 0.00 0.0 0 7.8 15 360 M M 8 18 360
5 76 47 62 19 3 0 0.00 0.0 0 16.2 38 10 M M 3 47 360
6 51 34 43 0 22 0 0.00 0.0 0 15.4 30 10 M M 1 37 20
7 50 27 39 -4 26 0 0.00 0.0 0 7.9 22 180 M M 0 29 180
8 60 27 44 2 21 0 0.00 0.0 0 12.4 29 180 M M 0 8 37 180
9 71 47 59 17 6 0 0.00 0.0 0 9.5 25 180 M M 0 30 190
10 81 41 61 19 4 0 T 0.0 0 18.2 38 230 M M 2 47 230
11 50 30 40 -2 25 0 0.00 0.0 0 10.6 22 330 M M 0 30 330
12 60 28 44 3 21 0 0.00 0.0 0 18.3 29 180 M M 0 36 180
13 69 40 55 14 10 0 0.00 0.0 0 15.6 23 170 M M 0 30 160
14 76 51 64 23 1 0 0.00 0.0 0 19.9 29 200 M M 1 1 36 190
15 80 64 72 31 0 7 0.00 0.0 0 24.0 41 180 M M 4 57 180
16 67 39 53 13 12 0 0.00 0.0 0 11.3 23 360 M M 2 30 360
17 63 45 54 14 11 0 0.00 0.0 0 6.9 22 360 M M 8 8 28 360
18 45 21 33 -7 32 0 0.00 0.0 0 16.0 29 360 M M 1 35 10
19 47 13 30 -10 35 0 0.00 0.0 0 6.3 14 170 M M 0 16 170
20 55 31 43 3 22 0 0.00 0.0 0 9.9 15 180 M M 0 18 170
21 64 27 46 6 19 0 0.00 0.0 0 6.5 17 220 M M 0 18 21 220
22 64 27 46 7 19 0 0.00 0.0 0 8.1 16 180 M M 0 8 22 180
23 66 44 55 16 10 0 0.00 0.0 0 13.1 23 190 M M 2 12 32 190
24 79 60 70 31 0 5 0.00 0.0 0 20.0 30 230 M M 0 41 230
25 73 44 59 20 6 0 0.00 0.0 0 7.2 24 240 M M 0 31 240
26 77 46 62 23 3 0 0.00 0.0 0 12.5 24 190 M M 0 33 190
27 63 46 55 16 10 0 0.00 0.0 M 9.1 18 140 M M 0 24 30
28 71 39 55 16 10 0 0.00 0.0 0 11.7 28 250 M M 3 36 250
29 58 32 45 6 20 0 T 0.0 0 6.7 12 330 M M 2 16 330
30 68 24 46 7 19 0 0.00 0.0 0 7.9 24 230 M M 0 30 230
31 66 49 58 19 7 0 0.18 0.0 0 14.7 31 170 M M 3 1 39 160
================================================================================
SM 2034 1200 403 12 0.18 0.0 365.8 M 40
================================================================================
AV 65.6 38.7 11.8 FASTST M M 1 MAX(MPH)
MISC ----> 41 180 57 180
================================================================================
NOTES:
# LAST OF SEVERAL OCCURRENCES
COLUMN 17 PEAK WIND IN M.P.H.
PRELIMINARY LOCAL CLIMATOLOGICAL DATA (WS FORM: F-6) , PAGE 2
STATION: BETHANY/WILEY POST
MONTH: DECEMBER
YEAR: 2021
LATITUDE: 35 31 N
LONGITUDE: 97 38 W
[TEMPERATURE DATA] [PRECIPITATION DATA] SYMBOLS USED IN COLUMN 16
AVERAGE MONTHLY: 52.2 TOTAL FOR MONTH: 0.18 1 = FOG OR MIST
DPTR FM NORMAL: 11.3 DPTR FM NORMAL: -1.09 2 = FOG REDUCING VISIBILITY
HIGHEST: 81 ON 10 GRTST 24HR 0.18 ON 31-31 TO 1/4 MILE OR LESS
LOWEST: 13 ON 19 3 = THUNDER
SNOW, ICE PELLETS, HAIL 4 = ICE PELLETS
TOTAL MONTH: 0.0 INCH 5 = HAIL
GRTST 24HR 0.0 6 = FREEZING RAIN OR DRIZZLE
GRTST DEPTH: 0 7 = DUSTSTORM OR SANDSTORM:
VSBY 1/2 MILE OR LESS
8 = SMOKE OR HAZE
[NO. OF DAYS WITH] [WEATHER - DAYS WITH] 9 = BLOWING SNOW
X = TORNADO
MAX 32 OR BELOW: 0 0.01 INCH OR MORE: 1
MAX 90 OR ABOVE: 0 0.10 INCH OR MORE: 1
MIN 32 OR BELOW: 11 0.50 INCH OR MORE: 0
MIN 0 OR BELOW: 0 1.00 INCH OR MORE: 0
[HDD (BASE 65) ]
TOTAL THIS MO. 403 CLEAR (SCALE 0-3) 27
DPTR FM NORMAL -346 PTCLDY (SCALE 4-7) 4
TOTAL FM JUL 1 838 CLOUDY (SCALE 8-10) 0
DPTR FM NORMAL -532
[CDD (BASE 65) ]
TOTAL THIS MO. 12
DPTR FM NORMAL 12 [PRESSURE DATA]
TOTAL FM JAN 1 2251 HIGHEST SLP 30.44 ON 19
DPTR FM NORMAL 83 LOWEST SLP 29.42 ON 10
[REMARKS]
#FINAL-12-21#