000
CXUS54 KFWD 010841
CF6PWG
PRELIMINARY LOCAL CLIMATOLOGICAL DATA (WS FORM: F-6)
STATION: WACO MCGREGOR
MONTH: FEBRUARY
YEAR: 2024
LATITUDE: 31 28 N
LONGITUDE: 97 19 W
TEMPERATURE IN F: :PCPN: SNOW: WIND :SUNSHINE: SKY :PK WND
================================================================================
1 2 3 4 5 6A 6B 7 8 9 10 11 12 13 14 15 16 17 18
12Z AVG MX 2MIN
DY MAX MIN AVG DEP HDD CDD WTR SNW DPTH SPD SPD DIR MIN PSBL S-S WX SPD DR
================================================================================
1 72 46 59 12 6 0 0.00 M M 9.2 18 170 M M 1 26 170
2 66 54 60 13 5 0 0.57 M M 12.3 29 130 M M 8 18 38 120
3 69 50 60 13 5 0 0.02 M M 4.7 12 240 M M 4 1 21 260
4 64 47 56 8 9 0 0.00 M M 12.3 23 330 M M 3 32 300
5 62 45 54 6 11 0 0.00 M M 12.6 18 330 M M 5 28 330
6 69 37 53 5 12 0 0.00 M M 2.6 8 120 M M 0 18 M M
7 68 44 56 8 9 0 0.00 M M 12.5 22 160 M M 1 30 150
8 70 55 63 15 2 0 0.00 M M 5.4 12 210 M M 4 M M
9 73 50 62 14 3 0 0.00 M M 5.7 16 200 M M 4 18 21 200
10 64 54 59 11 6 0 0.05 M M 7.8 14 170 M M 10 13 M M
11 56 42 49 0 16 0 M M M 11.1 18 310 M M 10 13 24 310
12 57 37 47 -2 18 0 0.00 M M 11.4 17 320 M M 4 25 330
13 66 31 49 0 16 0 0.00 M M 5.5 10 160 M M 0 M M
14 68 40 54 5 11 0 0.00 M M 9.1 17 150 M M 2 18 160
15 71 53 62 13 3 0 0.00 M M 8.2 13 160 M M 3 M M
16 74 48 61 11 4 0 0.00 M M 10.5 16 210 M M 0 25 210
17 48 34 41 -9 24 0 0.00 M M 16.5 24 360 M M 3 31 360
18 52 27 40 -10 25 0 0.00 M M 5.7 9 330 M M 1 M M
19 68 34 51 1 14 0 0.00 M M 9.4 17 180 M M 0 23 190
20 79 43 61 11 4 0 0.00 M M 9.9 20 170 M M 0 21 180
21 76 59 68 17 0 3 0.00 M M 15.7 23 160 M M 3 32 180
22 83 60 72 21 0 7 0.00 M M 11.8 20 180 M M 3 37 200
23 71 49 60 9 5 0 0.00 M M 8.7 16 360 M M 0 22 340
24 79 40 60 9 5 0 0.00 M M 5.8 14 180 M M 0 16 190
25 84 50 67 15 0 2 0.00 M M 11.1 18 200 M M 0 25 200
26 86 55 71 19 0 6 0.00 M M 11.5 20 160 M M 1 1 22 170
27 78 67 73 21 0 8 0.00 M M 12.7 17 190 M M 5 18 23 180
28 71 44 58 6 7 0 0.00 M M 14.8 25 350 M M 1 36 330
29 55 41 48 -4 17 0 0.00 M M 8.5 14 40 M M 8 M M
================================================================================
SM 1999 1336 237 26 0.64 M 282.9 M 84
================================================================================
AV 68.9 46.1 9.8 FASTST M M 3 MAX(MPH)
MISC ----> 29 130 38 120
================================================================================
NOTES:
# LAST OF SEVERAL OCCURRENCES
COLUMN 17 PEAK WIND IN M.P.H.
PRELIMINARY LOCAL CLIMATOLOGICAL DATA (WS FORM: F-6) , PAGE 2
STATION: WACO MCGREGOR
MONTH: FEBRUARY
YEAR: 2024
LATITUDE: 31 28 N
LONGITUDE: 97 19 W
[TEMPERATURE DATA] [PRECIPITATION DATA] SYMBOLS USED IN COLUMN 16
AVERAGE MONTHLY: 57.5 TOTAL FOR MONTH: 0.64 1 = FOG OR MIST
DPTR FM NORMAL: 8.1 DPTR FM NORMAL: -2.03 2 = FOG REDUCING VISIBILITY
HIGHEST: 86 ON 26 GRTST 24HR 0.59 ON 2- 3 TO 1/4 MILE OR LESS
LOWEST: 27 ON 18 3 = THUNDER
SNOW, ICE PELLETS, HAIL 4 = ICE PELLETS
TOTAL MONTH: M 5 = HAIL
GRTST 24HR M ON M 6 = FREEZING RAIN OR DRIZZLE
GRTST DEPTH: M ON M 7 = DUSTSTORM OR SANDSTORM:
VSBY 1/2 MILE OR LESS
8 = SMOKE OR HAZE
[NO. OF DAYS WITH] [WEATHER - DAYS WITH] 9 = BLOWING SNOW
X = TORNADO
MAX 32 OR BELOW: 0 0.01 INCH OR MORE: 3
MAX 90 OR ABOVE: 0 0.10 INCH OR MORE: 1
MIN 32 OR BELOW: 2 0.50 INCH OR MORE: 1
MIN 0 OR BELOW: 0 1.00 INCH OR MORE: 0
[HDD (BASE 65) ]
TOTAL THIS MO. 237 CLEAR (SCALE 0-3) 18
DPTR FM NORMAL -204 PTCLDY (SCALE 4-7) 9
TOTAL FM JUL 1 1563 CLOUDY (SCALE 8-10) 2
DPTR FM NORMAL -412
[CDD (BASE 65) ]
TOTAL THIS MO. 26
DPTR FM NORMAL 22 [PRESSURE DATA]
TOTAL FM JAN 1 26 HIGHEST SLP 30.41 ON 28
DPTR FM NORMAL 20 LOWEST SLP 29.49 ON 4
[REMARKS]
#FINAL-02-24#