610
CXUS54 KFWD 010731
CF6PWG
PRELIMINARY LOCAL CLIMATOLOGICAL DATA (WS FORM: F-6)
STATION: WACO MCGREGOR
MONTH: APRIL
YEAR: 2020
LATITUDE: 31 28 N
LONGITUDE: 97 19 W
TEMPERATURE IN F: :PCPN: SNOW: WIND :SUNSHINE: SKY :PK WND
================================================================================
1 2 3 4 5 6A 6B 7 8 9 10 11 12 13 14 15 16 17 18
12Z AVG MX 2MIN
DY MAX MIN AVG DEP HDD CDD WTR SNW DPTH SPD SPD DIR MIN PSBL S-S WX SPD DR
================================================================================
1 73 46 60 -1 5 0 0.00 0.0 0 8.6 17 140 M M 0 22 140
2 70 58 64 3 1 0 0.67 0.0 0 12.1 17 170 M M 7 13 22 140
3 71 42 57 -4 8 0 0.05 0.0 0 10.7 21 350 M M 10 1 28 350
4 50 42 46 -16 19 0 0.20 0.0 0 9.7 14 340 M M 10 13 20 330
5 67 47 57 -5 8 0 T 0.0 0 5.7 9 110 M M 10 1 M M
6 73 58 66 4 0 1 0.00 0.0 0 4.3 8 180 M M 6 1 M M
7 89 68 79 17 0 14 0.00 0.0 0 8.9 13 150 M M 3 1 16 190
8 91 71 81 19 0 16 0.00 0.0 0 6.8 9 250 M M 0 1 M M
9 80 63 72 9 0 7 0.19 0.0 0 4.2 8 350 M M 1 13 M M
10 72 55 64 1 1 0 0.00 0.0 0 8.3 12 70 M M 0 M M
11 74 54 64 1 1 0 0.00 0.0 0 9.4 16 160 M M 8 3 30 160
12 81 50 66 2 0 1 1.01 0.0 0 12.7 18 270 M M 4 13 32 350
13 58 40 49 -15 16 0 0.00 0.0 0 12.0 18 360 M M 0 25 360
14 59 43 51 -13 14 0 0.00 0.0 0 9.7 15 20 M M 6 22 20
15 66 36 51 -13 14 0 0.00 0.0 0 3.1 9 120 M M 0 8 M M
16 75 44 60 -4 5 0 0.00 0.0 0 10.2 15 160 M M 0 23 170
17 66 52 59 -6 6 0 0.00 0.0 0 8.1 15 350 M M 8 1 21 350
18 63 50 57 -8 8 0 T 0.0 0 5.8 9 10 M M 9 1 M M
19 M M M M M M 0.78 0.0 0 M M M M M M 13 M M
20 77 59 68 2 0 3 0.00 0.0 0 5.6 9 120 M M M 8 M M
21 83 62 73 7 0 8 0.00 0.0 0 9.0 15 160 M M 5 1 21 140
22 81 61 71 5 0 6 0.01 0.0 0 8.7 21 140 M M 5 1 25 190
23 85 56 71 5 0 6 0.00 0.0 0 6.5 10 340 M M 0 8 M M
24 94 58 76 9 0 11 0.00 0.0 0 10.5 17 200 M M 0 37 340
25 75 55 65 -2 0 0 0.00 0.0 0 8.1 18 10 M M 2 23 10
26 83 47 65 -2 0 0 0.00 0.0 0 4.8 12 130 M M 0 17 140
27 86 59 73 6 0 8 0.00 0.0 0 14.9 23 160 M M 0 32 160
28 90 68 79 11 0 14 0.00 0.0 0 12.7 20 180 M M 5 28 180
29 80 53 67 -1 0 2 0.95 0.0 0 9.8 17 360 M M 3 13 24 360
30 83 48 66 -2 0 1 0.00 0.0 0 3.6 8 140 M M 0 M M
================================================================================
SM 2195 1545 106 98 3.86 0.0 244.5 M 102
================================================================================
AV 75.7 53.3 8.4 FASTST M M 4 MAX(MPH)
MISC ----> # 23 160 # 37 340
================================================================================
NOTES:
# LAST OF SEVERAL OCCURRENCES
COLUMN 17 PEAK WIND IN M.P.H.
PRELIMINARY LOCAL CLIMATOLOGICAL DATA (WS FORM: F-6) , PAGE 2
STATION: WACO MCGREGOR
MONTH: APRIL
YEAR: 2020
LATITUDE: 31 28 N
LONGITUDE: 97 19 W
[TEMPERATURE DATA] [PRECIPITATION DATA] SYMBOLS USED IN COLUMN 16
AVERAGE MONTHLY: 64.5 TOTAL FOR MONTH: 3.86 1 = FOG OR MIST
DPTR FM NORMAL: 0.1 DPTR FM NORMAL: 1.15 2 = FOG REDUCING VISIBILITY
HIGHEST: 94 ON 24 GRTST 24HR 1.01 ON 12-12 TO 1/4 MILE OR LESS
LOWEST: 36 ON 15 3 = THUNDER
SNOW, ICE PELLETS, HAIL 4 = ICE PELLETS
TOTAL MONTH: 0.0 INCH 5 = HAIL
GRTST 24HR 0.0 6 = FREEZING RAIN OR DRIZZLE
GRTST DEPTH: 0 7 = DUSTSTORM OR SANDSTORM:
VSBY 1/2 MILE OR LESS
8 = SMOKE OR HAZE
[NO. OF DAYS WITH] [WEATHER - DAYS WITH] 9 = BLOWING SNOW
X = TORNADO
MAX 32 OR BELOW: 0 0.01 INCH OR MORE: 8
MAX 90 OR ABOVE: 3 0.10 INCH OR MORE: 6
MIN 32 OR BELOW: 0 0.50 INCH OR MORE: 4
MIN 0 OR BELOW: 0 1.00 INCH OR MORE: 1
[HDD (BASE 65) ]
TOTAL THIS MO. 106 CLEAR (SCALE 0-3) 14
DPTR FM NORMAL 8 PTCLDY (SCALE 4-7) 9
TOTAL FM JUL 1 1846 CLOUDY (SCALE 8-10) 5
DPTR FM NORMAL -487
[CDD (BASE 65) ]
TOTAL THIS MO. 98
DPTR FM NORMAL 17 [PRESSURE DATA]
TOTAL FM JAN 1 196 HIGHEST SLP 30.30 ON 14
DPTR FM NORMAL 85 LOWEST SLP 29.41 ON 12
[REMARKS]
#FINAL-04-20#