000
CXUS53 KMKX 010810
CF6RAC
PRELIMINARY LOCAL CLIMATOLOGICAL DATA (WS FORM: F-6)
STATION: RACINE WI
MONTH: AUGUST
YEAR: 2021
LATITUDE: 42 45 N
LONGITUDE: 87 49 W
TEMPERATURE IN F: :PCPN: SNOW: WIND :SUNSHINE: SKY :PK WND
================================================================================
1 2 3 4 5 6A 6B 7 8 9 10 11 12 13 14 15 16 17 18
12Z AVG MX 2MIN
DY MAX MIN AVG DEP HDD CDD WTR SNW DPTH SPD SPD DIR MIN PSBL S-S WX SPD DR
================================================================================
1 75 63 69 -3 0 4 0.00 0.0 0 11.7 21 360 M M 0 18 29 40
2 76 57 67 -5 0 2 0.00 M M 5.3 14 140 M M 4 20 120
3 81 58 70 -2 0 5 0.00 M M 5.7 14 130 M M 1 19 130
4 82 60 71 -1 0 6 0.00 M M 5.6 13 160 M M 0 17 170
5 84 65 75 3 0 10 0.00 M M 7.6 20 160 M M 3 26 160
6 87 64 76 4 0 11 1.04 M M 9.2 33 350 M M 6 13 49 350
7 80 65 73 1 0 8 0.05 M 0 5.7 18 40 M M 2 138 22 330
8 89 68 79 7 0 14 0.08 M M 10.5 22 220 M M 3 13 33 210
9 78 70 74 2 0 9 0.75 M M 8.7 20 170 M M 6 13 27 170
10 89 67 78 6 0 13 0.29 M M 7.6 32 270 M M 1 13 50 260
11 88 69 79 7 0 14 0.30 M M 10.9 25 230 M M 5 13 44 220
12 88 66 77 5 0 12 0.00 M M 7.6 16 230 M M 1 23 240
13 81 62 72 0 0 7 0.00 M M 6.5 14 140 M M 2 19 100
14 78 57 68 -4 0 3 0.00 M M 5.1 13 130 M M 0 19 160
15 79 56 68 -3 0 3 0.00 M M 4.0 13 140 M M 0 18 180
16 78 59 69 -2 0 4 0.00 M M 4.1 12 120 M M 0 16 90
17 80 58 69 -2 0 4 0.00 M M 4.0 14 110 M M 0 19 110
18 83 65 74 3 0 9 0.00 M M 4.6 10 90 M M 0 1 14 80
19 84 69 77 6 0 12 0.00 M M 4.2 10 80 M M 3 12 14 110
20 84 66 75 4 0 10 0.00 M M 5.1 13 110 M M 3 12 17 110
21 87 71 79 8 0 14 0.04 M M 7.6 16 170 M M 3 138 21 180
22 77 63 70 0 0 5 0.00 M M 10.2 18 40 M M 2 25 10
23 84 61 73 3 0 8 0.00 M M 6.2 17 160 M M 1 25 240
24 95 71 83 13 0 18 0.60 M M 7.1 32 20 M M 2 13 48 360
25 90 69 80 10 0 15 0.00 0.0 M 5.6 16 300 M M 2 23 300
26 82 70 76 6 0 11 0.00 M M 6.0 13 10 M M 3 1 16 110
27 84 73 79 9 0 14 0.00 M M 7.3 15 180 M M 1 1 22 180
28 94 75 85 16 0 20 0.03 M M 7.3 17 200 M M 1 3 24 180
29 89 68 79 10 0 14 0.18 M M 9.0 23 280 M M 1 138 35 280
30 83 63 73 4 0 8 0.00 M M 6.7 14 160 M M 0 19 170
31 80 59 70 1 0 5 0.00 M M 7.8 18 20 M M 1 24 30
================================================================================
SM 2589 2007 0 292 3.36 0.0 214.5 M 57
================================================================================
AV 83.5 64.7 6.9 FASTST M M 2 MAX(MPH)
MISC ----> 33 350 50 260
================================================================================
NOTES:
# LAST OF SEVERAL OCCURRENCES
COLUMN 17 PEAK WIND IN M.P.H.
PRELIMINARY LOCAL CLIMATOLOGICAL DATA (WS FORM: F-6) , PAGE 2
STATION: RACINE WI
MONTH: AUGUST
YEAR: 2021
LATITUDE: 42 45 N
LONGITUDE: 87 49 W
[TEMPERATURE DATA] [PRECIPITATION DATA] SYMBOLS USED IN COLUMN 16
AVERAGE MONTHLY: 74.1 TOTAL FOR MONTH: 3.36 1 = FOG OR MIST
DPTR FM NORMAL: 3.0 DPTR FM NORMAL: 0.01 2 = FOG REDUCING VISIBILITY
HIGHEST: 95 ON 24 GRTST 24HR 1.04 ON 6- 6 TO 1/4 MILE OR LESS
LOWEST: 56 ON 15 3 = THUNDER
SNOW, ICE PELLETS, HAIL 4 = ICE PELLETS
TOTAL MONTH: 0.0 INCH 5 = HAIL
GRTST 24HR 0.0 6 = FREEZING RAIN OR DRIZZLE
GRTST DEPTH: 0 7 = DUSTSTORM OR SANDSTORM:
VSBY 1/2 MILE OR LESS
8 = SMOKE OR HAZE
[NO. OF DAYS WITH] [WEATHER - DAYS WITH] 9 = BLOWING SNOW
X = TORNADO
MAX 32 OR BELOW: 0 0.01 INCH OR MORE: 10
MAX 90 OR ABOVE: 3 0.10 INCH OR MORE: 6
MIN 32 OR BELOW: 0 0.50 INCH OR MORE: 3
MIN 0 OR BELOW: 0 1.00 INCH OR MORE: 1
[HDD (BASE 65) ]
TOTAL THIS MO. 0 CLEAR (SCALE 0-3) 25
DPTR FM NORMAL -9 PTCLDY (SCALE 4-7) 6
TOTAL FM JUL 1 8 CLOUDY (SCALE 8-10) 0
DPTR FM NORMAL -5
[CDD (BASE 65) ]
TOTAL THIS MO. 292
DPTR FM NORMAL 94 [PRESSURE DATA]
TOTAL FM JAN 1 753 HIGHEST SLP M ON M
DPTR FM NORMAL 180 LOWEST SLP 29.69 ON 11
[REMARKS]
#FINAL-08-21#