000
CXUS56 KSGX 011045
CF6RAL
PRELIMINARY LOCAL CLIMATOLOGICAL DATA (WS FORM: F-6)
STATION: RIVERSIDE MUNI AIRPORT CA
MONTH: OCTOBER
YEAR: 2022
LATITUDE: 33 57 N
LONGITUDE: 117 27 W
TEMPERATURE IN F: :PCPN: SNOW: WIND :SUNSHINE: SKY :PK WND
================================================================================
1 2 3 4 5 6A 6B 7 8 9 10 11 12 13 14 15 16 17 18
12Z AVG MX 2MIN
DY MAX MIN AVG DEP HDD CDD WTR SNW DPTH SPD SPD DIR MIN PSBL S-S WX SPD DR
================================================================================
1 83 62 73 0 0 8 0.00 M M 5.8 16 270 M M 5 18 20 270
2 86 62 74 2 0 9 0.00 M M 5.4 15 270 M M 4 8 19 270
3 88 61 75 3 0 10 0.00 M M 4.3 15 270 M M 0 20 270
4 91 62 77 5 0 12 0.00 M M 4.9 17 260 M M 0 24 270
5 91 63 77 5 0 12 0.00 M M 5.0 16 270 M M 0 18 22 280
6 87 64 76 5 0 11 0.00 M M 4.5 15 270 M M 5 18 18 270
7 90 62 76 5 0 11 0.00 M M 4.5 22 270 M M 4 18 26 260
8 91 64 78 7 0 13 0.00 M M 4.5 21 270 M M 0 18 24 260
9 87 63 75 4 0 10 0.00 M M 4.6 17 270 M M 0 18 22 270
10 86 61 74 4 0 9 0.00 M M 5.6 20 270 M M 2 18 24 270
11 82 63 73 3 0 8 0.03 M M 3.7 15 260 M M 6 138 18 270
12 84 63 74 4 0 9 0.00 M M 4.8 14 250 M M 4 18 19 270
13 81 61 71 1 0 6 0.00 M M 4.2 13 270 M M 4 18 18 270
14 74 63 69 0 0 4 0.00 M M 4.6 16 270 M M 7 18 19 270
15 70 61 66 -3 0 1 0.17 M M 6.1 20 270 M M 10 13 22 270
16 70 60 65 -4 0 0 0.00 M M 2.6 9 270 M M 7 18 13 290
17 83 56 70 1 0 5 0.00 M M 3.5 15 270 M M 0 18 18 270
18 94 60 77 9 0 12 0.00 M M 2.9 14 130 M M 0 1 17 150
19 94 60 77 9 0 12 0.00 M M 4.5 17 120 M M 0 22 110
20 93 63 78 10 0 13 0.00 M M 4.8 18 250 M M 0 23 250
21 85 59 72 4 0 7 0.00 M M 4.1 15 270 M M 1 18 19 270
22 73 60 67 -1 0 2 0.00 M M 7.6 20 240 M M 9 8 23 250
23 72 54 63 -4 2 0 0.00 M M 4.5 18 270 M M 3 22 270
24 79 52 66 -1 0 1 0.00 M M 7.0 18 30 M M 0 28 10
25 80 49 65 -2 0 0 0.00 M M 4.6 16 270 M M 0 20 270
26 76 48 62 -5 3 0 0.00 M M 3.4 15 270 M M 0 19 270
27 82 52 67 1 0 2 0.00 M M 2.0 10 270 M M 1 1 13 270
28 82 49 66 0 0 1 0.00 M M 3.4 20 270 M M 0 23 270
29 83 50 67 1 0 2 0.00 M M 3.8 13 270 M M 0 17 270
30 88 49 69 3 0 4 0.00 M M 4.8 15 350 M M 0 23 350
31 87 50 69 4 0 4 0.00 M M 3.4 18 280 M M 0 23 270
================================================================================
SM 2592 1806 5 198 0.20 M 139.4 M 72
================================================================================
AV 83.6 58.3 4.5 FASTST M M 2 MAX(MPH)
MISC ----> 22 270 28 10
================================================================================
NOTES:
# LAST OF SEVERAL OCCURRENCES
COLUMN 17 PEAK WIND IN M.P.H.
PRELIMINARY LOCAL CLIMATOLOGICAL DATA (WS FORM: F-6) , PAGE 2
STATION: RIVERSIDE MUNI AIRPORT CA
MONTH: OCTOBER
YEAR: 2022
LATITUDE: 33 57 N
LONGITUDE: 117 27 W
[TEMPERATURE DATA] [PRECIPITATION DATA] SYMBOLS USED IN COLUMN 16
AVERAGE MONTHLY: 70.9 TOTAL FOR MONTH: 0.20 1 = FOG OR MIST
DPTR FM NORMAL: 2.0 DPTR FM NORMAL: -0.13 2 = FOG REDUCING VISIBILITY
HIGHEST: 94 ON 19,18 GRTST 24HR 0.17 ON 15-15 TO 1/4 MILE OR LESS
LOWEST: 48 ON 26 3 = THUNDER
SNOW, ICE PELLETS, HAIL 4 = ICE PELLETS
TOTAL MONTH: M 5 = HAIL
GRTST 24HR M ON M 6 = FREEZING RAIN OR DRIZZLE
GRTST DEPTH: M ON M 7 = DUSTSTORM OR SANDSTORM:
VSBY 1/2 MILE OR LESS
8 = SMOKE OR HAZE
[NO. OF DAYS WITH] [WEATHER - DAYS WITH] 9 = BLOWING SNOW
X = TORNADO
MAX 32 OR BELOW: 0 0.01 INCH OR MORE: 2
MAX 90 OR ABOVE: 7 0.10 INCH OR MORE: 1
MIN 32 OR BELOW: 0 0.50 INCH OR MORE: 0
MIN 0 OR BELOW: 0 1.00 INCH OR MORE: 0
[HDD (BASE 65) ]
TOTAL THIS MO. 5 CLEAR (SCALE 0-3) 19
DPTR FM NORMAL -26 PTCLDY (SCALE 4-7) 10
TOTAL FM JUL 1 5 CLOUDY (SCALE 8-10) 2
DPTR FM NORMAL -27
[CDD (BASE 65) ]
TOTAL THIS MO. 198
DPTR FM NORMAL 44 [PRESSURE DATA]
TOTAL FM JAN 1 2390 HIGHEST SLP 30.14 ON 24
DPTR FM NORMAL 571 LOWEST SLP 29.68 ON 22
[REMARKS]
#FINAL-10-22#