000
CXUS51 KPHI 161615
CF6RDG
PRELIMINARY LOCAL CLIMATOLOGICAL DATA (WS FORM: F-6)
STATION: READING PA
MONTH: MAY
YEAR: 2022
LATITUDE: 40 22 N
LONGITUDE: 75 58 W
TEMPERATURE IN F: :PCPN: SNOW: WIND :SUNSHINE: SKY :PK WND
================================================================================
1 2 3 4 5 6A 6B 7 8 9 10 11 12 13 14 15 16 17 18
12Z AVG MX 2MIN
DY MAX MIN AVG DEP HDD CDD WTR SNW DPTH SPD SPD DIR MIN PSBL S-S WX SPD DR
================================================================================
1 72 37 55 -3 10 0 0.07 0.0 0 4.0 17 240 M M 5 18 21 250
2 73 52 63 5 2 0 0.22 0.0 0 4.0 14 270 M M 7 138 20 290
3 73 51 62 3 3 0 0.00 0.0 0 6.6 16 130 M M 4 1 25 110
4 67 51 59 0 6 0 0.17 0.0 0 4.1 17 350 M M 9 18 21 350
5 74 54 64 5 1 0 0.00 0.0 0 6.1 14 20 M M 3 8 19 40
6 63 50 57 -3 8 0 1.05 0.0 0 6.6 15 70 M M 9 1 21 60
7 52 45 49 -11 16 0 1.20 0.0 0 10.5 23 40 M M 10 1 36 40
8 63 44 54 -6 11 0 T 0.0 0 8.9 21 20 M M 5 27 40
9 73 46 60 0 5 0 0.00 0.0 0 8.8 18 50 M M 1 26 50
10 74 47 61 0 4 0 0.00 0.0 0 7.7 17 20 M M 0 8 24 40
11 77 45 61 0 4 0 0.00 0.0 0 6.3 16 20 M M 1 8 29 20
12 79 53 66 5 0 1 0.00 0.0 0 5.3 15 150 M M 3 22 150
13 76 63 70 8 0 5 0.19 0.0 0 4.4 15 130 M M 9 138 22 120
14 74 66 70 8 0 5 0.10 0.0 0 3.5 13 130 M M 10 1 20 130
15 80 65 73 11 0 8 T 0.0 0 4.7 12 200 M M 7 18 14 200
16 80 58 69 7 0 4 0.24 0.0 0 6.8 28 300 M M 5 138 36 300
17 79 50 65 2 0 0 0.00 0.0 0 10.5 30 280 M M 1 1 39 270
18 72 48 60 -3 5 0 0.12 0.0 0 5.0 15 260 M M 3 1 19 270
19 79 56 68 5 0 3 0.62 0.0 0 4.5 18 260 M M 4 18 26 250
20 81 57 69 5 0 4 0.90 0.0 0 2.0 29 310 M M 3 138 35 300
21 92 67 80 16 0 15 0.00 0.0 0 1.3 6 20 M M 5 128 7 30
22 92 67 80 16 0 15 0.08 0.0 0 4.6 14 260 M M 4 138 21 260
23 74 57 66 1 0 1 T 0.0 0 M 12 360 M M 5 14 360
24 70 59 65 0 0 0 T 0.0 0 5.9 13 150 M M 7 18 150
25 76 56 66 1 0 1 0.00 0.0 0 6.8 16 140 M M 6 21 170
26 72 56 64 -2 1 0 0.00 0.0 0 8.1 16 160 M M 9 21 150
27 76 67 72 6 0 7 0.48 0.0 0 7.2 22 220 M M 9 138 32 240
28 79 65 72 6 0 7 0.22 0.0 0 5.3 20 310 M M 8 18 24 300
29 82 56 69 3 0 4 0.00 0.0 0 2.4 12 240 M M 3 128 18 230
30 89 60 75 8 0 10 0.00 0.0 0 3.5 12 260 M M 0 18 18 280
31 94 68 81 14 0 16 0.00 0.0 0 5.6 21 340 M M 0 18 25 320
================================================================================
SM 2357 1716 76 106 5.66 0.0 171.0 M 155
================================================================================
AV 76.0 55.4 5.7 FASTST M M 5 MAX(MPH)
MISC ----> 30 280 39 270
================================================================================
NOTES:
# LAST OF SEVERAL OCCURRENCES
COLUMN 17 PEAK WIND IN M.P.H.
PRELIMINARY LOCAL CLIMATOLOGICAL DATA (WS FORM: F-6) , PAGE 2
STATION: READING PA
MONTH: MAY
YEAR: 2022
LATITUDE: 40 22 N
LONGITUDE: 75 58 W
[TEMPERATURE DATA] [PRECIPITATION DATA] SYMBOLS USED IN COLUMN 16
AVERAGE MONTHLY: 65.7 TOTAL FOR MONTH: 5.66 1 = FOG OR MIST
DPTR FM NORMAL: 3.2 DPTR FM NORMAL: 2.15 2 = FOG REDUCING VISIBILITY
HIGHEST: 94 ON 31 GRTST 24HR 1.20 ON 7- 7 TO 1/4 MILE OR LESS
LOWEST: 37 ON 1 3 = THUNDER
SNOW, ICE PELLETS, HAIL 4 = ICE PELLETS
TOTAL MONTH: 0.0 INCH 5 = HAIL
GRTST 24HR 0.0 6 = FREEZING RAIN OR DRIZZLE
GRTST DEPTH: 0 7 = DUSTSTORM OR SANDSTORM:
VSBY 1/2 MILE OR LESS
8 = SMOKE OR HAZE
[NO. OF DAYS WITH] [WEATHER - DAYS WITH] 9 = BLOWING SNOW
X = TORNADO
MAX 32 OR BELOW: 0 0.01 INCH OR MORE: 14
MAX 90 OR ABOVE: 3 0.10 INCH OR MORE: 12
MIN 32 OR BELOW: 0 0.50 INCH OR MORE: 4
MIN 0 OR BELOW: 0 1.00 INCH OR MORE: 2
[HDD (BASE 65) ]
TOTAL THIS MO. 76 CLEAR (SCALE 0-3) 10
DPTR FM NORMAL -66 PTCLDY (SCALE 4-7) 14
TOTAL FM JUL 1 4573 CLOUDY (SCALE 8-10) 7
DPTR FM NORMAL -538
[CDD (BASE 65) ]
TOTAL THIS MO. 106
DPTR FM NORMAL 42 [PRESSURE DATA]
TOTAL FM JAN 1 107 HIGHEST SLP M ON M
DPTR FM NORMAL 32 LOWEST SLP 29.57 ON 16
[REMARKS]
#FINAL-05-22#