000
CXUS52 KRAH 010845
CF6RDU
PRELIMINARY LOCAL CLIMATOLOGICAL DATA (WS FORM: F-6)
STATION: RALEIGH NC
MONTH: APRIL
YEAR: 2023
LATITUDE: 35 52 N
LONGITUDE: 78 47 W
TEMPERATURE IN F: :PCPN: SNOW: WIND :SUNSHINE: SKY :PK WND
================================================================================
1 2 3 4 5 6A 6B 7 8 9 10 11 12 13 14 15 16 17 18
12Z AVG MX 2MIN
DY MAX MIN AVG DEP HDD CDD WTR SNW DPTH SPD SPD DIR MIN PSBL S-S WX SPD DR
================================================================================
1 78 64 71 15 0 6 0.02 0.0 0 19.4 36 220 M M 6 1 44 230
2 68 46 57 0 8 0 0.00 0.0 0 3.6 15 320 M M 0 24 320
3 75 46 61 4 4 0 0.00 0.0 0 7.6 14 210 M M 8 18 190
4 83 59 71 14 0 6 0.00 0.0 0 4.2 12 230 M M 5 14 250
5 87 63 75 17 0 10 0.00 0.0 0 8.1 20 230 M M 5 25 230
6 87 69 78 20 0 13 0.00 0.0 0 9.1 18 230 M M 9 23 230
7 69 45 57 -1 8 0 2.02 0.0 0 10.1 28 60 M M 10 1 36 60
8 48 42 45 -14 20 0 1.42 0.0 0 10.2 22 50 M M 10 1 28 50
9 63 41 52 -7 13 0 0.02 0.0 0 11.2 21 50 M M 4 29 50
10 65 36 51 -8 14 0 0.00 0.0 0 6.3 17 50 M M 2 24 50
11 75 37 56 -4 9 0 0.00 0.0 0 3.5 13 240 M M 1 16 260
12 82 47 65 5 0 0 0.00 0.0 0 5.7 16 230 M M 3 22 260
13 83 51 67 7 0 2 0.00 0.0 0 7.2 15 220 M M 3 19 210
14 81 58 70 10 0 5 1.73 0.0 0 3.2 21 220 M M 8 13 26 220
15 79 62 71 10 0 6 T 0.0 0 6.4 16 220 M M 6 12 20 230
16 82 57 70 9 0 5 T 0.0 M 8.0 18 230 M M 6 23 220
17 71 51 61 0 4 0 0.00 0.0 0 9.6 22 230 M M 5 30 230
18 78 42 60 -2 5 0 0.00 0.0 0 7.1 20 250 M M 0 29 230
19 85 50 68 6 0 3 0.00 0.0 0 2.9 14 230 M M 1 18 230
20 86 58 72 10 0 7 0.00 0.0 0 6.9 18 230 M M 5 22 220
21 85 60 73 11 0 8 0.00 0.0 0 9.6 18 180 M M 3 27 200
22 76 53 65 2 0 0 0.66 0.0 0 7.2 22 220 M M 8 13 27 220
23 74 44 59 -4 6 0 0.00 0.0 0 3.3 18 230 M M 4 1 24 220
24 67 48 58 -5 7 0 0.00 0.0 0 5.7 17 40 M M 6 22 40
25 69 43 56 -8 9 0 T 0.0 0 3.6 13 170 M M 6 16 120
26 71 48 60 -4 5 0 0.03 0.0 0 3.5 12 220 M M 8 15 210
27 62 58 60 -4 5 0 0.31 0.0 0 6.7 15 90 M M 10 1 20 130
28 79 61 70 6 0 5 0.27 0.0 0 6.2 14 190 M M 8 13 19 180
29 79 56 68 3 0 3 0.00 0.0 0 3.6 15 230 M M 9 12 18 240
30 70 55 63 -2 2 0 1.36 0.0 0 4.8 17 310 M M 9 13 25 310
================================================================================
SM 2257 1550 119 79 7.84 0.0 204.5 M 168
================================================================================
AV 75.2 51.7 6.8 FASTST M M 6 MAX(MPH)
MISC ----> 36 220 44 230
================================================================================
NOTES:
# LAST OF SEVERAL OCCURRENCES
COLUMN 17 PEAK WIND IN M.P.H.
PRELIMINARY LOCAL CLIMATOLOGICAL DATA (WS FORM: F-6) , PAGE 2
STATION: RALEIGH NC
MONTH: APRIL
YEAR: 2023
LATITUDE: 35 52 N
LONGITUDE: 78 47 W
[TEMPERATURE DATA] [PRECIPITATION DATA] SYMBOLS USED IN COLUMN 16
AVERAGE MONTHLY: 63.5 TOTAL FOR MONTH: 7.84 1 = FOG OR MIST
DPTR FM NORMAL: 2.6 DPTR FM NORMAL: 4.31 2 = FOG REDUCING VISIBILITY
HIGHEST: 87 ON 6, 5 GRTST 24HR 2.02 ON 7- 7 TO 1/4 MILE OR LESS
LOWEST: 36 ON 10 3 = THUNDER
SNOW, ICE PELLETS, HAIL 4 = ICE PELLETS
TOTAL MONTH: 0.0 INCH 5 = HAIL
GRTST 24HR 0.0 6 = FREEZING RAIN OR DRIZZLE
GRTST DEPTH: 0 7 = DUSTSTORM OR SANDSTORM:
VSBY 1/2 MILE OR LESS
8 = SMOKE OR HAZE
[NO. OF DAYS WITH] [WEATHER - DAYS WITH] 9 = BLOWING SNOW
X = TORNADO
MAX 32 OR BELOW: 0 0.01 INCH OR MORE: 10
MAX 90 OR ABOVE: 0 0.10 INCH OR MORE: 7
MIN 32 OR BELOW: 0 0.50 INCH OR MORE: 5
MIN 0 OR BELOW: 0 1.00 INCH OR MORE: 4
[HDD (BASE 65) ]
TOTAL THIS MO. 119 CLEAR (SCALE 0-3) 7
DPTR FM NORMAL -61 PTCLDY (SCALE 4-7) 16
TOTAL FM JUL 1 2389 CLOUDY (SCALE 8-10) 7
DPTR FM NORMAL -716
[CDD (BASE 65) ]
TOTAL THIS MO. 79
DPTR FM NORMAL 25 [PRESSURE DATA]
TOTAL FM JAN 1 109 HIGHEST SLP 30.50 ON 10
DPTR FM NORMAL 41 LOWEST SLP 29.21 ON 30
[REMARKS]
#FINAL-04-23#