000
CXUS53 KGRB 180744
CF6RHI
PRELIMINARY LOCAL CLIMATOLOGICAL DATA (WS FORM: F-6)
STATION: RHINELANDER WI
MONTH: APRIL
YEAR: 2024
LATITUDE: 45 37 N
LONGITUDE: 89 27 W
TEMPERATURE IN F: :PCPN: SNOW: WIND :SUNSHINE: SKY :PK WND
================================================================================
1 2 3 4 5 6A 6B 7 8 9 10 11 12 13 14 15 16 17 18
12Z AVG MX 2MIN
DY MAX MIN AVG DEP HDD CDD WTR SNW DPTH SPD SPD DIR MIN PSBL S-S WX SPD DR
================================================================================
1 43 29 36 2 29 0 0.00 0.0 0 7.1 14 90 M M 8 19 120
2 36 30 33 -2 32 0 0.53 7.1 6 8.7 16 20 M M 10 12 35 350
3 33 29 31 -4 34 0 0.09 1.1 5 11.4 21 10 M M 10 18 39 10
4 37 29 33 -3 32 0 0.01 0.2 3 6.2 15 20 M M 9 18 25 360
5 49 25 37 1 28 0 0.00 0.0 0 4.2 12 30 M M 3 20 350
6 56 20 38 1 27 0 0.00 0.0 0 5.3 15 110 M M 0 20 90
7 54 27 41 4 24 0 T 0.0 0 15.0 28 120 M M 4 38 140
8 50 40 45 8 20 0 0.06 M 0 10.6 18 100 M M 10 1 27 230
9 53 40 47 9 18 0 0.12 0.0 0 6.5 17 260 M M 10 1 24 230
10 67 37 52 14 13 0 0.00 0.0 0 6.9 20 240 M M 3 26 220
11 58 40 49 10 16 0 0.02 0.0 0 3.7 10 290 M M 5 22 290
12 50 35 43 4 22 0 T 0.0 0 8.5 18 330 M M 4 30 340
13 67 24 46 6 19 0 0.03 M 0 8.1 22 340 M M 1 3 37 360
14 68 35 52 12 13 0 0.00 0.0 0 4.6 21 300 M M 1 12 30 300
15 61 31 46 6 19 0 0.00 0.0 0 5.2 15 290 M M 0 23 270
16 62 35 49 8 16 0 0.33 0.0 0 18.6 33 100 M M 3 47 100
17 47 40 44 3 21 0 0.58 0.0 0 11.3 23 100 M M 9 138 36 90
================================================================================
SM 891 546 383 0 1.77 8.4 141.9 M 90
================================================================================
AV 52.4 32.1 8.3 FASTST M M 5 MAX(MPH)
MISC ----> 33 100 47 100
================================================================================
NOTES:
# LAST OF SEVERAL OCCURRENCES
COLUMN 17 PEAK WIND IN M.P.H.
PRELIMINARY LOCAL CLIMATOLOGICAL DATA (WS FORM: F-6) , PAGE 2
STATION: RHINELANDER WI
MONTH: APRIL
YEAR: 2024
LATITUDE: 45 37 N
LONGITUDE: 89 27 W
[TEMPERATURE DATA] [PRECIPITATION DATA] SYMBOLS USED IN COLUMN 16
AVERAGE MONTHLY: 42.3 TOTAL FOR MONTH: 1.77 1 = FOG OR MIST
DPTR FM NORMAL: 4.4 DPTR FM NORMAL: 0.09 2 = FOG REDUCING VISIBILITY
HIGHEST: 68 ON 14 GRTST 24HR 0.91 ON 16-17 TO 1/4 MILE OR LESS
LOWEST: 20 ON 6 3 = THUNDER
SNOW, ICE PELLETS, HAIL 4 = ICE PELLETS
TOTAL MONTH: 8.4 INCHES 5 = HAIL
GRTST 24HR 7.1 ON 2- 2 6 = FREEZING RAIN OR DRIZZLE
GRTST DEPTH: 6 ON 2 7 = DUSTSTORM OR SANDSTORM:
VSBY 1/2 MILE OR LESS
8 = SMOKE OR HAZE
[NO. OF DAYS WITH] [WEATHER - DAYS WITH] 9 = BLOWING SNOW
X = TORNADO
MAX 32 OR BELOW: 0 0.01 INCH OR MORE: 9
MAX 90 OR ABOVE: 0 0.10 INCH OR MORE: 4
MIN 32 OR BELOW: 9 0.50 INCH OR MORE: 2
MIN 0 OR BELOW: 0 1.00 INCH OR MORE: 0
[HDD (BASE 65) ]
TOTAL THIS MO. 383 CLEAR (SCALE 0-3) 6
DPTR FM NORMAL -79 PTCLDY (SCALE 4-7) 5
TOTAL FM JUL 1 6899 CLOUDY (SCALE 8-10) 6
DPTR FM NORMAL -1173
[CDD (BASE 65) ]
TOTAL THIS MO. 0
DPTR FM NORMAL 0 [PRESSURE DATA]
TOTAL FM JAN 1 0 HIGHEST SLP M ON M
DPTR FM NORMAL 0 LOWEST SLP 29.42 ON 3
[REMARKS]