000
CXUS53 KGRB 012129
CF6RHI
PRELIMINARY LOCAL CLIMATOLOGICAL DATA (WS FORM: F-6)
STATION: RHINELANDER WI
MONTH: FEBRUARY
YEAR: 2023
LATITUDE: 45 37 N
LONGITUDE: 89 27 W
TEMPERATURE IN F: :PCPN: SNOW: WIND :SUNSHINE: SKY :PK WND
================================================================================
1 2 3 4 5 6A 6B 7 8 9 10 11 12 13 14 15 16 17 18
12Z AVG MX 2MIN
DY MAX MIN AVG DEP HDD CDD WTR SNW DPTH SPD SPD DIR MIN PSBL S-S WX SPD DR
================================================================================
1 19 -10 5 -8 60 0 0.00 0.0 14 6.0 13 210 M M 6 18 190
2 13 -10 2 -11 63 0 0.01 0.2 14 11.3 20 310 M M 4 89 34 330
3 4 -18 -7 -20 72 0 0.00 0.0 14 6.8 13 180 M M 4 19 290
4 24 2 13 0 52 0 0.00 0.0 14 8.2 16 200 M M 3 24 170
5 24 3 14 0 51 0 0.00 0.0 14 4.4 12 300 M M 8 1 18 310
6 34 9 22 8 43 0 0.02 0.3 14 8.9 17 140 M M 6 1 28 170
7 36 20 28 14 37 0 0.01 0.1 14 11.0 23 270 M M 6 1 34 300
8 44 20 32 18 33 0 0.00 0.0 13 5.6 9 210 M M 0 M M
9 39 16 28 14 37 0 T T 13 6.1 18 330 M M 4 18 33 310
10 28 13 21 6 44 0 T T 13 8.0 16 270 M M 4 27 350
11 42 15 29 14 36 0 0.00 0.0 13 11.5 18 250 M M 0 29 240
12 46 20 33 18 32 0 0.00 0.0 12 3.6 9 280 M M 2 13 310
13 41 21 31 16 34 0 0.00 0.0 11 8.7 18 270 M M 3 24 260
14 43 32 38 22 27 0 0.40 0.0 10 9.9 20 130 M M 4 18 32 140
15 41 22 32 16 33 0 0.14 T 9 11.0 21 300 M M 10 1 34 290
16 21 12 17 1 48 0 T T 9 6.6 13 360 M M 10 23 10
17 23 2 13 -4 52 0 0.00 0.0 9 9.1 23 230 M M 3 33 230
18 37 19 28 11 37 0 0.00 0.0 9 8.1 18 270 M M 3 26 270
19 34 19 27 10 38 0 T T 9 8.2 17 290 M M 4 24 280
20 30 5 18 0 47 0 0.09 1.6 10 7.0 26 270 M M 7 128 37 260
21 25 14 20 2 45 0 0.02 0.8 10 6.8 23 260 M M 10 1 32 290
22 19 11 15 -3 50 0 0.29 4.6 15 11.4 20 70 M M 10 128 31 60
23 20 3 12 -7 53 0 0.31 6.2 21 7.9 13 60 M M 10 12 30 50
24 17 -7 5 -14 60 0 T T 21 4.9 12 260 M M 8 18 16 230
25 23 6 15 -5 50 0 0.11 1.9 21 9.4 20 220 M M 5 18 30 210
26 31 2 17 -3 48 0 0.00 0.0 18 5.6 17 260 M M 0 8 22 260
27 29 17 23 2 42 0 0.31 3.8 20 9.8 20 100 M M 7 18 26 100
28 38 18 28 7 37 0 0.00 0.0 18 8.5 17 280 M M 3 26 270
================================================================================
SM 825 276 1261 0 1.71 19.5 224.3 M 144
================================================================================
AV 29.5 9.9 8.0 FASTST M M 5 MAX(MPH)
MISC ----> 26 270 37 260
================================================================================
NOTES:
# LAST OF SEVERAL OCCURRENCES
COLUMN 17 PEAK WIND IN M.P.H.
PRELIMINARY LOCAL CLIMATOLOGICAL DATA (WS FORM: F-6) , PAGE 2
STATION: RHINELANDER WI
MONTH: FEBRUARY
YEAR: 2023
LATITUDE: 45 37 N
LONGITUDE: 89 27 W
[TEMPERATURE DATA] [PRECIPITATION DATA] SYMBOLS USED IN COLUMN 16
AVERAGE MONTHLY: 19.7 TOTAL FOR MONTH: 1.71 1 = FOG OR MIST
DPTR FM NORMAL: 3.4 DPTR FM NORMAL: 0.92 2 = FOG REDUCING VISIBILITY
HIGHEST: 46 ON 12 GRTST 24HR 0.54 ON 14-15 TO 1/4 MILE OR LESS
LOWEST: -18 ON 3 3 = THUNDER
SNOW, ICE PELLETS, HAIL 4 = ICE PELLETS
TOTAL MONTH: 19.5 INCHES 5 = HAIL
GRTST 24HR 6.2 ON 23-23 6 = FREEZING RAIN OR DRIZZLE
GRTST DEPTH: 21 ON 25,24 7 = DUSTSTORM OR SANDSTORM:
VSBY 1/2 MILE OR LESS
8 = SMOKE OR HAZE
[NO. OF DAYS WITH] [WEATHER - DAYS WITH] 9 = BLOWING SNOW
X = TORNADO
MAX 32 OR BELOW: 16 0.01 INCH OR MORE: 11
MAX 90 OR ABOVE: 0 0.10 INCH OR MORE: 6
MIN 32 OR BELOW: 28 0.50 INCH OR MORE: 0
MIN 0 OR BELOW: 4 1.00 INCH OR MORE: 0
[HDD (BASE 65) ]
TOTAL THIS MO. 1261 CLEAR (SCALE 0-3) 8
DPTR FM NORMAL -103 PTCLDY (SCALE 4-7) 15
TOTAL FM JUL 1 6001 CLOUDY (SCALE 8-10) 5
DPTR FM NORMAL -459
[CDD (BASE 65) ]
TOTAL THIS MO. 0
DPTR FM NORMAL 0 [PRESSURE DATA]
TOTAL FM JAN 1 0 HIGHEST SLP 30.68 ON 24
DPTR FM NORMAL 0 LOWEST SLP 29.14 ON 15
[REMARKS]
#FINAL-02-23#