985
CXUS53 KGRB 301203
CF6RHI
PRELIMINARY LOCAL CLIMATOLOGICAL DATA (WS FORM: F-6)
STATION: RHINELANDER WI
MONTH: APRIL
YEAR: 2020
LATITUDE: 45 37 N
LONGITUDE: 89 27 W
TEMPERATURE IN F: :PCPN: SNOW: WIND :SUNSHINE: SKY :PK WND
================================================================================
1 2 3 4 5 6A 6B 7 8 9 10 11 12 13 14 15 16 17 18
12Z AVG MX 2MIN
DY MAX MIN AVG DEP HDD CDD WTR SNW DPTH SPD SPD DIR MIN PSBL S-S WX SPD DR
================================================================================
1 53 29 41 7 24 0 0.00 0.0 0 5.1 12 100 M M 4 17 100
2 58 25 42 7 23 0 0.00 0.0 0 5.5 16 120 M M 2 1 23 140
3 56 27 42 6 23 0 0.14 T 0 7.6 18 280 M M 10 1 26 280
4 42 20 31 -5 34 0 0.13 0.8 0 5.3 13 340 M M 4 1 21 320
5 54 17 36 -1 29 0 0.00 0.0 0 4.1 14 250 M M 2 21 260
6 54 31 43 6 22 0 0.00 0.0 0 5.4 14 150 M M 9 21 150
7 60 35 48 10 17 0 0.27 0.0 0 4.8 15 350 M M 7 123 26 10
8 58 29 44 6 21 0 T T 0 9.4 24 260 M M 4 1 33 300
9 38 28 33 -6 32 0 0.00 0.0 0 11.8 22 300 M M 7 36 290
10 44 25 35 -4 30 0 0.00 0.0 0 6.9 20 270 M M 7 27 270
11 57 21 39 -1 26 0 0.00 0.0 0 5.6 15 270 M M 1 26 200
12 40 27 34 -6 31 0 0.72 9.1 7 8.8 15 350 M M 10 12 26 340
13 31 19 25 -16 40 0 0.07 0.9 5 13.4 26 280 M M 10 1 39 260
14 26 6 16 -25 49 0 0.11 1.5 5 10.1 22 270 M M 5 18 30 260
15 27 1 14 -28 51 0 0.00 0.0 4 6.9 17 270 M M 4 1 23 270
16 37 10 24 -18 41 0 0.00 0.0 3 11.5 23 270 M M 3 36 270
17 43 17 30 -12 35 0 0.00 0.0 0 6.0 18 280 M M 3 25 290
18 55 26 41 -2 24 0 T 0.0 0 12.0 26 230 M M 3 39 230
19 46 22 34 -9 31 0 T T 0 7.2 21 270 M M 4 18 28 270
20 47 24 36 -8 29 0 0.12 0.2 0 12.0 23 260 M M 7 1 35 340
21 37 22 30 -14 35 0 T 0.0 0 7.8 20 290 M M 4 32 300
22 43 25 34 -11 31 0 0.02 0.6 0 12.7 22 130 M M 8 1 30 110
23 43 26 35 -10 30 0 0.00 0.0 0 7.2 13 80 M M 9 16 100
24 61 24 43 -3 22 0 0.00 0.0 0 2.6 13 60 M M 1 1 20 60
25 64 28 46 0 19 0 0.00 0.0 0 4.0 14 20 M M 2 1 21 20
26 63 28 46 0 19 0 0.00 0.0 0 5.2 12 110 M M 0 17 180
27 55 39 47 0 18 0 0.31 0.0 0 6.2 14 180 M M 7 12 20 180
28 48 36 42 -5 23 0 0.80 0.0 0 9.4 20 80 M M 10 12 32 50
29 48 42 45 -3 20 0 0.22 0.0 0 10.7 18 20 M M 9 1 33 30
30 60 31 46 -2 19 0 0.00 0.0 0 7.2 18 360 M M 0 31 350
================================================================================
SM 1448 740 848 0 2.91 13.1 232.4 M 156
================================================================================
AV 48.3 24.7 7.7 FASTST M M 5 MAX(MPH)
MISC ----> # 26 280 # 39 260
================================================================================
NOTES:
# LAST OF SEVERAL OCCURRENCES
COLUMN 17 PEAK WIND IN M.P.H.
PRELIMINARY LOCAL CLIMATOLOGICAL DATA (WS FORM: F-6) , PAGE 2
STATION: RHINELANDER WI
MONTH: APRIL
YEAR: 2020
LATITUDE: 45 37 N
LONGITUDE: 89 27 W
[TEMPERATURE DATA] [PRECIPITATION DATA] SYMBOLS USED IN COLUMN 16
AVERAGE MONTHLY: 36.5 TOTAL FOR MONTH: 2.91 1 = FOG OR MIST
DPTR FM NORMAL: -5.1 DPTR FM NORMAL: 0.33 2 = FOG REDUCING VISIBILITY
HIGHEST: 64 ON 25 GRTST 24HR 0.80 ON 28-28 TO 1/4 MILE OR LESS
LOWEST: 1 ON 15 3 = THUNDER
SNOW, ICE PELLETS, HAIL 4 = ICE PELLETS
TOTAL MONTH: 13.1 INCHES 5 = HAIL
GRTST 24HR 9.1 ON 12-12 6 = FREEZING RAIN OR DRIZZLE
GRTST DEPTH: 7 ON 12 7 = DUSTSTORM OR SANDSTORM:
VSBY 1/2 MILE OR LESS
8 = SMOKE OR HAZE
[NO. OF DAYS WITH] [WEATHER - DAYS WITH] 9 = BLOWING SNOW
X = TORNADO
MAX 32 OR BELOW: 3 0.01 INCH OR MORE: 11
MAX 90 OR ABOVE: 0 0.10 INCH OR MORE: 9
MIN 32 OR BELOW: 26 0.50 INCH OR MORE: 2
MIN 0 OR BELOW: 0 1.00 INCH OR MORE: 0
[HDD (BASE 65) ]
TOTAL THIS MO. 848 CLEAR (SCALE 0-3) 9
DPTR FM NORMAL 143 PTCLDY (SCALE 4-7) 14
TOTAL FM JUL 1 8395 CLOUDY (SCALE 8-10) 7
DPTR FM NORMAL -105
[CDD (BASE 65) ]
TOTAL THIS MO. 0
DPTR FM NORMAL -1 [PRESSURE DATA]
TOTAL FM JAN 1 0 HIGHEST SLP 30.26 ON 5
DPTR FM NORMAL -1 LOWEST SLP 29.43 ON 20
[REMARKS]
#FINAL-04-20#