000
CXUS53 KGRB 031621
CLARHI
CLIMATE REPORT
NATIONAL WEATHER SERVICE GREEN BAY
1021 AM CST TUE JAN 03 2023
...................................
...THE RHINELANDER WI CLIMATE SUMMARY FOR THE YEAR OF 2022...
CLIMATE NORMAL PERIOD: 1991 TO 2020
CLIMATE RECORD PERIOD: 1908 TO 2023
WEATHER OBSERVED NORMAL DEPART LAST YEAR`S
VALUE DATE(S) VALUE FROM VALUE DATE(S)
NORMAL
................................................................
TEMPERATURE (F)
RECORD
HIGH 108 07/13/1936
LOW -42 02/03/1996
HIGHEST 93 06/20 94 06/08
LOWEST -27 01/26 -33 02/15
AVG. MAXIMUM 50.6 52.5 -1.9 53.9
AVG. MINIMUM 29.3 30.4 -1.1 31.5
MEAN 39.9 41.4 -1.5 42.7
DAYS MAX >= 90 2 3.6 -1.6 4
DAYS MAX <= 32 108 89.0 19.0 57
DAYS MIN <= 32 193 185.0 8.0 183
DAYS MIN <= 0 47 35.5 11.5 28
PRECIPITATION (INCHES)
RECORD
MAXIMUM 43.15 2019
MINIMUM 16.90 1989
TOTALS 30.78 29.63 1.15 31.95
DAILY AVG. 0.08
DAYS >= .01 162 131.0 31.0 139
DAYS >= .10 71 63.7 7.3 70
DAYS >= .50 14 16.5 -2.5 20
DAYS >= 1.00 7 4.9 2.1 3
SNOWFALL (INCHES)
RECORDS
TOTAL 133.9 2019
TOTALS 85.3 MM MM 76.5
SINCE 7/1 34.7 MM MM 42.7
SNOWDEPTH AVG. 3
DAYS >= TRACE 107 MM MM 78
DAYS >= 1.0 26 MM MM 24
GREATEST
SNOW DEPTH 15 12/22 16 02/04
12/23
24 HR TOTAL MM
DEGREE DAYS
HEATING TOTAL 9279 8832 447 8280
SINCE 7/1 3357 3489 -132 3106
COOLING TOTAL 296 283 13 321
SINCE 1/1 296 282 14 321
FREEZE DATES
RECORD
EARLIEST 08/27/1915
LATEST 07/30/1928
EARLIEST 09/23
LATEST 05/23
................................................................
WIND (MPH)
AVERAGE WIND SPEED 7.3
HIGHEST WIND SPEED/DIRECTION 35/270 DATE 02/18
HIGHEST GUST SPEED/DIRECTION 53/220 DATE 02/18
SKY COVER
POSSIBLE SUNSHINE (PERCENT) MM
AVERAGE SKY COVER 0.51
NUMBER OF DAYS FAIR 136
NUMBER OF DAYS PC 118
NUMBER OF DAYS CLOUDY 108
AVERAGE RH (PERCENT) 70
WEATHER CONDITIONS. NUMBER OF DAYS WITH
THUNDERSTORM 37 MIXED PRECIP 0
HEAVY RAIN 25 RAIN 45
LIGHT RAIN 106 FREEZING RAIN 5
LT FREEZING RAIN 9 HAIL 0
HEAVY SNOW 8 SNOW 22
LIGHT SNOW 101 SLEET 1
FOG 207 FOG W/VIS <= 1/4 MILE 55
HAZE 63
- INDICATES NEGATIVE NUMBERS.
R INDICATES RECORD WAS SET OR TIED.
MM INDICATES DATA IS MISSING.
T INDICATES TRACE AMOUNT.
$$