750
CXUS54 KCRP 011310
CF6RKP
PRELIMINARY LOCAL CLIMATOLOGICAL DATA (WS FORM: F-6)
STATION: ROCKPORT
MONTH: JANUARY
YEAR: 2021
LATITUDE: 28 4 N
LONGITUDE: 97 3 W
TEMPERATURE IN F: :PCPN: SNOW: WIND :SUNSHINE: SKY :PK WND
================================================================================
1 2 3 4 5 6A 6B 7 8 9 10 11 12 13 14 15 16 17 18
12Z AVG MX 2MIN
DY MAX MIN AVG DEP HDD CDD WTR SNW DPTH SPD SPD DIR MIN PSBL S-S WX SPD DR
================================================================================
1 59 42 51 -5 14 0 0.00 0.0 0 8.9 23 300 M M 2 33 290
2 63 39 51 -5 14 0 0.00 0.0 0 6.1 14 30 M M 1 18 40
3 69 39 54 -2 11 0 0.00 0.0 0 6.7 14 160 M M 0 1 21 180
4 75 49 62 6 3 0 0.00 0.0 0 5.1 12 230 M M 2 12 16 240
5 69 60 65 9 0 0 0.14 0.0 0 6.9 13 90 M M 8 12 17 70
6 75 58 67 11 0 2 0.00 0.0 0 10.0 18 180 M M 2 26 190
7 67 48 58 2 7 0 0.00 0.0 0 10.8 24 340 M M 0 28 350
8 62 42 52 -4 13 0 0.00 0.0 0 9.6 16 60 M M 0 21 60
9 59 40 50 -6 15 0 0.00 0.0 0 12.4 24 60 M M 5 1 32 50
10 57 38 48 -8 17 0 0.50 0.0 0 22.3 33 360 M M 10 18 42 360
11 52 38 45 -11 20 0 0.00 0.0 0 13.3 28 340 M M 4 8 34 340
12 46 34 40 -16 25 0 0.00 0.0 0 6.0 13 20 M M 6 18 15 10
13 58 31 45 -11 20 0 0.00 0.0 0 5.6 12 150 M M 0 1 15 140
14 77 40 59 3 6 0 0.00 0.0 M 8.8 20 350 M M 0 27 350
15 67 40 54 -2 11 0 0.00 0.0 M 9.6 20 10 M M 0 23 360
16 63 35 49 -7 16 0 0.00 0.0 M 6.6 14 340 M M 0 8 17 360
17 70 46 58 2 7 0 0.00 0.0 0 6.3 10 140 M M 1 18 13 70
18 75 52 64 8 1 0 0.00 0.0 0 10.1 17 160 M M 3 1 26 150
19 75 64 70 14 0 5 0.00 0.0 M 9.7 20 130 M M 10 18 27 140
20 70 59 65 9 0 0 0.01 0.0 M 9.0 16 10 M M 10 18 20 10
21 64 57 61 5 4 0 T 0.0 0 2.0 12 320 M M 10 1 14 320
22 78 62 70 13 0 5 T 0.0 0 5.2 14 120 M M 5 12 17 130
23 66 62 64 7 1 0 T 0.0 0 10.6 17 80 M M 10 12 21 80
24 74 65 70 13 0 5 0.00 0.0 M 10.9 17 140 M M 10 128 24 150
25 81 68 75 18 0 10 0.00 0.0 M 7.9 15 40 M M 6 18 24 160
26 77 66 72 15 0 7 0.00 0.0 M 9.4 17 90 M M 6 128 24 100
27 74 54 64 7 1 0 T 0.0 0 14.5 26 10 M M 4 12 35 10
28 60 43 52 -5 13 0 0.00 0.0 0 11.6 20 20 M M 0 27 10
29 71 51 61 4 4 0 0.00 0.0 0 10.5 20 130 M M 4 25 130
30 74 64 69 12 0 4 0.00 0.0 0 10.0 21 170 M M 3 18 29 170
31 78 53 66 8 0 1 0.00 0.0 M 10.6 20 10 M M 0 128 27 10
================================================================================
SM 2105 1539 223 39 0.65 0.0 287.0 M 122
================================================================================
AV 67.9 49.6 9.3 FASTST M M 4 MAX(MPH)
MISC ----> 33 360 42 360
================================================================================
NOTES:
# LAST OF SEVERAL OCCURRENCES
COLUMN 17 PEAK WIND IN M.P.H.
PRELIMINARY LOCAL CLIMATOLOGICAL DATA (WS FORM: F-6) , PAGE 2
STATION: ROCKPORT
MONTH: JANUARY
YEAR: 2021
LATITUDE: 28 4 N
LONGITUDE: 97 3 W
[TEMPERATURE DATA] [PRECIPITATION DATA] SYMBOLS USED IN COLUMN 16
AVERAGE MONTHLY: 58.8 TOTAL FOR MONTH: 0.65 1 = FOG OR MIST
DPTR FM NORMAL: 2.3 DPTR FM NORMAL: -1.48 2 = FOG REDUCING VISIBILITY
HIGHEST: 81 ON 25 GRTST 24HR 0.50 ON 10-10 TO 1/4 MILE OR LESS
LOWEST: 31 ON 13 3 = THUNDER
SNOW, ICE PELLETS, HAIL 4 = ICE PELLETS
TOTAL MONTH: 0.0 INCH 5 = HAIL
GRTST 24HR 0.0 6 = FREEZING RAIN OR DRIZZLE
GRTST DEPTH: 0 7 = DUSTSTORM OR SANDSTORM:
VSBY 1/2 MILE OR LESS
8 = SMOKE OR HAZE
[NO. OF DAYS WITH] [WEATHER - DAYS WITH] 9 = BLOWING SNOW
X = TORNADO
MAX 32 OR BELOW: 0 0.01 INCH OR MORE: 3
MAX 90 OR ABOVE: 0 0.10 INCH OR MORE: 2
MIN 32 OR BELOW: 1 0.50 INCH OR MORE: 1
MIN 0 OR BELOW: 0 1.00 INCH OR MORE: 0
[HDD (BASE 65) ]
TOTAL THIS MO. 223 CLEAR (SCALE 0-3) 16
DPTR FM NORMAL -60 PTCLDY (SCALE 4-7) 9
TOTAL FM JUL 1 477 CLOUDY (SCALE 8-10) 6
DPTR FM NORMAL -131
[CDD (BASE 65) ]
TOTAL THIS MO. 39
DPTR FM NORMAL 21 [PRESSURE DATA]
TOTAL FM JAN 1 39 HIGHEST SLP 30.56 ON 28
DPTR FM NORMAL 21 LOWEST SLP 29.65 ON 25
[REMARKS]
#FINAL-01-21#