000
CXUS51 KRNK 010527
CF6RNK
PRELIMINARY LOCAL CLIMATOLOGICAL DATA (WS FORM: F-6)
STATION: BLACKSBURG VA
MONTH: SEPTEMBER
YEAR: 2021
LATITUDE: 37 13 N
LONGITUDE: 80 25 W
TEMPERATURE IN F: :PCPN: SNOW: WIND :SUNSHINE: SKY :PK WND
================================================================================
1 2 3 4 5 6A 6B 7 8 9 10 11 12 13 14 15 16 17 18
12Z AVG MX 2MIN
DY MAX MIN AVG DEP HDD CDD WTR SNW DPTH SPD SPD DIR MIN PSBL S-S WX SPD DR
================================================================================
1 76 62 69 1 0 4 0.95 0.0 0 6.8 17 320 M M 9 1 25 320
2 77 54 66 -2 0 1 0.00 0.0 0 4.7 10 340 M M 1 M M
3 76 49 63 -5 2 0 0.00 0.0 0 1.0 6 250 M M 0 1 M M
4 79 52 66 -2 0 1 0.00 0.0 0 0.9 6 270 M M 3 M M
5 79 60 70 2 0 5 0.03 0.0 0 1.6 7 250 M M 5 M M
6 78 54 66 -1 0 1 0.11 0.0 0 2.2 9 340 M M 4 1 16 20
7 80 50 65 -2 0 0 0.00 0.0 0 1.2 8 160 M M 4 12 M M
8 82 59 71 4 0 6 0.00 0.0 0 2.2 8 200 M M 4 M M
9 76 56 66 -1 0 1 0.17 0.0 0 3.5 16 330 M M 6 13 21 330
10 74 49 62 -4 3 0 0.00 0.0 0 3.4 14 320 M M 1 20 310
11 75 48 62 -4 3 0 0.00 0.0 0 0.5 6 200 M M 2 1 M M
12 81 53 67 1 0 2 0.00 0.0 0 1.3 9 250 M M 0 M M
13 81 61 71 6 0 6 0.00 0.0 0 2.1 8 300 M M 0 M M
14 83 58 71 6 0 6 0.00 0.0 0 0.2 6 220 M M 5 12 M M
15 82 59 71 6 0 6 0.00 0.0 0 1.4 8 170 M M 2 1 M M
16 78 63 71 7 0 6 0.00 0.0 0 2.5 8 80 M M 6 1 M M
17 80 62 71 7 0 6 0.00 0.0 0 2.7 8 110 M M 7 M M
18 82 59 71 7 0 6 0.08 0.0 0 0.9 12 120 M M 7 123 M M
19 83 60 72 9 0 7 0.01 0.0 0 1.7 10 90 M M 6 12 M M
20 79 65 72 9 0 7 0.00 0.0 0 6.7 13 80 M M 8 1 18 160
21 65 60 63 0 2 0 3.00 0.0 0 4.8 13 100 M M 10 1 M M
22 77 53 65 3 0 0 1.62 0.0 0 3.6 13 170 M M 10 1 26 300
23 64 44 54 -8 11 0 T 0.0 0 3.7 13 310 M M 4 20 280
24 67 40 54 -8 11 0 0.00 0.0 0 0.6 6 300 M M 0 M M
25 69 41 55 -6 10 0 0.00 0.0 0 2.6 10 300 M M 4 12 21 310
26 69 46 58 -3 7 0 0.00 0.0 0 3.7 12 320 M M 0 18 300
27 76 43 60 0 5 0 0.00 0.0 0 1.5 7 250 M M 0 1 M M
28 77 52 65 5 0 0 0.00 0.0 0 1.9 9 260 M M 1 1 17 300
29 78 54 66 6 0 1 0.00 0.0 0 2.0 10 310 M M 3 17 300
30 75 50 63 4 2 0 0.00 0.0 0 1.6 8 320 M M 4 1 M M
================================================================================
SM 2298 1616 56 72 5.97 0.0 73.5 M 116
================================================================================
AV 76.6 53.9 2.5 FASTST M M 4 MAX(MPH)
MISC ----> 17 320 26 300
================================================================================
NOTES:
# LAST OF SEVERAL OCCURRENCES
COLUMN 17 PEAK WIND IN M.P.H.
PRELIMINARY LOCAL CLIMATOLOGICAL DATA (WS FORM: F-6) , PAGE 2
STATION: BLACKSBURG VA
MONTH: SEPTEMBER
YEAR: 2021
LATITUDE: 37 13 N
LONGITUDE: 80 25 W
[TEMPERATURE DATA] [PRECIPITATION DATA] SYMBOLS USED IN COLUMN 16
AVERAGE MONTHLY: 65.2 TOTAL FOR MONTH: 5.97 1 = FOG OR MIST
DPTR FM NORMAL: 0.9 DPTR FM NORMAL: 2.52 2 = FOG REDUCING VISIBILITY
HIGHEST: 83 ON 19,14 GRTST 24HR 3.00 ON 21-21 TO 1/4 MILE OR LESS
LOWEST: 40 ON 24 3 = THUNDER
SNOW, ICE PELLETS, HAIL 4 = ICE PELLETS
TOTAL MONTH: 0.0 INCH 5 = HAIL
GRTST 24HR 0.0 6 = FREEZING RAIN OR DRIZZLE
GRTST DEPTH: 0 7 = DUSTSTORM OR SANDSTORM:
VSBY 1/2 MILE OR LESS
8 = SMOKE OR HAZE
[NO. OF DAYS WITH] [WEATHER - DAYS WITH] 9 = BLOWING SNOW
X = TORNADO
MAX 32 OR BELOW: 0 0.01 INCH OR MORE: 8
MAX 90 OR ABOVE: 0 0.10 INCH OR MORE: 5
MIN 32 OR BELOW: 0 0.50 INCH OR MORE: 3
MIN 0 OR BELOW: 0 1.00 INCH OR MORE: 2
[HDD (BASE 65) ]
TOTAL THIS MO. 56 CLEAR (SCALE 0-3) 13
DPTR FM NORMAL -32 PTCLDY (SCALE 4-7) 14
TOTAL FM JUL 1 58 CLOUDY (SCALE 8-10) 3
DPTR FM NORMAL -46
[CDD (BASE 65) ]
TOTAL THIS MO. 72
DPTR FM NORMAL 3 [PRESSURE DATA]
TOTAL FM JAN 1 786 HIGHEST SLP M ON M
DPTR FM NORMAL 175 LOWEST SLP M ON M
[REMARKS]
#FINAL-09-21#