000
CXUS56 KSGX 011145
CF6RNM
PRELIMINARY LOCAL CLIMATOLOGICAL DATA (WS FORM: F-6)
STATION: RAMONA AIRPORT CA
MONTH: JANUARY
YEAR: 2023
LATITUDE: 33 2 N
LONGITUDE: 116 55 W
TEMPERATURE IN F: :PCPN: SNOW: WIND :SUNSHINE: SKY :PK WND
================================================================================
1 2 3 4 5 6A 6B 7 8 9 10 11 12 13 14 15 16 17 18
12Z AVG MX 2MIN
DY MAX MIN AVG DEP HDD CDD WTR SNW DPTH SPD SPD DIR MIN PSBL S-S WX SPD DR
================================================================================
1 56 49 53 2 12 0 2.07 M M 14.5 24 250 M M 10 1 32 250
2 55 43 49 -2 16 0 0.18 M M 6.0 16 220 M M 9 1 19 230
3 55 48 52 1 13 0 0.12 M M 5.2 13 150 M M 10 1 17 150
4 66 53 60 9 5 0 0.02 M M 4.8 12 180 M M 9 18 13 170
5 56 45 51 0 14 0 0.37 M M 6.1 22 90 M M 9 1 25 200
6 62 37 50 -1 15 0 0.00 M M 3.6 10 290 M M 3 12 14 290
7 68 34 51 0 14 0 0.00 M M 3.7 12 300 M M 0 13 300
8 68 35 52 1 13 0 0.00 M M 2.8 9 280 M M 0 12 320
9 66 38 52 1 13 0 0.00 M M 4.7 13 160 M M 5 1 16 170
10 59 44 52 1 13 0 0.57 M M 6.1 26 270 M M 10 12 31 270
11 59 38 49 -2 16 0 0.00 M M 2.9 13 300 M M 4 12 16 300
12 71 37 54 3 11 0 0.00 M M 5.7 15 60 M M 1 1 18 60
13 70 37 54 3 11 0 0.00 M M 2.9 15 260 M M 0 1 18 280
14 58 37 48 -3 17 0 2.02 M M 9.0 29 240 M M 6 1 38 240
15 56 48 52 0 13 0 1.21 M M 8.1 24 280 M M 9 1 30 270
16 55 46 51 -1 14 0 1.39 M M 12.1 23 270 M M 9 1 28 270
17 53 36 45 -7 20 0 0.24 M M 5.8 22 270 M M 7 18 26 270
18 58 31 45 -7 20 0 0.00 M M 3.3 10 300 M M 1 12 14 300
19 56 30 43 -9 22 0 0.14 M M 4.4 14 290 M M 3 1 19 300
20 58 34 46 -6 19 0 T M M 3.5 10 270 M M 3 1 12 270
21 63 32 48 -4 17 0 0.00 M M 3.8 12 300 M M 0 1 14 290
22 58 27 43 -9 22 0 0.00 M M 2.9 14 190 M M 0 12 16 190
23 60 26 43 -9 22 0 0.00 M M 5.2 20 40 M M 0 18 25 50
24 65 26 46 -6 19 0 0.00 M M 3.9 12 290 M M 0 15 290
25 70 27 49 -3 16 0 0.00 M M 5.7 17 70 M M 0 1 24 60
26 64 35 50 -2 15 0 0.00 M M 12.6 28 70 M M 0 36 60
27 69 28 49 -3 16 0 0.00 M M 3.0 12 270 M M 0 15 290
28 61 28 45 -7 20 0 0.00 M M 4.9 12 180 M M 3 14 180
29 52 43 48 -4 17 0 0.12 M M 7.3 17 180 M M 10 1 22 220
30 55 40 48 -4 17 0 0.50 M M 4.3 15 80 M M 9 13 20 80
31 61 34 48 -4 17 0 T M M 5.0 14 90 M M 2 18 50
================================================================================
SM 1883 1146 489 0 8.95 M 173.8 M 132
================================================================================
AV 60.7 37.0 5.6 FASTST M M 4 MAX(MPH)
MISC ----> 29 240 38 240
================================================================================
NOTES:
# LAST OF SEVERAL OCCURRENCES
COLUMN 17 PEAK WIND IN M.P.H.
PRELIMINARY LOCAL CLIMATOLOGICAL DATA (WS FORM: F-6) , PAGE 2
STATION: RAMONA AIRPORT CA
MONTH: JANUARY
YEAR: 2023
LATITUDE: 33 2 N
LONGITUDE: 116 55 W
[TEMPERATURE DATA] [PRECIPITATION DATA] SYMBOLS USED IN COLUMN 16
AVERAGE MONTHLY: 48.9 TOTAL FOR MONTH: 8.95 1 = FOG OR MIST
DPTR FM NORMAL: -2.5 DPTR FM NORMAL: 5.85 2 = FOG REDUCING VISIBILITY
HIGHEST: 71 ON 12 GRTST 24HR 2.07 ON 1- 1 TO 1/4 MILE OR LESS
LOWEST: 26 ON 24,23 3 = THUNDER
SNOW, ICE PELLETS, HAIL 4 = ICE PELLETS
TOTAL MONTH: M 5 = HAIL
GRTST 24HR M ON M 6 = FREEZING RAIN OR DRIZZLE
GRTST DEPTH: M ON M 7 = DUSTSTORM OR SANDSTORM:
VSBY 1/2 MILE OR LESS
8 = SMOKE OR HAZE
[NO. OF DAYS WITH] [WEATHER - DAYS WITH] 9 = BLOWING SNOW
X = TORNADO
MAX 32 OR BELOW: 0 0.01 INCH OR MORE: 13
MAX 90 OR ABOVE: 0 0.10 INCH OR MORE: 12
MIN 32 OR BELOW: 9 0.50 INCH OR MORE: 6
MIN 0 OR BELOW: 0 1.00 INCH OR MORE: 4
[HDD (BASE 65) ]
TOTAL THIS MO. 489 CLEAR (SCALE 0-3) 16
DPTR FM NORMAL 65 PTCLDY (SCALE 4-7) 5
TOTAL FM JUL 1 1346 CLOUDY (SCALE 8-10) 10
DPTR FM NORMAL 103
[CDD (BASE 65) ]
TOTAL THIS MO. 0
DPTR FM NORMAL -1 [PRESSURE DATA]
TOTAL FM JAN 1 0 HIGHEST SLP 30.33 ON 26
DPTR FM NORMAL -1 LOWEST SLP 29.68 ON 1
[REMARKS]
#FINAL-01-23#