000
CXUS56 KSGX 011045
CF6RNM
PRELIMINARY LOCAL CLIMATOLOGICAL DATA (WS FORM: F-6)
STATION: RAMONA AIRPORT CA
MONTH: OCTOBER
YEAR: 2022
LATITUDE: 33 2 N
LONGITUDE: 116 55 W
TEMPERATURE IN F: :PCPN: SNOW: WIND :SUNSHINE: SKY :PK WND
================================================================================
1 2 3 4 5 6A 6B 7 8 9 10 11 12 13 14 15 16 17 18
12Z AVG MX 2MIN
DY MAX MIN AVG DEP HDD CDD WTR SNW DPTH SPD SPD DIR MIN PSBL S-S WX SPD DR
================================================================================
1 80 60 70 2 0 5 0.00 M M 4.0 14 270 M M 5 18 18 270
2 82 62 72 5 0 7 0.00 M M 4.5 14 270 M M 6 18 280
3 84 60 72 5 0 7 0.00 M M 4.4 13 310 M M 4 25 320
4 87 56 72 5 0 7 0.00 M M 4.6 13 310 M M 3 12 17 310
5 88 56 72 6 0 7 0.00 M M 4.6 14 310 M M 2 12 22 300
6 86 61 74 8 0 9 T M M 3.7 20 260 M M 7 1238 23 260
7 86 55 71 5 0 6 0.00 M M 4.2 14 300 M M 2 128 27 320
8 89 57 73 7 0 8 0.00 M M 4.1 16 300 M M 1 1 24 310
9 85 55 70 4 0 5 0.00 M M 4.6 15 300 M M 2 12 18 300
10 82 57 70 4 0 5 0.00 M M 4.7 14 300 M M 5 128 18 290
11 79 59 69 4 0 4 0.03 M M 4.7 13 280 M M 7 138 18 300
12 82 62 72 7 0 7 0.00 M M 4.2 14 260 M M 8 18 17 270
13 79 63 71 6 0 6 0.00 M M 5.2 13 260 M M 4 18 17 300
14 71 60 66 1 0 1 0.00 M M 4.8 12 270 M M 10 18 17 230
15 64 58 61 -3 4 0 0.25 M M 3.3 12 310 M M 10 128 14 310
16 74 54 64 0 1 0 0.00 M M 4.6 15 300 M M 7 12 18 300
17 81 50 66 2 0 1 0.00 M M 3.7 14 270 M M 2 12 17 270
18 89 51 70 6 0 5 0.00 M M 5.6 21 80 M M 0 1 25 110
19 90 54 72 8 0 7 0.00 M M 8.7 23 90 M M 0 29 60
20 91 52 72 8 0 7 0.00 M M 3.5 20 280 M M 0 24 240
21 82 48 65 2 0 0 0.00 M M 4.3 13 310 M M 2 1 17 280
22 71 58 65 2 0 0 0.06 M M 8.0 18 250 M M 10 18 23 250
23 67 46 57 -6 8 0 0.14 M M 4.9 16 270 M M 8 1 19 270
24 76 40 58 -5 7 0 0.00 M M 5.5 17 80 M M 0 12 22 70
25 78 38 58 -4 7 0 0.00 M M 3.9 15 250 M M 0 22 300
26 75 38 57 -5 8 0 0.00 M M 3.3 16 270 M M 2 12 20 260
27 77 43 60 -2 5 0 0.00 M M 3.6 13 290 M M 2 12 21 280
28 79 39 59 -3 6 0 0.00 M M 3.5 16 280 M M 0 12 19 270
29 78 38 58 -4 7 0 0.00 M M 3.6 15 310 M M 0 12 20 310
30 83 40 62 1 3 0 0.00 M M 3.8 13 270 M M 0 20 330
31 86 38 62 1 3 0 0.00 M M 4.1 16 280 M M 0 19 290
================================================================================
SM 2501 1608 59 104 0.48 M 140.2 M 109
================================================================================
AV 80.7 51.9 4.5 FASTST M M 4 MAX(MPH)
MISC ----> 23 90 29 60
================================================================================
NOTES:
# LAST OF SEVERAL OCCURRENCES
COLUMN 17 PEAK WIND IN M.P.H.
PRELIMINARY LOCAL CLIMATOLOGICAL DATA (WS FORM: F-6) , PAGE 2
STATION: RAMONA AIRPORT CA
MONTH: OCTOBER
YEAR: 2022
LATITUDE: 33 2 N
LONGITUDE: 116 55 W
[TEMPERATURE DATA] [PRECIPITATION DATA] SYMBOLS USED IN COLUMN 16
AVERAGE MONTHLY: 66.3 TOTAL FOR MONTH: 0.48 1 = FOG OR MIST
DPTR FM NORMAL: 2.1 DPTR FM NORMAL: -0.21 2 = FOG REDUCING VISIBILITY
HIGHEST: 91 ON 20 GRTST 24HR 0.25 ON 15-15 TO 1/4 MILE OR LESS
LOWEST: 38 ON 31,29 3 = THUNDER
SNOW, ICE PELLETS, HAIL 4 = ICE PELLETS
TOTAL MONTH: M 5 = HAIL
GRTST 24HR M ON M 6 = FREEZING RAIN OR DRIZZLE
GRTST DEPTH: M ON M 7 = DUSTSTORM OR SANDSTORM:
VSBY 1/2 MILE OR LESS
8 = SMOKE OR HAZE
[NO. OF DAYS WITH] [WEATHER - DAYS WITH] 9 = BLOWING SNOW
X = TORNADO
MAX 32 OR BELOW: 0 0.01 INCH OR MORE: 4
MAX 90 OR ABOVE: 2 0.10 INCH OR MORE: 2
MIN 32 OR BELOW: 0 0.50 INCH OR MORE: 0
MIN 0 OR BELOW: 0 1.00 INCH OR MORE: 0
[HDD (BASE 65) ]
TOTAL THIS MO. 59 CLEAR (SCALE 0-3) 18
DPTR FM NORMAL -25 PTCLDY (SCALE 4-7) 8
TOTAL FM JUL 1 59 CLOUDY (SCALE 8-10) 5
DPTR FM NORMAL -37
[CDD (BASE 65) ]
TOTAL THIS MO. 104
DPTR FM NORMAL 43 [PRESSURE DATA]
TOTAL FM JAN 1 1401 HIGHEST SLP 30.16 ON 24
DPTR FM NORMAL 452 LOWEST SLP 29.74 ON 22
[REMARKS]
#FINAL-10-22#