000
CXUS56 KSGX 011045
CF6RNM
PRELIMINARY LOCAL CLIMATOLOGICAL DATA (WS FORM: F-6)
STATION: RAMONA AIRPORT CA
MONTH: OCTOBER
YEAR: 2021
LATITUDE: 33 2 N
LONGITUDE: 116 55 W
TEMPERATURE IN F: :PCPN: SNOW: WIND :SUNSHINE: SKY :PK WND
================================================================================
1 2 3 4 5 6A 6B 7 8 9 10 11 12 13 14 15 16 17 18
12Z AVG MX 2MIN
DY MAX MIN AVG DEP HDD CDD WTR SNW DPTH SPD SPD DIR MIN PSBL S-S WX SPD DR
================================================================================
1 91 44 68 0 0 3 0.00 M M 4.2 17 290 M M 0 23 310
2 94 45 70 3 0 5 0.00 M M 4.1 18 260 M M 0 24 260
3 96 49 73 6 0 8 0.00 M M 3.4 18 230 M M 0 24 260
4 89 53 71 4 0 6 0.06 M M 6.0 22 210 M M 3 13 29 210
5 76 56 66 0 0 1 0.42 M M 4.5 26 50 M M 6 12 32 60
6 70 59 65 -1 0 0 0.00 M M 5.0 12 260 M M 10 1 14 270
7 67 58 63 -3 2 0 T M M 4.6 14 260 M M 9 1 18 260
8 65 53 59 -7 6 0 0.21 M M 5.2 12 320 M M 9 1 14 320
9 71 48 60 -6 5 0 0.00 M M 3.2 14 310 M M 3 12 20 280
10 80 41 61 -5 4 0 0.00 M M 3.6 14 270 M M 0 1 19 270
11 68 40 54 -11 11 0 0.00 M M 8.6 23 220 M M 6 30 240
12 66 38 52 -13 13 0 0.00 M M 5.5 24 300 M M 1 30 310
13 74 33 54 -11 11 0 0.00 M M 3.9 16 260 M M 0 22 260
14 79 35 57 -8 8 0 0.00 M M 3.0 14 250 M M 0 17 310
15 84 45 65 1 0 0 0.00 M M 11.2 24 60 M M 0 31 70
16 88 39 64 0 1 0 0.00 M M 4.5 16 290 M M 0 20 300
17 78 39 59 -5 6 0 0.00 M M 4.2 16 270 M M 1 12 21 260
18 59 39 49 -15 16 0 0.02 M M 5.8 16 260 M M 8 1 20 250
19 70 32 51 -13 14 0 0.00 M M 3.8 13 260 M M 1 12 17 270
20 75 34 55 -9 10 0 0.00 M M 3.3 13 270 M M 0 1 17 280
21 81 36 59 -4 6 0 0.00 M M 3.1 13 270 M M 0 12 20 300
22 74 38 56 -7 9 0 0.00 M M 4.7 16 300 M M 1 12 18 290
23 69 50 60 -3 5 0 T M M 3.3 14 250 M M 8 12 17 230
24 75 45 60 -3 5 0 0.00 M M 3.1 14 260 M M 2 1 18 270
25 63 49 56 -6 9 0 0.27 M M 5.8 25 300 M M 10 18 34 290
26 68 43 56 -6 9 0 0.00 M M 3.2 14 280 M M 4 12 17 300
27 84 39 62 0 3 0 0.00 M M 3.9 13 300 M M 0 1 17 290
28 91 49 70 8 0 5 0.00 M M 6.2 21 80 M M 0 25 80
29 87 45 66 4 0 1 0.00 M M 3.4 14 270 M M 0 19 280
30 78 42 60 -1 5 0 0.00 M M 3.9 14 290 M M 1 12 18 300
31 73 49 61 0 4 0 0.00 M M 4.1 13 270 M M 4 128 16 300
================================================================================
SM 2383 1365 162 29 0.98 M 142.3 M 87
================================================================================
AV 76.9 44.0 4.6 FASTST M M 3 MAX(MPH)
MISC ----> 26 50 34 290
================================================================================
NOTES:
# LAST OF SEVERAL OCCURRENCES
COLUMN 17 PEAK WIND IN M.P.H.
PRELIMINARY LOCAL CLIMATOLOGICAL DATA (WS FORM: F-6) , PAGE 2
STATION: RAMONA AIRPORT CA
MONTH: OCTOBER
YEAR: 2021
LATITUDE: 33 2 N
LONGITUDE: 116 55 W
[TEMPERATURE DATA] [PRECIPITATION DATA] SYMBOLS USED IN COLUMN 16
AVERAGE MONTHLY: 60.5 TOTAL FOR MONTH: 0.98 1 = FOG OR MIST
DPTR FM NORMAL: -3.7 DPTR FM NORMAL: 0.29 2 = FOG REDUCING VISIBILITY
HIGHEST: 96 ON 3 GRTST 24HR 0.48 ON 4- 5 TO 1/4 MILE OR LESS
LOWEST: 32 ON 19 3 = THUNDER
SNOW, ICE PELLETS, HAIL 4 = ICE PELLETS
TOTAL MONTH: M 5 = HAIL
GRTST 24HR M ON M 6 = FREEZING RAIN OR DRIZZLE
GRTST DEPTH: M ON M 7 = DUSTSTORM OR SANDSTORM:
VSBY 1/2 MILE OR LESS
8 = SMOKE OR HAZE
[NO. OF DAYS WITH] [WEATHER - DAYS WITH] 9 = BLOWING SNOW
X = TORNADO
MAX 32 OR BELOW: 0 0.01 INCH OR MORE: 5
MAX 90 OR ABOVE: 4 0.10 INCH OR MORE: 3
MIN 32 OR BELOW: 1 0.50 INCH OR MORE: 0
MIN 0 OR BELOW: 0 1.00 INCH OR MORE: 0
[HDD (BASE 65) ]
TOTAL THIS MO. 162 CLEAR (SCALE 0-3) 20
DPTR FM NORMAL 78 PTCLDY (SCALE 4-7) 6
TOTAL FM JUL 1 167 CLOUDY (SCALE 8-10) 5
DPTR FM NORMAL 71
[CDD (BASE 65) ]
TOTAL THIS MO. 29
DPTR FM NORMAL -32 [PRESSURE DATA]
TOTAL FM JAN 1 975 HIGHEST SLP 30.18 ON 27
DPTR FM NORMAL 26 LOWEST SLP 29.67 ON 11
[REMARKS]
#FINAL-10-21#