000
CXUS56 KSGX 011245
CF6RNM
PRELIMINARY LOCAL CLIMATOLOGICAL DATA (WS FORM: F-6)
STATION: RAMONA AIRPORT CA
MONTH: OCTOBER
YEAR: 2020
LATITUDE: 33 2 N
LONGITUDE: 116 55 W
TEMPERATURE IN F: :PCPN: SNOW: WIND :SUNSHINE: SKY :PK WND
================================================================================
1 2 3 4 5 6A 6B 7 8 9 10 11 12 13 14 15 16 17 18
12Z AVG MX 2MIN
DY MAX MIN AVG DEP HDD CDD WTR SNW DPTH SPD SPD DIR MIN PSBL S-S WX SPD DR
================================================================================
1 103 56 80 13 0 15 0.00 0.0 0 3.8 16 270 M M 0 25 280
2 102 53 78 12 0 13 0.00 0.0 0 3.5 14 280 M M 0 19 280
3 99 51 75 9 0 10 0.00 0.0 0 3.0 14 260 M M 0 8 18 270
4 97 51 74 8 0 9 0.00 0.0 0 3.4 14 260 M M 0 25 230
5 98 49 74 8 0 9 0.00 0.0 0 3.1 15 260 M M 0 8 19 270
6 92 50 71 5 0 6 0.00 0.0 0 2.7 10 300 M M 0 8 15 300
7 87 50 69 4 0 4 0.00 0.0 0 4.3 13 260 M M 1 1 19 260
8 78 47 63 -2 2 0 0.00 0.0 0 4.5 15 260 M M 4 128 19 270
9 78 47 63 -2 2 0 0.00 0.0 0 3.9 13 260 M M 6 18 20 310
10 78 53 66 1 0 1 0.00 0.0 0 4.2 15 260 M M 4 1 19 270
11 81 54 68 4 0 3 0.00 0.0 0 3.6 13 290 M M 4 16 290
12 98 46 72 8 0 7 0.00 0.0 0 4.5 16 300 M M 0 20 300
13 99 51 75 11 0 10 0.00 0.0 0 4.1 16 270 M M 0 21 260
14 95 50 73 9 0 8 0.00 0.0 0 3.7 13 300 M M 0 17 290
15 98 52 75 11 0 10 0.00 0.0 0 3.6 16 250 M M 0 22 310
16 99 48 74 11 0 9 0.00 0.0 0 3.8 15 270 M M 0 24 290
17 93 51 72 9 0 7 0.00 0.0 0 3.4 13 300 M M 0 19 260
18 91 47 69 6 0 4 0.00 0.0 0 2.4 13 280 M M 0 16 290
19 85 45 65 2 0 0 0.00 0.0 0 3.9 14 270 M M 0 12 17 290
20 83 46 65 2 0 0 0.00 0.0 0 3.8 14 270 M M 4 12 17 310
21 81 51 66 4 0 1 0.00 0.0 0 3.2 13 270 M M 6 12 15 260
22 75 57 66 4 0 1 0.00 0.0 0 3.7 15 300 M M 7 18 21 310
23 75 55 65 3 0 0 0.00 0.0 0 4.4 13 290 M M 6 17 270
24 72 59 66 4 0 1 0.00 0.0 0 3.9 13 270 M M 8 14 280
25 65 53 59 -3 6 0 0.03 0.0 0 6.6 17 250 M M 10 18 24 250
26 71 34 53 -8 12 0 0.00 0.0 0 5.5 28 50 M M 1 12 37 40
27 76 30 53 -8 12 0 0.00 0.0 0 5.3 18 260 M M 0 22 10
28 78 33 56 -5 9 0 0.00 0.0 M 3.2 13 280 M M 0 18 300
29 85 36 61 0 4 0 0.00 0.0 0 3.8 16 110 M M 0 24 120
30 86 39 63 3 2 0 0.00 0.0 0 2.7 13 290 M M 0 21 300
31 91 38 65 5 0 0 0.00 0.0 0 3.2 17 60 M M 0 26 90
================================================================================
SM 2689 1482 49 128 0.03 0.0 118.7 M 61
================================================================================
AV 86.7 47.8 3.8 FASTST M M 2 MAX(MPH)
MISC ----> # 28 50 # 37 40
================================================================================
NOTES:
# LAST OF SEVERAL OCCURRENCES
COLUMN 17 PEAK WIND IN M.P.H.
PRELIMINARY LOCAL CLIMATOLOGICAL DATA (WS FORM: F-6) , PAGE 2
STATION: RAMONA AIRPORT CA
MONTH: OCTOBER
YEAR: 2020
LATITUDE: 33 2 N
LONGITUDE: 116 55 W
[TEMPERATURE DATA] [PRECIPITATION DATA] SYMBOLS USED IN COLUMN 16
AVERAGE MONTHLY: 67.3 TOTAL FOR MONTH: 0.03 1 = FOG OR MIST
DPTR FM NORMAL: 3.9 DPTR FM NORMAL: -0.69 2 = FOG REDUCING VISIBILITY
HIGHEST: 103 ON 1 GRTST 24HR 0.03 ON 25-25 TO 1/4 MILE OR LESS
LOWEST: 30 ON 27 3 = THUNDER
SNOW, ICE PELLETS, HAIL 4 = ICE PELLETS
TOTAL MONTH: 0.0 INCH 5 = HAIL
GRTST 24HR 0.0 6 = FREEZING RAIN OR DRIZZLE
GRTST DEPTH: 0 7 = DUSTSTORM OR SANDSTORM:
VSBY 1/2 MILE OR LESS
8 = SMOKE OR HAZE
[NO. OF DAYS WITH] [WEATHER - DAYS WITH] 9 = BLOWING SNOW
X = TORNADO
MAX 32 OR BELOW: 0 0.01 INCH OR MORE: 1
MAX 90 OR ABOVE: 14 0.10 INCH OR MORE: 0
MIN 32 OR BELOW: 1 0.50 INCH OR MORE: 0
MIN 0 OR BELOW: 0 1.00 INCH OR MORE: 0
[HDD (BASE 65) ]
TOTAL THIS MO. 49 CLEAR (SCALE 0-3) 21
DPTR FM NORMAL -52 PTCLDY (SCALE 4-7) 8
TOTAL FM JUL 1 49 CLOUDY (SCALE 8-10) 2
DPTR FM NORMAL -70
[CDD (BASE 65) ]
TOTAL THIS MO. 128
DPTR FM NORMAL 77 [PRESSURE DATA]
TOTAL FM JAN 1 1121 HIGHEST SLP 30.10 ON 28
DPTR FM NORMAL 277 LOWEST SLP 29.77 ON 21
[REMARKS]
#FINAL-10-20#