000
CXUS55 KABQ 011110
CF6ROW
PRELIMINARY LOCAL CLIMATOLOGICAL DATA (WS FORM: F-6)
STATION: ROSWELL NM
MONTH: NOVEMBER
YEAR: 2021
LATITUDE: 33 17 N
LONGITUDE: 104 32 W
TEMPERATURE IN F: :PCPN: SNOW: WIND :SUNSHINE: SKY :PK WND
================================================================================
1 2 3 4 5 6A 6B 7 8 9 10 11 12 13 14 15 16 17 18
12Z AVG MX 2MIN
DY MAX MIN AVG DEP HDD CDD WTR SNW DPTH SPD SPD DIR MIN PSBL S-S WX SPD DR
================================================================================
1 69 42 56 -1 9 0 0.00 0.0 0 2.9 10 150 M M 0 8 13 140
2 58 45 52 -4 13 0 T 0.0 0 5.7 14 40 M M 6 18 18 20
3 56 40 48 -8 17 0 0.00 0.0 0 5.9 13 30 M M 8 8 17 360
4 66 36 51 -5 14 0 0.00 0.0 0 6.9 18 170 M M 3 128 25 160
5 79 31 55 0 10 0 0.00 0.0 0 6.2 15 170 M M 1 128 21 190
6 80 40 60 5 5 0 0.00 0.0 0 4.6 14 170 M M 0 20 180
7 83 38 61 7 4 0 0.00 0.0 0 5.1 13 130 M M 0 17 130
8 79 43 61 7 4 0 0.00 0.0 0 3.5 10 170 M M 0 11 170
9 80 44 62 9 3 0 0.00 0.0 0 5.4 12 170 M M 0 14 10
10 78 43 61 8 4 0 0.00 0.0 0 12.0 30 340 M M 0 41 340
11 70 46 58 5 7 0 0.00 0.0 0 8.6 14 350 M M 0 24 320
12 63 37 50 -2 15 0 0.00 0.0 0 7.7 28 20 M M 0 35 20
13 76 32 54 2 11 0 0.00 0.0 0 4.7 12 230 M M 0 19 250
14 76 40 58 6 7 0 0.00 0.0 0 5.0 18 10 M M 0 23 10
15 86 36 61 10 4 0 0.00 0.0 0 4.1 12 260 M M 0 17 170
16 84 38 61 10 4 0 0.00 0.0 0 5.7 15 150 M M 0 20 170
17 66 38 52 2 13 0 0.00 0.0 0 10.1 24 40 M M 0 30 40
18 53 27 40 -10 25 0 0.00 0.0 0 7.6 15 170 M M 0 22 180
19 66 28 47 -3 18 0 0.00 0.0 0 4.0 12 170 M M 0 16 170
20 76 34 55 6 10 0 0.00 0.0 0 4.0 15 230 M M 0 18 120
21 60 38 49 0 16 0 0.00 0.0 0 9.9 22 10 M M 0 29 360
22 67 25 46 -2 19 0 0.00 0.0 0 4.5 14 180 M M 0 22 160
23 70 32 51 3 14 0 0.00 0.0 0 4.6 13 170 M M 0 16 170
24 73 49 61 13 4 0 0.00 0.0 0 7.5 18 20 M M 2 26 40
25 55 37 46 -1 19 0 0.00 0.0 0 8.1 21 360 M M 5 27 10
26 64 29 47 0 18 0 0.00 0.0 0 5.5 14 170 M M 0 20 160
27 64 43 54 7 11 0 0.00 0.0 0 5.9 14 10 M M 0 19 30
28 65 34 50 4 15 0 0.00 0.0 0 6.7 17 180 M M 0 26 180
29 74 32 53 7 12 0 0.00 0.0 0 5.6 12 160 M M 0 8 17 140
30 77 32 55 9 10 0 0.00 0.0 0 5.6 21 10 M M 0 26 10
================================================================================
SM 2113 1109 335 0 T 0.0 183.6 M 25
================================================================================
AV 70.4 37.0 6.1 FASTST M M 1 MAX(MPH)
MISC ----> 30 340 41 340
================================================================================
NOTES:
# LAST OF SEVERAL OCCURRENCES
COLUMN 17 PEAK WIND IN M.P.H.
PRELIMINARY LOCAL CLIMATOLOGICAL DATA (WS FORM: F-6) , PAGE 2
STATION: ROSWELL NM
MONTH: NOVEMBER
YEAR: 2021
LATITUDE: 33 17 N
LONGITUDE: 104 32 W
[TEMPERATURE DATA] [PRECIPITATION DATA] SYMBOLS USED IN COLUMN 16
AVERAGE MONTHLY: 53.7 TOTAL FOR MONTH: T 1 = FOG OR MIST
DPTR FM NORMAL: 2.7 DPTR FM NORMAL: -0.45 2 = FOG REDUCING VISIBILITY
HIGHEST: 86 ON 15 GRTST 24HR T ON 2- 2 TO 1/4 MILE OR LESS
LOWEST: 25 ON 22 3 = THUNDER
SNOW, ICE PELLETS, HAIL 4 = ICE PELLETS
TOTAL MONTH: 0.0 INCH 5 = HAIL
GRTST 24HR 0.0 6 = FREEZING RAIN OR DRIZZLE
GRTST DEPTH: 0 7 = DUSTSTORM OR SANDSTORM:
VSBY 1/2 MILE OR LESS
8 = SMOKE OR HAZE
[NO. OF DAYS WITH] [WEATHER - DAYS WITH] 9 = BLOWING SNOW
X = TORNADO
MAX 32 OR BELOW: 0 0.01 INCH OR MORE: 0
MAX 90 OR ABOVE: 0 0.10 INCH OR MORE: 0
MIN 32 OR BELOW: 9 0.50 INCH OR MORE: 0
MIN 0 OR BELOW: 0 1.00 INCH OR MORE: 0
[HDD (BASE 65) ]
TOTAL THIS MO. 335 CLEAR (SCALE 0-3) 27
DPTR FM NORMAL -87 PTCLDY (SCALE 4-7) 2
TOTAL FM JUL 1 399 CLOUDY (SCALE 8-10) 1
DPTR FM NORMAL -155
[CDD (BASE 65) ]
TOTAL THIS MO. 0
DPTR FM NORMAL -2 [PRESSURE DATA]
TOTAL FM JAN 1 2172 HIGHEST SLP 30.55 ON 18
DPTR FM NORMAL -64 LOWEST SLP 29.68 ON 16
[REMARKS]
#FINAL-11-21#