000
CXUS56 KFGZ 010910
CF6RQE
PRELIMINARY LOCAL CLIMATOLOGICAL DATA (WS FORM: F-6)
STATION: WINDOW ROCK AZ AIRPORT
MONTH: OCTOBER
YEAR: 2021
LATITUDE: 35 39 N
LONGITUDE: 109 4 W
TEMPERATURE IN F: :PCPN: SNOW: WIND :SUNSHINE: SKY :PK WND
================================================================================
1 2 3 4 5 6A 6B 7 8 9 10 11 12 13 14 15 16 17 18
12Z AVG MX 2MIN
DY MAX MIN AVG DEP HDD CDD WTR SNW DPTH SPD SPD DIR MIN PSBL S-S WX SPD DR
================================================================================
1 59 42 51 -4 14 0 0.32 M M 2.0 8 260 M M 8 128 10 270
2 67 36 52 -3 13 0 0.00 M M 2.3 9 60 M M 3 128 12 180
3 72 39 56 2 9 0 0.00 M M 2.1 14 200 M M 1 1 17 200
4 76 38 57 3 8 0 0.00 M M 2.4 14 190 M M 1 17 180
5 69 43 56 3 9 0 0.41 M M 3.8 24 250 M M 5 33 250
6 68 45 57 4 8 0 0.05 M M 3.5 15 240 M M 4 128 21 240
7 71 41 56 4 9 0 0.00 M M 4.7 17 230 M M 0 23 200
8 73 46 60 8 5 0 0.00 M M 7.3 20 210 M M 1 28 210
9 66 42 54 2 11 0 0.00 M M 8.5 25 240 M M 4 36 220
10 61 34 48 -3 17 0 0.00 M M 7.9 18 310 M M 0 23 300
11 66 27 47 -4 18 0 0.00 M M 9.4 30 230 M M 0 39 200
12 51 34 43 -7 22 0 0.03 M M 17.9 36 210 M M 9 50 200
13 55 24 40 -10 25 0 0.00 M M 2.9 14 270 M M 0 18 300
14 57 28 43 -7 22 0 0.00 M M 6.2 21 290 M M 1 30 300
15 55 30 43 -6 22 0 0.00 M M 6.1 13 60 M M 0 18 60
16 66 20 43 -6 22 0 0.00 M M 3.2 12 80 M M 0 17 80
17 72 26 49 0 16 0 0.00 M M 4.5 18 230 M M 0 8 24 180
18 66 33 50 2 15 0 T M M 13.1 30 210 M M 0 8 42 200
19 60 30 45 -3 20 0 0.00 M M 6.8 22 230 M M 2 29 240
20 68 22 45 -3 20 0 0.00 M M 2.8 10 80 M M 0 14 90
21 69 24 47 0 18 0 0.00 M M 2.5 13 240 M M 0 16 250
22 71 25 48 1 17 0 0.00 M M 3.7 20 240 M M 0 26 210
23 64 33 49 2 16 0 T M M 8.2 25 240 M M 0 33 220
24 66 34 50 4 15 0 0.00 M M 4.9 20 240 M M 0 8 26 230
25 74 30 52 6 13 0 0.00 M M 8.3 24 230 M M 0 32 220
26 57 29 43 -3 22 0 0.12 M M 16.7 30 240 M M 5 42 250
27 55 24 40 -5 25 0 0.00 M M 6.7 21 360 M M 0 27 360
28 68 26 47 2 18 0 0.00 M M 4.2 15 360 M M 0 19 360
29 72 24 48 3 17 0 0.00 M M 1.5 10 260 M M 0 14 250
30 72 25 49 5 16 0 0.00 M M 2.6 15 300 M M 0 19 270
31 66 29 48 4 17 0 0.00 M M 5.2 23 230 M M 0 29 240
================================================================================
SM 2032 983 499 0 0.93 M 181.9 M 44
================================================================================
AV 65.5 31.7 5.9 FASTST M M 1 MAX(MPH)
MISC ----> 36 210 50 200
================================================================================
NOTES:
# LAST OF SEVERAL OCCURRENCES
COLUMN 17 PEAK WIND IN M.P.H.
PRELIMINARY LOCAL CLIMATOLOGICAL DATA (WS FORM: F-6) , PAGE 2
STATION: WINDOW ROCK AZ AIRPORT
MONTH: OCTOBER
YEAR: 2021
LATITUDE: 35 39 N
LONGITUDE: 109 4 W
[TEMPERATURE DATA] [PRECIPITATION DATA] SYMBOLS USED IN COLUMN 16
AVERAGE MONTHLY: 48.6 TOTAL FOR MONTH: 0.93 1 = FOG OR MIST
DPTR FM NORMAL: -0.6 DPTR FM NORMAL: 0.01 2 = FOG REDUCING VISIBILITY
HIGHEST: 76 ON 4 GRTST 24HR 0.63 ON 30- 1 TO 1/4 MILE OR LESS
LOWEST: 20 ON 16 3 = THUNDER
SNOW, ICE PELLETS, HAIL 4 = ICE PELLETS
TOTAL MONTH: M 5 = HAIL
GRTST 24HR M ON M 6 = FREEZING RAIN OR DRIZZLE
GRTST DEPTH: M ON M 7 = DUSTSTORM OR SANDSTORM:
VSBY 1/2 MILE OR LESS
8 = SMOKE OR HAZE
[NO. OF DAYS WITH] [WEATHER - DAYS WITH] 9 = BLOWING SNOW
X = TORNADO
MAX 32 OR BELOW: 0 0.01 INCH OR MORE: 5
MAX 90 OR ABOVE: 0 0.10 INCH OR MORE: 3
MIN 32 OR BELOW: 17 0.50 INCH OR MORE: 0
MIN 0 OR BELOW: 0 1.00 INCH OR MORE: 0
[HDD (BASE 65) ]
TOTAL THIS MO. 499 CLEAR (SCALE 0-3) 25
DPTR FM NORMAL 9 PTCLDY (SCALE 4-7) 5
TOTAL FM JUL 1 584 CLOUDY (SCALE 8-10) 1
DPTR FM NORMAL -58
[CDD (BASE 65) ]
TOTAL THIS MO. 0
DPTR FM NORMAL 0 [PRESSURE DATA]
TOTAL FM JAN 1 599 HIGHEST SLP M ON M
DPTR FM NORMAL 186 LOWEST SLP 29.30 ON 12
[REMARKS]
#FINAL-10-21#