000
CXUS56 KFGZ 010910
CF6RQE
PRELIMINARY LOCAL CLIMATOLOGICAL DATA (WS FORM: F-6)
STATION: WINDOW ROCK AZ AIRPORT
MONTH: DECEMBER
YEAR: 2023
LATITUDE: 35 39 N
LONGITUDE: 109 4 W
TEMPERATURE IN F: :PCPN: SNOW: WIND :SUNSHINE: SKY :PK WND
================================================================================
1 2 3 4 5 6A 6B 7 8 9 10 11 12 13 14 15 16 17 18
12Z AVG MX 2MIN
DY MAX MIN AVG DEP HDD CDD WTR SNW DPTH SPD SPD DIR MIN PSBL S-S WX SPD DR
================================================================================
1 36 24 30 -3 35 0 0.11 M M 7.1 18 260 M M 8 1 26 260
2 37 12 25 -8 40 0 0.00 M M 5.4 14 260 M M 1 20 250
3 46 22 34 2 31 0 0.00 M M 4.9 16 290 M M 0 25 310
4 52 21 37 5 28 0 0.00 M M 1.8 9 90 M M 0 12 90
5 53 18 36 4 29 0 0.00 M M 2.5 9 100 M M 0 12 100
6 58 18 38 7 27 0 0.00 M M 1.2 9 150 M M 0 13 190
7 54 23 39 8 26 0 0.00 M M 4.1 17 240 M M 0 24 240
8 44 22 33 2 32 0 0.00 M M 9.3 24 270 M M 0 36 260
9 37 11 24 -7 41 0 0.00 M M 4.0 14 90 M M 0 22 40
10 51 7 29 -1 36 0 0.00 M M 1.2 12 260 M M 0 16 260
11 52 13 33 3 32 0 0.00 M M 1.6 12 110 M M 0 14 100
12 50 24 37 7 28 0 0.00 M M 0.9 9 100 M M 2 12 100
13 50 21 36 6 29 0 0.02 M M 3.4 20 170 M M 6 3 31 160
14 43 20 32 2 33 0 T M M 4.4 16 360 M M 5 21 10
15 52 15 34 5 31 0 0.00 M M 1.8 9 110 M M 0 14 120
16 56 13 35 6 30 0 0.00 M M 1.4 10 110 M M 0 14 120
17 60 13 37 8 28 0 0.00 M M 1.5 12 100 M M 0 15 100
18 56 16 36 7 29 0 0.00 M M 0.7 7 190 M M 1 10 180
19 54 26 40 11 25 0 0.00 M M 1.5 16 240 M M 8 20 250
20 43 23 33 4 32 0 0.04 M M 1.7 12 210 M M 8 12 17 200
21 52 27 40 12 25 0 0.00 M M 2.8 10 80 M M 5 12 17 70
22 44 22 33 5 32 0 0.17 M M 2.0 10 80 M M 6 1 13 80
23 40 30 35 7 30 0 0.08 M M 4.8 15 250 M M 9 12 21 300
24 37 19 28 0 37 0 0.00 M M 6.7 14 300 M M 0 20 270
25 39 9 24 -4 41 0 0.00 M M 3.8 16 270 M M 0 21 320
26 39 5 22 -6 43 0 0.00 M M 5.4 22 330 M M 0 29 340
27 48 8 28 0 37 0 0.00 M M 3.1 14 340 M M 0 19 330
28 47 12 30 2 35 0 0.00 M M 2.0 9 90 M M 0 16 90
29 50 6 28 0 37 0 0.00 M M 1.6 10 110 M M 0 18 14 110
30 52 9 31 3 34 0 0.00 M M 1.7 10 100 M M 1 13 100
31 46 10 28 0 37 0 0.00 M M 3.0 13 220 M M 0 19 230
================================================================================
SM 1478 519 1010 0 0.42 M 97.3 M 60
================================================================================
AV 47.7 16.7 3.1 FASTST M M 2 MAX(MPH)
MISC ----> 24 270 36 260
================================================================================
NOTES:
# LAST OF SEVERAL OCCURRENCES
COLUMN 17 PEAK WIND IN M.P.H.
PRELIMINARY LOCAL CLIMATOLOGICAL DATA (WS FORM: F-6) , PAGE 2
STATION: WINDOW ROCK AZ AIRPORT
MONTH: DECEMBER
YEAR: 2023
LATITUDE: 35 39 N
LONGITUDE: 109 4 W
[TEMPERATURE DATA] [PRECIPITATION DATA] SYMBOLS USED IN COLUMN 16
AVERAGE MONTHLY: 32.2 TOTAL FOR MONTH: 0.42 1 = FOG OR MIST
DPTR FM NORMAL: 2.5 DPTR FM NORMAL: -0.41 2 = FOG REDUCING VISIBILITY
HIGHEST: 60 ON 17 GRTST 24HR 0.25 ON 22-23 TO 1/4 MILE OR LESS
LOWEST: 5 ON 26 3 = THUNDER
SNOW, ICE PELLETS, HAIL 4 = ICE PELLETS
TOTAL MONTH: M 5 = HAIL
GRTST 24HR M ON M 6 = FREEZING RAIN OR DRIZZLE
GRTST DEPTH: M ON M 7 = DUSTSTORM OR SANDSTORM:
VSBY 1/2 MILE OR LESS
8 = SMOKE OR HAZE
[NO. OF DAYS WITH] [WEATHER - DAYS WITH] 9 = BLOWING SNOW
X = TORNADO
MAX 32 OR BELOW: 0 0.01 INCH OR MORE: 5
MAX 90 OR ABOVE: 0 0.10 INCH OR MORE: 2
MIN 32 OR BELOW: 31 0.50 INCH OR MORE: 0
MIN 0 OR BELOW: 0 1.00 INCH OR MORE: 0
[HDD (BASE 65) ]
TOTAL THIS MO. 1010 CLEAR (SCALE 0-3) 23
DPTR FM NORMAL -84 PTCLDY (SCALE 4-7) 6
TOTAL FM JUL 1 2400 CLOUDY (SCALE 8-10) 2
DPTR FM NORMAL -134
[CDD (BASE 65) ]
TOTAL THIS MO. 0
DPTR FM NORMAL 0 [PRESSURE DATA]
TOTAL FM JAN 1 387 HIGHEST SLP M ON M
DPTR FM NORMAL -26 LOWEST SLP 29.77 ON 8
[REMARKS]
#FINAL-12-23#