391
CXUS53 KGRB 201215
CF6RRL
PRELIMINARY LOCAL CLIMATOLOGICAL DATA (WS FORM: F-6)
STATION: MERRILL MUNICIPAL AI
MONTH: JULY
YEAR: 2019
LATITUDE: 45 10 N
LONGITUDE: 89 42 W
TEMPERATURE IN F: :PCPN: SNOW: WIND :SUNSHINE: SKY :PK WND
================================================================================
1 2 3 4 5 6A 6B 7 8 9 10 11 12 13 14 15 16 17 18
12Z AVG MX 2MIN
DY MAX MIN AVG DEP HDD CDD WTR SNW DPTH SPD SPD DIR MIN PSBL S-S WX SPD DR
================================================================================
1 81 58 70 M 0 5 0.00 0.0 0 3.8 12 290 M M 6 1 16 290
2 82 60 71 M 0 6 0.00 0.0 0 1.4 8 360 M M 6 1 M M
3 86 53 70 M 0 5 0.00 0.0 0 2.2 7 170 M M 1 12 17 190
4 86 62 74 M 0 9 0.00 0.0 0 4.1 12 290 M M 4 M M
5 85 65 75 M 0 10 0.00 0.0 0 3.5 8 30 M M 7 1 M M
6 80 58 69 M 0 4 0.00 0.0 0 3.0 9 20 M M 7 M M
7 79 50 65 M 0 0 0.00 0.0 0 1.9 7 100 M M 4 M M
8 82 49 66 M 0 1 0.00 0.0 0 2.3 8 200 M M 1 8 M M
9 83 56 70 M 0 5 0.00 0.0 0 5.7 10 140 M M 3 18 16 140
10 83 63 73 M 0 8 0.00 0.0 0 10.0 22 260 M M 6 31 250
11 78 51 65 M 0 0 0.00 0.0 0 5.8 14 10 M M 0 22 10
12 85 45 65 M 0 0 0.23 M 0 5.6 18 240 M M 2 1 23 240
13 80 53 67 M 0 2 0.00 0.0 0 4.0 12 330 M M 1 1 21 330
14 85 49 67 M 0 2 0.02 M 0 3.7 8 210 M M 2 M M
15 87 66 77 M 0 12 1.11 0.0 0 6.1 15 240 M M 7 20 220
16 84 63 74 M 0 9 0.03 0.0 0 3.1 7 290 M M 4 1 M M
17 82 60 71 M 0 6 0.00 0.0 0 6.0 13 140 M M 4 20 140
18 82 67 75 M 0 10 0.34 0.0 0 6.4 14 250 M M 6 1 21 250
19 90 65 78 M 0 13 0.03 0.0 0 2.8 10 160 M M 2 12 17 160
================================================================================
SM 1580 1093 0 107 1.76 0.0 81.4 M 73
================================================================================
AV 83.2 57.5 4.3 FASTST M M 4 MAX(MPH)
MISC ----> # 22 260 # 31 250
================================================================================
NOTES:
# LAST OF SEVERAL OCCURRENCES
COLUMN 17 PEAK WIND IN M.P.H.
PRELIMINARY LOCAL CLIMATOLOGICAL DATA (WS FORM: F-6) , PAGE 2
STATION: MERRILL MUNICIPAL AI
MONTH: JULY
YEAR: 2019
LATITUDE: 45 10 N
LONGITUDE: 89 42 W
[TEMPERATURE DATA] [PRECIPITATION DATA] SYMBOLS USED IN COLUMN 16
AVERAGE MONTHLY: 70.3 TOTAL FOR MONTH: 1.76 1 = FOG OR MIST
DPTR FM NORMAL: M DPTR FM NORMAL: M 2 = FOG REDUCING VISIBILITY
HIGHEST: 90 ON 19 GRTST 24HR 1.11 ON 15-15 TO 1/4 MILE OR LESS
LOWEST: 45 ON 12 3 = THUNDER
SNOW, ICE PELLETS, HAIL 4 = ICE PELLETS
TOTAL MONTH: 0.0 INCH 5 = HAIL
GRTST 24HR 0.0 6 = FREEZING RAIN OR DRIZZLE
GRTST DEPTH: 0 7 = DUSTSTORM OR SANDSTORM:
VSBY 1/2 MILE OR LESS
8 = SMOKE OR HAZE
[NO. OF DAYS WITH] [WEATHER - DAYS WITH] 9 = BLOWING SNOW
X = TORNADO
MAX 32 OR BELOW: 0 0.01 INCH OR MORE: 6
MAX 90 OR ABOVE: 1 0.10 INCH OR MORE: 3
MIN 32 OR BELOW: 0 0.50 INCH OR MORE: 1
MIN 0 OR BELOW: 0 1.00 INCH OR MORE: 1
[HDD (BASE 65) ]
TOTAL THIS MO. 0 CLEAR (SCALE 0-3) 8
DPTR FM NORMAL M PTCLDY (SCALE 4-7) 11
TOTAL FM JUL 1 0 CLOUDY (SCALE 8-10) 0
DPTR FM NORMAL M
[CDD (BASE 65) ]
TOTAL THIS MO. 107
DPTR FM NORMAL M [PRESSURE DATA]
TOTAL FM JAN 1 140 HIGHEST SLP M ON M
DPTR FM NORMAL 140 LOWEST SLP M ON M
[REMARKS]